	
    {"id":29668,"date":"2021-12-21T09:54:53","date_gmt":"2021-12-21T08:54:53","guid":{"rendered":"https:\/\/colosseo.it\/?post_type=pubblicazioni&#038;p=29668"},"modified":"2022-01-21T22:30:46","modified_gmt":"2022-01-21T21:30:46","slug":"giacomo-boni-alba-della-modernita","status":"publish","type":"pubblicazioni","link":"https:\/\/colosseo.it\/en\/pubblicazioni\/giacomo-boni-alba-della-modernita\/","title":{"rendered":"Giacomo Boni. L&#8217;alba della modernit\u00e0"},"content":{"rendered":"<p style=\"text-align: justify;\">Il volume accompagna l&#8217;omonima mostra (Roma, Parco archeologico del Colosseo, 14 dicembre 2021 \u2013 30 aprile 2022) dedicata alla figura di Giacomo Boni (1859-1925), uno dei pi\u00f9 importanti archeologi italiani vissuto a cavallo tra XIX e XX secolo. Numerosi saggi delineano la poliedrica e moderna personalit\u00e0 di Boni, facendo il punto sulla ricezione e l\u2019eredit\u00e0 della sua figura e ripercorrendo anche il contesto politico, culturale e artistico nel quale \u00e8 cresciuto e si \u00e8 affermato. Autodidatta, con una formazione di disegnatore e attivo in cantieri veneziani, Giacomo Boni col tempo diviene archeologo e architetto sviluppando metodi innovativi di scavo \u2013 a cominciare da quello stratigrafico -, di restauro e di valorizzazione.<\/p>\n<p style=\"text-align: justify;\">Tra le sue scoperte, condotte ricorrendo a un linguaggio nuovo, non accademico, e alla fotografia, si ricordano in particolare il Tempio di Vesta, il complesso della fonte sacra di Giuturna e la chiesa medievale di Santa Maria Antiqua, con il ciclo pittorico bizantino. Per il Palatino, Boni approfondisce i temi della flora, di cui resta traccia nell\u2019ordinamento del giardino degli Horti farnesiani e in quel roseto che porta ancora il suo nome e dove \u00e8 sepolto.<\/p>\n<div id=\"rmjs-1\" class=\"read-more js-read-more\" data-readmore=\"\" aria-expanded=\"true\">\n<p style=\"text-align: justify;\">Il progetto museografico realizzato da Boni in quegli anni per il Foro Romano e il Palatino, come evidenziano sia la mostra che il catalogo, \u00e8 il risultato di una molteplicit\u00e0 di interessi e incontri e si presenta straordinariamente attuale e innovativo: forse il primo esperimento di parco archeologico in cui natura, resti antichi, ricostruzioni filologiche, rievocazioni e divulgazione tendono a fondersi in armonia.<\/p>\n<\/div>\n<p>&nbsp;<\/p>\n","protected":false},"excerpt":{"rendered":"<p>Il volume accompagna l&#8217;omonima mostra (Roma, Parco archeologico del Colosseo, 14 dicembre 2021 \u2013 30 aprile 2022) dedicata alla figura di Giacomo Boni (1859-1925), uno dei pi\u00f9 importanti archeologi italiani vissuto a cavallo tra XIX e XX secolo. Numerosi saggi delineano la poliedrica e moderna personalit\u00e0 di Boni, facendo il punto sulla ricezione e l\u2019eredit\u00e0<a class=\"excerpt-read-more\" href=\"https:\/\/colosseo.it\/en\/pubblicazioni\/giacomo-boni-alba-della-modernita\/\" title=\"ReadGiacomo Boni. L&#8217;alba della modernit\u00e0\">&#8230; Read more &raquo;<\/a><\/p>\n","protected":false},"featured_media":29669,"template":"","casa_editrice":[226],"anno_pubblicazione":[233],"luogo_pubblicazione":[231],"categoria_pubblicazioni":[235],"acf":[],"_links":{"self":[{"href":"https:\/\/colosseo.it\/en\/wp-json\/wp\/v2\/pubblicazioni\/29668"}],"collection":[{"href":"https:\/\/colosseo.it\/en\/wp-json\/wp\/v2\/pubblicazioni"}],"about":[{"href":"https:\/\/colosseo.it\/en\/wp-json\/wp\/v2\/types\/pubblicazioni"}],"wp:featuredmedia":[{"embeddable":true,"href":"https:\/\/colosseo.it\/en\/wp-json\/wp\/v2\/media\/29669"}],"wp:attachment":[{"href":"https:\/\/colosseo.it\/en\/wp-json\/wp\/v2\/media?parent=29668"}],"wp:term":[{"taxonomy":"casa_editrice","embeddable":true,"href":"https:\/\/colosseo.it\/en\/wp-json\/wp\/v2\/casa_editrice?post=29668"},{"taxonomy":"anno_pubblicazione","embeddable":true,"href":"https:\/\/colosseo.it\/en\/wp-json\/wp\/v2\/anno_pubblicazione?post=29668"},{"taxonomy":"luogo_pubblicazione","embeddable":true,"href":"https:\/\/colosseo.it\/en\/wp-json\/wp\/v2\/luogo_pubblicazione?post=29668"},{"taxonomy":"categoria_pubblicazioni","embeddable":true,"href":"https:\/\/colosseo.it\/en\/wp-json\/wp\/v2\/categoria_pubblicazioni?post=29668"}],"curies":[{"name":"wp","href":"https:\/\/api.w.org\/{rel}","templated":true}]}}

Giacomo Boni. L&#8217;alba della modernità

<p style="text-align: justify;">Il volume accompagna l&#8217;omonima mostra (Roma, Parco archeologico del Colosseo, 14 dicembre 2021 – 30 aprile 2022) dedicata alla figura di Giacomo Boni (1859-1925), uno dei più importanti archeologi italiani vissuto a cavallo tra XIX e XX secolo. Numerosi saggi delineano la poliedrica e moderna personalità di Boni, facendo il punto sulla ricezione e l’eredità della sua figura e ripercorrendo anche il contesto politico, culturale e artistico nel quale è cresciuto e si è affermato. Autodidatta, con una formazione di disegnatore e attivo in cantieri veneziani, Giacomo Boni col tempo diviene archeologo e architetto sviluppando metodi innovativi di scavo – a cominciare da quello stratigrafico -, di restauro e di valorizzazione.</p>
<p style="text-align: justify;">Tra le sue scoperte, condotte ricorrendo a un linguaggio nuovo, non accademico, e alla fotografia, si ricordano in particolare il Tempio di Vesta, il complesso della fonte sacra di Giuturna e la chiesa medievale di Santa Maria Antiqua, con il ciclo pittorico bizantino. Per il Palatino, Boni approfondisce i temi della flora, di cui resta traccia nell’ordinamento del giardino degli Horti farnesiani e in quel roseto che porta ancora il suo nome e dove è sepolto.</p>
<div id="rmjs-1" class="read-more js-read-more" data-readmore="" aria-expanded="true">
<p style="text-align: justify;">Il progetto museografico realizzato da Boni in quegli anni per il Foro Romano e il Palatino, come evidenziano sia la mostra che il catalogo, è il risultato di una molteplicità di interessi e incontri e si presenta straordinariamente attuale e innovativo: forse il primo esperimento di parco archeologico in cui natura, resti antichi, ricostruzioni filologiche, rievocazioni e divulgazione tendono a fondersi in armonia.</p>
</div>
<p>&nbsp;</p>

<p>Il volume accompagna l&#8217;omonima mostra (Roma, Parco archeologico del Colosseo, 14 dicembre 2021 – 30 aprile 2022) dedicata alla figura di Giacomo Boni (1859-1925), uno dei più importanti archeologi italiani vissuto a cavallo tra XIX e XX secolo. Numerosi saggi delineano la poliedrica e moderna personalità di Boni, facendo il punto sulla ricezione e l’eredità<a class="excerpt-read-more" href="https://colosseo.it/en/pubblicazioni/giacomo-boni-alba-della-modernita/" title="ReadGiacomo Boni. L&#8217;alba della modernità">&#8230; Read more &raquo;</a></p>
