	
    {"id":47633,"date":"2024-09-16T12:27:49","date_gmt":"2024-09-16T10:27:49","guid":{"rendered":"https:\/\/colosseo.it\/?post_type=biglietti&#038;p=47633"},"modified":"2026-03-29T10:26:00","modified_gmt":"2026-03-29T08:26:00","slug":"full-experience-arena","status":"publish","type":"biglietti","link":"https:\/\/colosseo.it\/es\/entradas\/full-experience-arena\/","title":{"rendered":"Full Experience Arena"},"content":{"rendered":"<p><strong>Entrada Full Experience Arena<\/strong><\/p>\n<p><span style=\"color: #ff0000;\"><strong>EL PER\u00cdODO DE PERMANENCIA EN EL COLISEO ES DE 90 MINUTOS, tal y como se establece en el Reglamento de Visitantes del Parque Arqueol\u00f3gico del Coliseo (art. 1, p\u00e1rrafo 4)<\/strong><\/span><\/p>\n<p><strong>El billete es v\u00e1lido para 2 d\u00edas consecutivos.<\/strong><\/p>\n<p><strong>\u00daltima hora de acceso 18.00 horas<\/strong><\/p>\n<p><strong>Entrada<\/strong>: desde el Coliseo o desde la zona del Foro Romano-Palatino<br \/>\n<strong>Puede reservar la hora de entrada al Coliseo y decidir si desea visitar antes o despu\u00e9s el Foro Romano, el Palatino y los Foros Imperiales<\/strong><\/p>\n<p>Se pueden comprar en l\u00ednea a partir de <strong>7\u00a0D\u00cdAS<\/strong> antes de la fecha de la visita.<\/p>\n<p>V\u00e1lido 2 D\u00cdAS consecutivos para <strong>una SOLA entrada<\/strong> al Coliseo <strong>a la hora reservada<\/strong> y\/o el d\u00eda anterior o posterior para <strong>una<\/strong> <strong>una SOLA entrada<\/strong> a la zona del Foro Romano, Palatino, Foros Imperiales, Sitios SUPER<\/p>\n<p>Para los gu\u00edas tur\u00edsticos acreditados con Pass, es necesario reservar la entrada en l\u00ednea.<\/p>\n<h3>INCLUYE<\/h3>\n<ul>\n<li><strong>Arena del Coliseo\u00a0<\/strong><\/li>\n<li><strong>Museo del Coliseo <\/strong><\/li>\n<li><strong>Foro Romano<\/strong><\/li>\n<li><strong>Museo del Foro Romano<\/strong><\/li>\n<li><strong>Templo de R\u00f3mulo\u00a0<\/strong><\/li>\n<li><strong>Domus Tiberiana (salas de exposici\u00f3n)<\/strong><\/li>\n<li><strong>Santa Mar\u00eda Antigua<\/strong><\/li>\n<li><strong>Curia Iulia<\/strong><\/li>\n<li><strong>Palatino<\/strong><\/li>\n<li><strong>Museo Palatino (s\u00f3lo planta baja)<\/strong><\/li>\n<li><strong>Aula Is\u00edaca y Logia Mattei<\/strong><\/li>\n<li><strong>Casa de Augusto (lunes cerrado)<br \/>\n<\/strong><\/li>\n<li><strong>Casa de Livia (martes cerrado)<\/strong><\/li>\n<li><strong>Horrea Piperataria<\/strong><\/li>\n<li><strong>Foros Imperiales<\/strong><\/li>\n<li><strong>exposiciones actuales<\/strong><\/li>\n<\/ul>\n<p><em>* seg\u00fan la disponibilidad de aforo<\/em><\/p>\n<p>&nbsp;<\/p>\n<div>\n<h3>ENTRADAS AL FORO ROMANO Y AL PALATINO<\/h3>\n<ul>\n<li>largo della Salara vecchia<\/li>\n<li>v\u00eda Sacra, cerca del Arco de Tito<\/li>\n<li>v\u00eda de San Gregorio<\/li>\n<li>via del Tulliano<\/li>\n<li>via del Foro Romano<\/li>\n<li>Plaza de la Virgen de Loreto \/ Columna Trajana<\/li>\n<\/ul>\n<\/div>\n<div><\/div>\n<p><a href=\"https:\/\/colosseo.it\/sito\/wp-content\/uploads\/2023\/03\/SITI_SUPER_orari_ita-scaled.jpg\"><img decoding=\"async\" loading=\"lazy\" class=\"aligncenter size-large wp-image-54850\" src=\"https:\/\/colosseo.it\/sito\/wp-content\/uploads\/2023\/03\/SITI_SUPER_orari_ita-724x1024.jpg\" alt=\"\" width=\"724\" height=\"1024\" srcset=\"https:\/\/colosseo.it\/sito\/wp-content\/uploads\/2023\/03\/SITI_SUPER_orari_ita-724x1024.jpg 724w, https:\/\/colosseo.it\/sito\/wp-content\/uploads\/2023\/03\/SITI_SUPER_orari_ita-212x300.jpg 212w, https:\/\/colosseo.it\/sito\/wp-content\/uploads\/2023\/03\/SITI_SUPER_orari_ita-768x1086.jpg 768w, https:\/\/colosseo.it\/sito\/wp-content\/uploads\/2023\/03\/SITI_SUPER_orari_ita-1086x1536.jpg 1086w, https:\/\/colosseo.it\/sito\/wp-content\/uploads\/2023\/03\/SITI_SUPER_orari_ita-1448x2048.jpg 1448w, https:\/\/colosseo.it\/sito\/wp-content\/uploads\/2023\/03\/SITI_SUPER_orari_ita-707x1000.jpg 707w, https:\/\/colosseo.it\/sito\/wp-content\/uploads\/2023\/03\/SITI_SUPER_orari_ita-1920x2716.jpg 1920w, https:\/\/colosseo.it\/sito\/wp-content\/uploads\/2023\/03\/SITI_SUPER_orari_ita-scaled.jpg 1810w\" sizes=\"(max-width: 724px) 100vw, 724px\" \/><\/a><\/p>\n\n\t\n\t\t<div id='gallery-1' class='gallery galleryid-47633 gallery-columns-2 gallery-size-large'><dl class='gallery-item'>\n\t\t<dt class='gallery-icon portrait'>\n\t\t\t<a href='https:\/\/colosseo.it\/sito\/wp-content\/uploads\/2023\/03\/Casa-di-Augusto-2026-scaled.jpg' data-title='' data-lightbox='gallery-1'> <img width=\"724\" height=\"1024\" src=\"https:\/\/colosseo.it\/sito\/wp-content\/uploads\/2023\/03\/Casa-di-Augusto-2026-724x1024.jpg\" class=\"attachment-large size-large\" alt=\"\" decoding=\"async\" loading=\"lazy\" srcset=\"https:\/\/colosseo.it\/sito\/wp-content\/uploads\/2023\/03\/Casa-di-Augusto-2026-724x1024.jpg 724w, https:\/\/colosseo.it\/sito\/wp-content\/uploads\/2023\/03\/Casa-di-Augusto-2026-212x300.jpg 212w, https:\/\/colosseo.it\/sito\/wp-content\/uploads\/2023\/03\/Casa-di-Augusto-2026-768x1086.jpg 768w, https:\/\/colosseo.it\/sito\/wp-content\/uploads\/2023\/03\/Casa-di-Augusto-2026-1086x1536.jpg 1086w, https:\/\/colosseo.it\/sito\/wp-content\/uploads\/2023\/03\/Casa-di-Augusto-2026-1448x2048.jpg 1448w, https:\/\/colosseo.it\/sito\/wp-content\/uploads\/2023\/03\/Casa-di-Augusto-2026-707x1000.jpg 707w, https:\/\/colosseo.it\/sito\/wp-content\/uploads\/2023\/03\/Casa-di-Augusto-2026-1920x2715.jpg 1920w, https:\/\/colosseo.it\/sito\/wp-content\/uploads\/2023\/03\/Casa-di-Augusto-2026-scaled.jpg 1811w\" sizes=\"(max-width: 724px) 100vw, 724px\" \/><\/a>\n\t\t<\/dt><\/dl><dl class='gallery-item'>\n\t\t<dt class='gallery-icon portrait'>\n\t\t\t<a href='https:\/\/colosseo.it\/sito\/wp-content\/uploads\/2023\/03\/Casa-di-Livia-2026-scaled.jpg' data-title='' data-lightbox='gallery-1'> <img width=\"724\" height=\"1024\" src=\"https:\/\/colosseo.it\/sito\/wp-content\/uploads\/2023\/03\/Casa-di-Livia-2026-724x1024.jpg\" class=\"attachment-large size-large\" alt=\"\" decoding=\"async\" loading=\"lazy\" srcset=\"https:\/\/colosseo.it\/sito\/wp-content\/uploads\/2023\/03\/Casa-di-Livia-2026-724x1024.jpg 724w, https:\/\/colosseo.it\/sito\/wp-content\/uploads\/2023\/03\/Casa-di-Livia-2026-212x300.jpg 212w, https:\/\/colosseo.it\/sito\/wp-content\/uploads\/2023\/03\/Casa-di-Livia-2026-768x1086.jpg 768w, https:\/\/colosseo.it\/sito\/wp-content\/uploads\/2023\/03\/Casa-di-Livia-2026-1086x1536.jpg 1086w, https:\/\/colosseo.it\/sito\/wp-content\/uploads\/2023\/03\/Casa-di-Livia-2026-1448x2048.jpg 1448w, https:\/\/colosseo.it\/sito\/wp-content\/uploads\/2023\/03\/Casa-di-Livia-2026-707x1000.jpg 707w, https:\/\/colosseo.it\/sito\/wp-content\/uploads\/2023\/03\/Casa-di-Livia-2026-1920x2715.jpg 1920w, https:\/\/colosseo.it\/sito\/wp-content\/uploads\/2023\/03\/Casa-di-Livia-2026-scaled.jpg 1811w\" sizes=\"(max-width: 724px) 100vw, 724px\" \/><\/a>\n\t\t<\/dt><\/dl><br style=\"clear: both\" \/>\n\t<\/div>\n\n","protected":false},"featured_media":0,"parent":0,"template":"","acf":[],"_links":{"self":[{"href":"https:\/\/colosseo.it\/es\/wp-json\/wp\/v2\/biglietti\/47633"}],"collection":[{"href":"https:\/\/colosseo.it\/es\/wp-json\/wp\/v2\/biglietti"}],"about":[{"href":"https:\/\/colosseo.it\/es\/wp-json\/wp\/v2\/types\/biglietti"}],"version-history":[{"count":27,"href":"https:\/\/colosseo.it\/es\/wp-json\/wp\/v2\/biglietti\/47633\/revisions"}],"predecessor-version":[{"id":54876,"href":"https:\/\/colosseo.it\/es\/wp-json\/wp\/v2\/biglietti\/47633\/revisions\/54876"}],"wp:attachment":[{"href":"https:\/\/colosseo.it\/es\/wp-json\/wp\/v2\/media?parent=47633"}],"curies":[{"name":"wp","href":"https:\/\/api.w.org\/{rel}","templated":true}]}}

<p><strong>Entrada Full Experience Arena</strong></p>
<p><span style="color: #ff0000;"><strong>EL PERÍODO DE PERMANENCIA EN EL COLISEO ES DE 90 MINUTOS, tal y como se establece en el Reglamento de Visitantes del Parque Arqueológico del Coliseo (art. 1, párrafo 4)</strong></span></p>
<p><strong>El billete es válido para 2 días consecutivos.</strong></p>
<p><strong>Última hora de acceso 18.00 horas</strong></p>
<p><strong>Entrada</strong>: desde el Coliseo o desde la zona del Foro Romano-Palatino<br />
<strong>Puede reservar la hora de entrada al Coliseo y decidir si desea visitar antes o después el Foro Romano, el Palatino y los Foros Imperiales</strong></p>
<p>Se pueden comprar en línea a partir de <strong>7 DÍAS</strong> antes de la fecha de la visita.</p>
<p>Válido 2 DÍAS consecutivos para <strong>una SOLA entrada</strong> al Coliseo <strong>a la hora reservada</strong> y/o el día anterior o posterior para <strong>una</strong> <strong>una SOLA entrada</strong> a la zona del Foro Romano, Palatino, Foros Imperiales, Sitios SUPER</p>
<p>Para los guías turísticos acreditados con Pass, es necesario reservar la entrada en línea.</p>
<h3>INCLUYE</h3>
<ul>
<li><strong>Arena del Coliseo </strong></li>
<li><strong>Museo del Coliseo </strong></li>
<li><strong>Foro Romano</strong></li>
<li><strong>Museo del Foro Romano</strong></li>
<li><strong>Templo de Rómulo </strong></li>
<li><strong>Domus Tiberiana (salas de exposición)</strong></li>
<li><strong>Santa María Antigua</strong></li>
<li><strong>Curia Iulia</strong></li>
<li><strong>Palatino</strong></li>
<li><strong>Museo Palatino (sólo planta baja)</strong></li>
<li><strong>Aula Isíaca y Logia Mattei</strong></li>
<li><strong>Casa de Augusto (lunes cerrado)<br />
</strong></li>
<li><strong>Casa de Livia (martes cerrado)</strong></li>
<li><strong>Horrea Piperataria</strong></li>
<li><strong>Foros Imperiales</strong></li>
<li><strong>exposiciones actuales</strong></li>
</ul>
<p><em>* según la disponibilidad de aforo</em></p>
<p>&nbsp;</p>
<div>
<h3>ENTRADAS AL FORO ROMANO Y AL PALATINO</h3>
<ul>
<li>largo della Salara vecchia</li>
<li>vía Sacra, cerca del Arco de Tito</li>
<li>vía de San Gregorio</li>
<li>via del Tulliano</li>
<li>via del Foro Romano</li>
<li>Plaza de la Virgen de Loreto / Columna Trajana</li>
</ul>
</div>
<div></div>
<p><a href="https://colosseo.it/sito/wp-content/uploads/2023/03/SITI_SUPER_orari_ita-scaled.jpg"><img decoding="async" loading="lazy" class="aligncenter size-large wp-image-54850" src="https://colosseo.it/sito/wp-content/uploads/2023/03/SITI_SUPER_orari_ita-724x1024.jpg" alt="" width="724" height="1024" srcset="https://colosseo.it/sito/wp-content/uploads/2023/03/SITI_SUPER_orari_ita-724x1024.jpg 724w, https://colosseo.it/sito/wp-content/uploads/2023/03/SITI_SUPER_orari_ita-212x300.jpg 212w, https://colosseo.it/sito/wp-content/uploads/2023/03/SITI_SUPER_orari_ita-768x1086.jpg 768w, https://colosseo.it/sito/wp-content/uploads/2023/03/SITI_SUPER_orari_ita-1086x1536.jpg 1086w, https://colosseo.it/sito/wp-content/uploads/2023/03/SITI_SUPER_orari_ita-1448x2048.jpg 1448w, https://colosseo.it/sito/wp-content/uploads/2023/03/SITI_SUPER_orari_ita-707x1000.jpg 707w, https://colosseo.it/sito/wp-content/uploads/2023/03/SITI_SUPER_orari_ita-1920x2716.jpg 1920w, https://colosseo.it/sito/wp-content/uploads/2023/03/SITI_SUPER_orari_ita-scaled.jpg 1810w" sizes="(max-width: 724px) 100vw, 724px" /></a></p>

	
		<div id='gallery-1' class='gallery galleryid-47633 gallery-columns-2 gallery-size-large'><dl class='gallery-item'>
		<dt class='gallery-icon portrait'>
			<a href='https://colosseo.it/sito/wp-content/uploads/2023/03/Casa-di-Augusto-2026-scaled.jpg' data-title='' data-lightbox='gallery-1'> <img width="724" height="1024" src="https://colosseo.it/sito/wp-content/uploads/2023/03/Casa-di-Augusto-2026-724x1024.jpg" class="attachment-large size-large" alt="" decoding="async" loading="lazy" srcset="https://colosseo.it/sito/wp-content/uploads/2023/03/Casa-di-Augusto-2026-724x1024.jpg 724w, https://colosseo.it/sito/wp-content/uploads/2023/03/Casa-di-Augusto-2026-212x300.jpg 212w, https://colosseo.it/sito/wp-content/uploads/2023/03/Casa-di-Augusto-2026-768x1086.jpg 768w, https://colosseo.it/sito/wp-content/uploads/2023/03/Casa-di-Augusto-2026-1086x1536.jpg 1086w, https://colosseo.it/sito/wp-content/uploads/2023/03/Casa-di-Augusto-2026-1448x2048.jpg 1448w, https://colosseo.it/sito/wp-content/uploads/2023/03/Casa-di-Augusto-2026-707x1000.jpg 707w, https://colosseo.it/sito/wp-content/uploads/2023/03/Casa-di-Augusto-2026-1920x2715.jpg 1920w, https://colosseo.it/sito/wp-content/uploads/2023/03/Casa-di-Augusto-2026-scaled.jpg 1811w" sizes="(max-width: 724px) 100vw, 724px" /></a>
		</dt></dl><dl class='gallery-item'>
		<dt class='gallery-icon portrait'>
			<a href='https://colosseo.it/sito/wp-content/uploads/2023/03/Casa-di-Livia-2026-scaled.jpg' data-title='' data-lightbox='gallery-1'> <img width="724" height="1024" src="https://colosseo.it/sito/wp-content/uploads/2023/03/Casa-di-Livia-2026-724x1024.jpg" class="attachment-large size-large" alt="" decoding="async" loading="lazy" srcset="https://colosseo.it/sito/wp-content/uploads/2023/03/Casa-di-Livia-2026-724x1024.jpg 724w, https://colosseo.it/sito/wp-content/uploads/2023/03/Casa-di-Livia-2026-212x300.jpg 212w, https://colosseo.it/sito/wp-content/uploads/2023/03/Casa-di-Livia-2026-768x1086.jpg 768w, https://colosseo.it/sito/wp-content/uploads/2023/03/Casa-di-Livia-2026-1086x1536.jpg 1086w, https://colosseo.it/sito/wp-content/uploads/2023/03/Casa-di-Livia-2026-1448x2048.jpg 1448w, https://colosseo.it/sito/wp-content/uploads/2023/03/Casa-di-Livia-2026-707x1000.jpg 707w, https://colosseo.it/sito/wp-content/uploads/2023/03/Casa-di-Livia-2026-1920x2715.jpg 1920w, https://colosseo.it/sito/wp-content/uploads/2023/03/Casa-di-Livia-2026-scaled.jpg 1811w" sizes="(max-width: 724px) 100vw, 724px" /></a>
		</dt></dl><br style="clear: both" />
	</div>
