	
    {"id":42375,"date":"2023-10-06T11:18:09","date_gmt":"2023-10-06T09:18:09","guid":{"rendered":"https:\/\/colosseo.it\/area\/domus-tiberiana\/"},"modified":"2025-11-11T16:32:14","modified_gmt":"2025-11-11T15:32:14","slug":"domus-tiberiana","status":"publish","type":"monumento","link":"https:\/\/colosseo.it\/es\/area\/domus-tiberiana\/","title":{"rendered":"Domus Tiberiana"},"content":{"rendered":"<p style=\"text-align: justify;\">La <strong>Domus Tiberiana<\/strong> es el primer verdadero palacio imperial, erigido sobre la ladera noroeste del monte <a href=\"https:\/\/colosseo.it\/area\/palatino\/\"><strong>Palatino<\/strong><\/a> en el siglo I d.C. Adem\u00e1s de la parte residencial, el palacio inclu\u00eda amplias zonas de jard\u00edn, lugares de culto, ambientes destinados a la guardia pretoriana en defensa del Emperador, y un aut\u00e9ntico distrito de servicios con vista al <a href=\"https:\/\/colosseo.it\/area\/foro-romano\/\"><strong>Foro Romano<\/strong><\/a>.<\/p>\n<p style=\"text-align: justify;\">Esta ladera del Palatino era la preferida por las familias aristocr\u00e1ticas romanas para erigir sus viviendas, por su posici\u00f3n f\u00e1cilmente accesible desde el valle del Foro Romano, seg\u00fan atestiguan las fuentes literarias y confirman las excavaciones.<\/p>\n<p style=\"text-align: justify;\">La primera fase comprobada por las investigaciones arqueol\u00f3gicas es la neroniana, posterior al incendio del 64 d.C., es decir, contextual a la edificaci\u00f3n de la <a href=\"https:\/\/colosseo.it\/area\/domus-aurea\/\"><strong>Domus Aurea<\/strong><\/a>.<\/p>\n<p style=\"text-align: justify;\">El palacio fue objeto de varias ampliaciones y reformas a lo largo del tiempo, las m\u00e1s importantes de las cuales se deben a los emperadores Domiciano (81-96 d.C.) y Adriano (117-138 d.C.), hasta alcanzar una extensi\u00f3n de aproximadamente 4 hect\u00e1reas.<\/p>\n<p style=\"text-align: justify;\">El uso del palacio imperial continu\u00f3 hasta el siglo VII, cuando fue elegido como <strong>sede pontificia<\/strong> por <strong>Juan VII<\/strong>.<\/p>\n<p style=\"text-align: justify;\">Tras siglos de abandono, a mediados del siglo XVI, la familia <strong>Farnese<\/strong> realiz\u00f3 en las terrazas escenogr\u00e1ficas de la Domus Tiberiana los <a href=\"https:\/\/colosseo.it\/mirabilia\/horti-farnesiani\/\"><strong>Horti Farnesiani<\/strong><\/a>, un espl\u00e9ndido jard\u00edn de delicias destinado a acoger una nueva corte.<\/p>\n<p>&nbsp;<\/p>\n<h3>EL ITINERARIO DE VISITA<\/h3>\n<p style=\"text-align: justify;\">El nuevo itinerario de visita, que se desarrolla en las v\u00edsceras del palacio imperial, superando las poderosas arcadas del distrito de los servicios, est\u00e1 engastado en las infraestructuras huecas del frente norte y se articula en siete salas expositivas, cuatro de las cuales comunicadas entre s\u00ed, con una vista privilegiada al Foro Romano, mientras que dos salas multimedia sobre el frente opuesto contienen un archivo documental y la reconstrucci\u00f3n hologr\u00e1fica del monumento. Un itinerario t\u00e1ctil acompa\u00f1a al visitante. Al recorrer las salas se van observando las extraordinarias arquitecturas restauradas recientemente, los servicios con las termas imperiales y las infraestructuras vinculadas, superficies decoradas con estuco que embellecen lo que se llama Puente de Cal\u00edgula, y sobre el fondo pinturas que retratan temas de la vida de corte.<br \/>\nEl desarrollo muse\u00edstico se articula seg\u00fan una visi\u00f3n tem\u00e1tica dentro de los ambientes del distrito de la \u00e9poca de Adriano, destinado a acoger los servicios, las tiendas para la venta minorista y probablemente tambi\u00e9n actividades administrativas.<\/p>\n","protected":false},"excerpt":{"rendered":"<p>La Domus Tiberiana es el primer verdadero palacio imperial, erigido sobre la ladera noroeste del monte Palatino en el siglo I d.C. Adem\u00e1s de la parte residencial, el palacio inclu\u00eda amplias zonas de jard\u00edn, lugares de culto, ambientes destinados a la guardia pretoriana en defensa del Emperador, y un aut\u00e9ntico distrito de servicios con vista<a class=\"excerpt-read-more\" href=\"https:\/\/colosseo.it\/es\/area\/domus-tiberiana\/\" title=\"ReadDomus Tiberiana\">&#8230; Read more &raquo;<\/a><\/p>\n","protected":false},"featured_media":42015,"parent":0,"menu_order":53,"template":"","acf":[],"_links":{"self":[{"href":"https:\/\/colosseo.it\/es\/wp-json\/wp\/v2\/monumento\/42375"}],"collection":[{"href":"https:\/\/colosseo.it\/es\/wp-json\/wp\/v2\/monumento"}],"about":[{"href":"https:\/\/colosseo.it\/es\/wp-json\/wp\/v2\/types\/monumento"}],"version-history":[{"count":7,"href":"https:\/\/colosseo.it\/es\/wp-json\/wp\/v2\/monumento\/42375\/revisions"}],"predecessor-version":[{"id":53044,"href":"https:\/\/colosseo.it\/es\/wp-json\/wp\/v2\/monumento\/42375\/revisions\/53044"}],"wp:featuredmedia":[{"embeddable":true,"href":"https:\/\/colosseo.it\/es\/wp-json\/wp\/v2\/media\/42015"}],"wp:attachment":[{"href":"https:\/\/colosseo.it\/es\/wp-json\/wp\/v2\/media?parent=42375"}],"curies":[{"name":"wp","href":"https:\/\/api.w.org\/{rel}","templated":true}]}}

<p style="text-align: justify;">La <strong>Domus Tiberiana</strong> es el primer verdadero palacio imperial, erigido sobre la ladera noroeste del monte <a href="https://colosseo.it/area/palatino/"><strong>Palatino</strong></a> en el siglo I d.C. Además de la parte residencial, el palacio incluía amplias zonas de jardín, lugares de culto, ambientes destinados a la guardia pretoriana en defensa del Emperador, y un auténtico distrito de servicios con vista al <a href="https://colosseo.it/area/foro-romano/"><strong>Foro Romano</strong></a>.</p>
<p style="text-align: justify;">Esta ladera del Palatino era la preferida por las familias aristocráticas romanas para erigir sus viviendas, por su posición fácilmente accesible desde el valle del Foro Romano, según atestiguan las fuentes literarias y confirman las excavaciones.</p>
<p style="text-align: justify;">La primera fase comprobada por las investigaciones arqueológicas es la neroniana, posterior al incendio del 64 d.C., es decir, contextual a la edificación de la <a href="https://colosseo.it/area/domus-aurea/"><strong>Domus Aurea</strong></a>.</p>
<p style="text-align: justify;">El palacio fue objeto de varias ampliaciones y reformas a lo largo del tiempo, las más importantes de las cuales se deben a los emperadores Domiciano (81-96 d.C.) y Adriano (117-138 d.C.), hasta alcanzar una extensión de aproximadamente 4 hectáreas.</p>
<p style="text-align: justify;">El uso del palacio imperial continuó hasta el siglo VII, cuando fue elegido como <strong>sede pontificia</strong> por <strong>Juan VII</strong>.</p>
<p style="text-align: justify;">Tras siglos de abandono, a mediados del siglo XVI, la familia <strong>Farnese</strong> realizó en las terrazas escenográficas de la Domus Tiberiana los <a href="https://colosseo.it/mirabilia/horti-farnesiani/"><strong>Horti Farnesiani</strong></a>, un espléndido jardín de delicias destinado a acoger una nueva corte.</p>
<p>&nbsp;</p>
<h3>EL ITINERARIO DE VISITA</h3>
<p style="text-align: justify;">El nuevo itinerario de visita, que se desarrolla en las vísceras del palacio imperial, superando las poderosas arcadas del distrito de los servicios, está engastado en las infraestructuras huecas del frente norte y se articula en siete salas expositivas, cuatro de las cuales comunicadas entre sí, con una vista privilegiada al Foro Romano, mientras que dos salas multimedia sobre el frente opuesto contienen un archivo documental y la reconstrucción holográfica del monumento. Un itinerario táctil acompaña al visitante. Al recorrer las salas se van observando las extraordinarias arquitecturas restauradas recientemente, los servicios con las termas imperiales y las infraestructuras vinculadas, superficies decoradas con estuco que embellecen lo que se llama Puente de Calígula, y sobre el fondo pinturas que retratan temas de la vida de corte.<br />
El desarrollo museístico se articula según una visión temática dentro de los ambientes del distrito de la época de Adriano, destinado a acoger los servicios, las tiendas para la venta minorista y probablemente también actividades administrativas.</p>

<p>La Domus Tiberiana es el primer verdadero palacio imperial, erigido sobre la ladera noroeste del monte Palatino en el siglo I d.C. Además de la parte residencial, el palacio incluía amplias zonas de jardín, lugares de culto, ambientes destinados a la guardia pretoriana en defensa del Emperador, y un auténtico distrito de servicios con vista<a class="excerpt-read-more" href="https://colosseo.it/es/area/domus-tiberiana/" title="ReadDomus Tiberiana">&#8230; Read more &raquo;</a></p>
