	
    {"id":43161,"date":"2023-11-20T17:13:24","date_gmt":"2023-11-20T16:13:24","guid":{"rendered":"https:\/\/colosseo.it\/area\/foro-romano\/la-casa-de-las-vestales\/"},"modified":"2024-08-14T14:38:47","modified_gmt":"2024-08-14T12:38:47","slug":"la-casa-de-las-vestales","status":"publish","type":"monumento","link":"https:\/\/colosseo.it\/es\/area\/foro-romano\/la-casa-de-las-vestales\/","title":{"rendered":"La Casa de las Vestales"},"content":{"rendered":"<p><strong>El sector SE de la Casa de las Vestales y la instalaci\u00f3n muse\u00edstica<\/strong><\/p>\n<p style=\"text-align: justify;\">La Casa de las Vestales, o <em>Atrium Vestae<\/em>, fue descubierta por Rodolfo Lanciani durante las excavaciones realizadas entre 1882 y 1884. En particular, los espacios abiertos al p\u00fablico actualmente fueron descubiertos tras remover los muros de cierre de los Horti Farnesiani y las estratificaciones caracterizadas por un espesor de hasta veinte metros respecto a la calzada antigua.<\/p>\n<p style=\"text-align: justify;\">Tras el descubrimiento, se iniciaron inmediatamente las obras de acondicionamiento de las estructuras y de los restos p\u00e9treos hallados, parte de los cuales fueron expuestos en el Antiquarium forense y, en la actualidad \u2013tras finalizar la cuidadosa intervenci\u00f3n de recuperaci\u00f3n y conservaci\u00f3n llevada a cabo entre 2013 y 2020\u2013 se pueden admirar en las salas del sector SE.<\/p>\n<p style=\"text-align: justify;\">Los estudios arqueol\u00f3gicos llevados a cabo recientemente han permitido obtener nuevos datos sobre los acontecimientos que afectaron al conjunto arquitect\u00f3nico.<\/p>\n<p style=\"text-align: justify;\">El hallazgo del suelo natural justo debajo de las pavimentaciones imperiales confirma que el lado este del <em>Atrium<\/em> al sur de la antigua V\u00eda Nova, antes de las remodelaciones neronianas tras el incendio del a\u00f1o 64 d. C, estaba ocupado probablemente por el bosque sagrado, el <em>Lucus Vestae<\/em>.<\/p>\n<p style=\"text-align: justify;\">A la etapa neroniana-flavia, se pueden atribuir algunas estructuras murales halladas durante los estudios m\u00e1s recientes del sector SE, tanto en correspondencia del entresuelo como de la planta baja, que fueron englobadas sucesivamente en las estructuras de \u00e9poca trajana fechadas entre el 110 y el 113 d. C.<\/p>\n<p style=\"text-align: justify;\">En la \u00e9poca trajana, los espacios situados en la planta baja (<strong>A-E<\/strong>) ten\u00edan funciones residenciales y de representaci\u00f3n. \u00a0Fundamentalmente, la planta baja permaneci\u00f3 casi sin cambios hasta el siglo IV d. C. como m\u00ednimo.<\/p>\n<p><img decoding=\"async\" loading=\"lazy\" class=\"aligncenter wp-image-24991 size-large\" src=\"https:\/\/colosseo.it\/sito\/wp-content\/uploads\/2021\/06\/pianta-9-giugno_pannelli-dwg.Model_flat-1-1024x746.jpg\" alt=\"\" width=\"1024\" height=\"746\" srcset=\"https:\/\/colosseo.it\/sito\/wp-content\/uploads\/2021\/06\/pianta-9-giugno_pannelli-dwg.Model_flat-1-1024x746.jpg 1024w, https:\/\/colosseo.it\/sito\/wp-content\/uploads\/2021\/06\/pianta-9-giugno_pannelli-dwg.Model_flat-1-300x218.jpg 300w, https:\/\/colosseo.it\/sito\/wp-content\/uploads\/2021\/06\/pianta-9-giugno_pannelli-dwg.Model_flat-1-768x559.jpg 768w, https:\/\/colosseo.it\/sito\/wp-content\/uploads\/2021\/06\/pianta-9-giugno_pannelli-dwg.Model_flat-1-1374x1000.jpg 1374w\" sizes=\"(max-width: 1024px) 100vw, 1024px\" \/><\/p>\n<p>&nbsp;<\/p>\n<p><img decoding=\"async\" loading=\"lazy\" class=\"aligncenter wp-image-24984 size-large\" src=\"https:\/\/colosseo.it\/sito\/wp-content\/uploads\/2021\/06\/DSC_5188_web-1024x682.jpg\" alt=\"\" width=\"1024\" height=\"682\" srcset=\"https:\/\/colosseo.it\/sito\/wp-content\/uploads\/2021\/06\/DSC_5188_web-1024x682.jpg 1024w, https:\/\/colosseo.it\/sito\/wp-content\/uploads\/2021\/06\/DSC_5188_web-300x200.jpg 300w, https:\/\/colosseo.it\/sito\/wp-content\/uploads\/2021\/06\/DSC_5188_web-768x512.jpg 768w, https:\/\/colosseo.it\/sito\/wp-content\/uploads\/2021\/06\/DSC_5188_web-1501x1000.jpg 1501w\" sizes=\"(max-width: 1024px) 100vw, 1024px\" \/><\/p>\n<h3><strong>Espacio D<\/strong><\/h3>\n<p style=\"text-align: justify;\">Fragmentos de <em>catillus <\/em>y de dos <em>metae <\/em>pertenecientes a m\u00e1s de un molino rotatorio romano (<em>mola versatilis<\/em>) de piedra l\u00e1vica.<\/p>\n<p style=\"text-align: justify;\">Desde su descubrimiento, este espacio fue interpretado como <em>pistrinum<\/em>, es decir, molino, por su forma circular y por el hallazgo (probablemente dentro o cerca) de algunos fragmentos pertenecientes a m\u00e1s de un molino rotatorio romano (<em>mola versatilis<\/em>) de piedra l\u00e1vica: dos fragmentos de <em>catillus <\/em>y dos <em>metae <\/em>fragmentarias de distinto di\u00e1metro. A pesar de la opini\u00f3n compartida com\u00fanmente en la literatura, que normalmente se asocia con una de las funciones de las vestales, es decir, la preparaci\u00f3n de la <em>mola salsa<\/em>, elaborada con harina de espeta y sal, algunas consideraciones de tipo t\u00e9cnico-constructivo parecen excluir la correlaci\u00f3n de esta estructura con la instalaci\u00f3n de un molino. Probablemente, la <em>meta<\/em> se coloc\u00f3 en el centro de la estructura circular a principios del siglo XX.<\/p>\n<p style=\"text-align: justify;\"><strong>La <em>mola salsa<\/em><\/strong><\/p>\n<p style=\"text-align: justify;\">Seg\u00fan las fuentes, las tres vestales m\u00e1ximas, colocaban las espigas de espeta, <em>far<\/em>, en cestos de segadores en d\u00edas alternos entre el 7 y el 14 de mayo y, despu\u00e9s, tostaban, trituraban y mol\u00edan las espigas. A\u00f1adiendo sal refinada y sin refinar, durante los <em>Lupercalia<\/em> (15 de febrero), los <em>Vestalia<\/em> (9 de junio) y los Idus de septiembre (13 de septiembre), las vestales hac\u00edan la <em>mola salsa<\/em> y la esparc\u00edan sobre todos los animales sacrificados en p\u00fablico y sobre todas las ofrendas hechas a los dioses. De este rito previo al sacrificio, proviene el t\u00e9rmino <em>inmolar<\/em>, literalmente ungir con \u00abmola\u00bb.<\/p>\n","protected":false},"excerpt":{"rendered":"<p>El sector SE de la Casa de las Vestales y la instalaci\u00f3n muse\u00edstica La Casa de las Vestales, o Atrium Vestae, fue descubierta por Rodolfo Lanciani durante las excavaciones realizadas entre 1882 y 1884. En particular, los espacios abiertos al p\u00fablico actualmente fueron descubiertos tras remover los muros de cierre de los Horti Farnesiani y<a class=\"excerpt-read-more\" href=\"https:\/\/colosseo.it\/es\/area\/foro-romano\/la-casa-de-las-vestales\/\" title=\"ReadLa Casa de las Vestales\">&#8230; Read more &raquo;<\/a><\/p>\n","protected":false},"featured_media":24944,"parent":7516,"menu_order":21,"template":"","acf":[],"_links":{"self":[{"href":"https:\/\/colosseo.it\/es\/wp-json\/wp\/v2\/monumento\/43161"}],"collection":[{"href":"https:\/\/colosseo.it\/es\/wp-json\/wp\/v2\/monumento"}],"about":[{"href":"https:\/\/colosseo.it\/es\/wp-json\/wp\/v2\/types\/monumento"}],"version-history":[{"count":2,"href":"https:\/\/colosseo.it\/es\/wp-json\/wp\/v2\/monumento\/43161\/revisions"}],"predecessor-version":[{"id":47392,"href":"https:\/\/colosseo.it\/es\/wp-json\/wp\/v2\/monumento\/43161\/revisions\/47392"}],"up":[{"embeddable":true,"href":"https:\/\/colosseo.it\/es\/wp-json\/wp\/v2\/monumento\/7516"}],"wp:featuredmedia":[{"embeddable":true,"href":"https:\/\/colosseo.it\/es\/wp-json\/wp\/v2\/media\/24944"}],"wp:attachment":[{"href":"https:\/\/colosseo.it\/es\/wp-json\/wp\/v2\/media?parent=43161"}],"curies":[{"name":"wp","href":"https:\/\/api.w.org\/{rel}","templated":true}]}}

<p><strong>El sector SE de la Casa de las Vestales y la instalación museística</strong></p>
<p style="text-align: justify;">La Casa de las Vestales, o <em>Atrium Vestae</em>, fue descubierta por Rodolfo Lanciani durante las excavaciones realizadas entre 1882 y 1884. En particular, los espacios abiertos al público actualmente fueron descubiertos tras remover los muros de cierre de los Horti Farnesiani y las estratificaciones caracterizadas por un espesor de hasta veinte metros respecto a la calzada antigua.</p>
<p style="text-align: justify;">Tras el descubrimiento, se iniciaron inmediatamente las obras de acondicionamiento de las estructuras y de los restos pétreos hallados, parte de los cuales fueron expuestos en el Antiquarium forense y, en la actualidad –tras finalizar la cuidadosa intervención de recuperación y conservación llevada a cabo entre 2013 y 2020– se pueden admirar en las salas del sector SE.</p>
<p style="text-align: justify;">Los estudios arqueológicos llevados a cabo recientemente han permitido obtener nuevos datos sobre los acontecimientos que afectaron al conjunto arquitectónico.</p>
<p style="text-align: justify;">El hallazgo del suelo natural justo debajo de las pavimentaciones imperiales confirma que el lado este del <em>Atrium</em> al sur de la antigua Vía Nova, antes de las remodelaciones neronianas tras el incendio del año 64 d. C, estaba ocupado probablemente por el bosque sagrado, el <em>Lucus Vestae</em>.</p>
<p style="text-align: justify;">A la etapa neroniana-flavia, se pueden atribuir algunas estructuras murales halladas durante los estudios más recientes del sector SE, tanto en correspondencia del entresuelo como de la planta baja, que fueron englobadas sucesivamente en las estructuras de época trajana fechadas entre el 110 y el 113 d. C.</p>
<p style="text-align: justify;">En la época trajana, los espacios situados en la planta baja (<strong>A-E</strong>) tenían funciones residenciales y de representación.  Fundamentalmente, la planta baja permaneció casi sin cambios hasta el siglo IV d. C. como mínimo.</p>
<p><img decoding="async" loading="lazy" class="aligncenter wp-image-24991 size-large" src="https://colosseo.it/sito/wp-content/uploads/2021/06/pianta-9-giugno_pannelli-dwg.Model_flat-1-1024x746.jpg" alt="" width="1024" height="746" srcset="https://colosseo.it/sito/wp-content/uploads/2021/06/pianta-9-giugno_pannelli-dwg.Model_flat-1-1024x746.jpg 1024w, https://colosseo.it/sito/wp-content/uploads/2021/06/pianta-9-giugno_pannelli-dwg.Model_flat-1-300x218.jpg 300w, https://colosseo.it/sito/wp-content/uploads/2021/06/pianta-9-giugno_pannelli-dwg.Model_flat-1-768x559.jpg 768w, https://colosseo.it/sito/wp-content/uploads/2021/06/pianta-9-giugno_pannelli-dwg.Model_flat-1-1374x1000.jpg 1374w" sizes="(max-width: 1024px) 100vw, 1024px" /></p>
<p>&nbsp;</p>
<p><img decoding="async" loading="lazy" class="aligncenter wp-image-24984 size-large" src="https://colosseo.it/sito/wp-content/uploads/2021/06/DSC_5188_web-1024x682.jpg" alt="" width="1024" height="682" srcset="https://colosseo.it/sito/wp-content/uploads/2021/06/DSC_5188_web-1024x682.jpg 1024w, https://colosseo.it/sito/wp-content/uploads/2021/06/DSC_5188_web-300x200.jpg 300w, https://colosseo.it/sito/wp-content/uploads/2021/06/DSC_5188_web-768x512.jpg 768w, https://colosseo.it/sito/wp-content/uploads/2021/06/DSC_5188_web-1501x1000.jpg 1501w" sizes="(max-width: 1024px) 100vw, 1024px" /></p>
<h3><strong>Espacio D</strong></h3>
<p style="text-align: justify;">Fragmentos de <em>catillus </em>y de dos <em>metae </em>pertenecientes a más de un molino rotatorio romano (<em>mola versatilis</em>) de piedra lávica.</p>
<p style="text-align: justify;">Desde su descubrimiento, este espacio fue interpretado como <em>pistrinum</em>, es decir, molino, por su forma circular y por el hallazgo (probablemente dentro o cerca) de algunos fragmentos pertenecientes a más de un molino rotatorio romano (<em>mola versatilis</em>) de piedra lávica: dos fragmentos de <em>catillus </em>y dos <em>metae </em>fragmentarias de distinto diámetro. A pesar de la opinión compartida comúnmente en la literatura, que normalmente se asocia con una de las funciones de las vestales, es decir, la preparación de la <em>mola salsa</em>, elaborada con harina de espeta y sal, algunas consideraciones de tipo técnico-constructivo parecen excluir la correlación de esta estructura con la instalación de un molino. Probablemente, la <em>meta</em> se colocó en el centro de la estructura circular a principios del siglo XX.</p>
<p style="text-align: justify;"><strong>La <em>mola salsa</em></strong></p>
<p style="text-align: justify;">Según las fuentes, las tres vestales máximas, colocaban las espigas de espeta, <em>far</em>, en cestos de segadores en días alternos entre el 7 y el 14 de mayo y, después, tostaban, trituraban y molían las espigas. Añadiendo sal refinada y sin refinar, durante los <em>Lupercalia</em> (15 de febrero), los <em>Vestalia</em> (9 de junio) y los Idus de septiembre (13 de septiembre), las vestales hacían la <em>mola salsa</em> y la esparcían sobre todos los animales sacrificados en público y sobre todas las ofrendas hechas a los dioses. De este rito previo al sacrificio, proviene el término <em>inmolar</em>, literalmente ungir con «mola».</p>

<p>El sector SE de la Casa de las Vestales y la instalación museística La Casa de las Vestales, o Atrium Vestae, fue descubierta por Rodolfo Lanciani durante las excavaciones realizadas entre 1882 y 1884. En particular, los espacios abiertos al público actualmente fueron descubiertos tras remover los muros de cierre de los Horti Farnesiani y<a class="excerpt-read-more" href="https://colosseo.it/es/area/foro-romano/la-casa-de-las-vestales/" title="ReadLa Casa de las Vestales">&#8230; Read more &raquo;</a></p>
