	
    {"id":6134,"date":"2022-10-12T11:29:24","date_gmt":"2022-10-12T09:29:24","guid":{"rendered":"https:\/\/colosseo.it\/?post_type=monumento&#038;p=6134"},"modified":"2025-03-30T00:32:53","modified_gmt":"2025-03-29T23:32:53","slug":"el-nuevo-museo-del-foro-romano","status":"publish","type":"monumento","link":"https:\/\/colosseo.it\/es\/area\/los-museos\/el-nuevo-museo-del-foro-romano\/","title":{"rendered":"El nuevo Museo del Foro Romano"},"content":{"rendered":"<p style=\"text-align: left;\">El<strong> Museo del Foro<\/strong>\u00a0se encuentra en la planta baja del <strong>Claustro de Santa Maria Nova<\/strong>, con un recorrido expositivo que reunifica y valoriza en particular los contextos del <strong>Foro Romano<\/strong> excavados por el arque\u00f3logo\/arquitecto <strong>Giacomo Boni<\/strong> a principios del siglo XX.<\/p>\n<p style=\"text-align: justify;\">El primer <strong><em>Antiquarium<\/em><\/strong> del Foro fue instituido por Boni en 1908 en los locales del Convento de Santa Francesca Romana\/Santa Maria Nova, construcci\u00f3n ordenada por Alejandro VI entre 1492 y 1503 con el objetivo de presentar al p\u00fablico los resultados de las investigaciones realizadas en esos a\u00f1os en el \u00e1rea del Foro romano. El <em>Antiquarium<\/em>, constituido por nueve salas expositivas, se convertir\u00eda en centro cultural de investigaci\u00f3n y estudios. La presentaci\u00f3n de los materiales arqueol\u00f3gicos expuestos respeta la integridad de los complejos que han sido sacados a relucir, en virtud de la convicci\u00f3n de que los restos conservan su valor hist\u00f3rico-arqueol\u00f3gico solamente si se exponen dentro de su contexto de origen. A lo largo del tiempo la colecci\u00f3n del <em>Antiquarium<\/em> se fue ampliando con la exposici\u00f3n de materiales recuperados de las investigaciones de Dante Vaglieri, Alfonso Bartoli, Pietro Romanelli y Gian Filippo Carettoni.<\/p>\n<p style=\"text-align: justify;\">Superada la entrada, el recorrido expositivo del nuevo Museo del Foro se articula en dos salas dedicadas a la necr\u00f3polis investigada por Giacomo Boni en los a\u00f1os 1902-1905 en el \u00e1rea del <a href=\"https:\/\/colosseo.it\/es\/mirabilia\/templo-de-antonino-y-faustina\/\">Templo de Antonino y Faustina<\/a>. Durante las investigaciones se excavaron en total cuarenta y una tumbas: cuatro pertenecientes a ni\u00f1os, relativas a las viviendas arcaicas (finales del siglo VI &#8211; siglo V a.C.), doce de ni\u00f1os asociadas a caba\u00f1as de entre finales del siglo VIII y el siglo VII a.C., y veinticinco en pozo y fosa referibles a la primera edad de Hierro (aprox. siglo X a.C.) y relativas al n\u00facleo de sepulturas que se extend\u00eda en esta \u00e1rea antes de su utilizaci\u00f3n como zona de vivienda. En el Museo, en particular, se pueden observar, junto a una galer\u00eda de cuadros con dibujos realizados por los dibujantes que trabajaban con Giacomo Boni, algunas tumbas expuestas en vitrinas, dise\u00f1adas expresamente por el arque\u00f3logo veneciano y restablecidas en sus colores originales. En el nuevo recorrido, estas \u201ctumbas en vitrina\u201d han sido colocadas dentro de nuevos escaparates dise\u00f1ados expresamente en el \u00e1mbito de un <strong>sistema expositivo integrado<\/strong> que evoca el momento de los hallazgos, cristalizando las sepulturas dentro de grandes c\u00e1maras de vidrio luminosas que dialogan con los pavimentos pol\u00edcromos, ya restaurados por Boni. Se trata de tumbas de incineraci\u00f3n pertenecientes aprox. al siglo X a.C. (fase lacial IIA) con dotaci\u00f3n de urna con forma de caba\u00f1a, vasijas miniaturizadas hechas a mano u objetos de tama\u00f1o normal, sepulturas de inhumaci\u00f3n en fosa pertenecientes al siglo X a.C. y tumbas relativas al poblado con dotaci\u00f3n constituida por vasijas realizadas con torno.<\/p>\n<p style=\"text-align: justify;\">Para facilitar la comprensi\u00f3n de esta necr\u00f3polis, se ha dedicado una sala a la gran maqueta, encargada por Giacomo Boni, que reproduce el \u00e1rea donde se excavaron las tumbas expuestas en las primeras dos salas. Est\u00e1n reproducidas fielmente todas las evidencias arqueol\u00f3gicas sacadas a relucir en este sector del Foro. La maqueta da fe del rigor cient\u00edfico de Boni, que tambi\u00e9n en esta \u00e1rea adopt\u00f3 el m\u00e9todo estratigr\u00e1fico para la b\u00fasqueda en el terreno, y prest\u00f3 particular atenci\u00f3n a la recogida de todos los materiales y a la documentaci\u00f3n, acompa\u00f1ando cada fase de la exploraci\u00f3n con plantas, secciones y fotograf\u00edas. La exposici\u00f3n prosigue en las salas que dan a la celda del <a href=\"https:\/\/colosseo.it\/es\/mirabilia\/el-templo-de-venus-y-roma\/\">Templo de Venus y Roma<\/a>, dedicadas a los or\u00edgenes de Roma en una interacci\u00f3n dial\u00f3gica entre grupos esculturales y elementos arquitect\u00f3nicos, representados respectivamente por el complejo de la Fuente de Juturna y el friso de la Bas\u00edlica Emilia.<\/p>\n<p style=\"text-align: justify;\">En la sala 2 del Museo est\u00e1n expuestos con sus caballos las estatuas de m\u00e1rmol de los dos gemelos divinos Castor y P\u00f3lux (los Dioscuros), que, seg\u00fan la tradici\u00f3n, en esta fuente anunciar\u00edan a Roma la victoria contra los Latinos en la batalla del Lago Regilo (499 o 496 a.C.). El complejo monumental, descubierto por Boni en 1900, presenta una continuidad de vida desde la \u00e9poca arcaica hasta la medieval. En el siglo II a.C. la fuente se cerr\u00f3 en una cuenca rectangular y fue ornada por estatuas de divinidades como Apolo y Esculapio, expuestas en las salas del Museo junto al pozal con inscripci\u00f3n de \u00e9poca augusta. De la Bas\u00edlica Emilia, fundada en 179 a.C. por los censores M. Emilio Lepido y M. Fulvio Nobiliore, se exponen una serie de relieves que representan los momentos salientes de la historia de Roma (R\u00f3mulo y Remo que parten para fundar la nueva ciudad; la construcci\u00f3n de las murallas de una ciudad, quiz\u00e1s Roma o Lavinio; el rapto de las Sabinas; la fiesta en honor al dios del trigo Consus; una escena de batalla, el castigo de Tarpeya; las <em>Parentalia<\/em>).<\/p>\n<p style=\"text-align: justify;\">La sala 3 del Museo se ha dedicado a las \u00e1reas sagradas o sacralizadas del Foro Romano, con escaparates de grandes dimensiones dise\u00f1ados <em>ad hoc<\/em> para marcar un recorrido que restituye la imagen de algunos importantes hallazgos provenientes principalmente de las investigaciones de Giacomo Boni: el <strong><em>Lapis Niger<\/em><\/strong>, el<strong><em> Equus Domitiani\/Doliola<\/em><\/strong> y la <strong>Regia<\/strong>. Un escaparate circular ubicado en el centro de la sala apunta a evocar, ya a partir de su forma, los rasgos del <em><a href=\"https:\/\/colosseo.it\/es\/mirabilia\/templo-de-las-vestales-y-casa-de-las-vestales-atrium-vestae\/\"><strong>aedes Vestae<\/strong><\/a>.\u00a0<\/em>El escaparate conserva en su interior restos provenientes de excavaciones de Boni del <strong>Santuario de Vesta<\/strong> y de la <strong>casa de las Vestales<\/strong>, a los que se a\u00f1adieron hallazgos efectuados por Alfonso Bartoli durante las investigaciones de dos pozos situados en el patio del Santuario. Por \u00faltimo, la Sala contiene los importantes restos pertenecientes al dep\u00f3sito votivo de la Colina Capitolina, excavado entre los a\u00f1os ochenta y noventa por la Superintendencia arqueol\u00f3gica de Roma.<\/p>\n<p>El proyecto expositivo y la direcci\u00f3n de las obras son de COR arquitectos (Cremascoli, Okumura, Rodrigues) con Flavia Chiavaroli.<\/p>\n","protected":false},"excerpt":{"rendered":"<p>El Museo del Foro&nbsp;se encuentra en la planta baja del Claustro de Santa Maria Nova, con un recorrido expositivo que reunifica y valoriza en particular los contextos del Foro Romano excavados por el arque&oacute;logo\/arquitecto Giacomo Boni a principios del siglo XX.<\/p>\n","protected":false},"featured_media":34417,"parent":7532,"menu_order":37,"template":"","acf":[],"_links":{"self":[{"href":"https:\/\/colosseo.it\/es\/wp-json\/wp\/v2\/monumento\/6134"}],"collection":[{"href":"https:\/\/colosseo.it\/es\/wp-json\/wp\/v2\/monumento"}],"about":[{"href":"https:\/\/colosseo.it\/es\/wp-json\/wp\/v2\/types\/monumento"}],"version-history":[{"count":9,"href":"https:\/\/colosseo.it\/es\/wp-json\/wp\/v2\/monumento\/6134\/revisions"}],"predecessor-version":[{"id":50841,"href":"https:\/\/colosseo.it\/es\/wp-json\/wp\/v2\/monumento\/6134\/revisions\/50841"}],"up":[{"embeddable":true,"href":"https:\/\/colosseo.it\/es\/wp-json\/wp\/v2\/monumento\/7532"}],"wp:featuredmedia":[{"embeddable":true,"href":"https:\/\/colosseo.it\/es\/wp-json\/wp\/v2\/media\/34417"}],"wp:attachment":[{"href":"https:\/\/colosseo.it\/es\/wp-json\/wp\/v2\/media?parent=6134"}],"curies":[{"name":"wp","href":"https:\/\/api.w.org\/{rel}","templated":true}]}}

<p style="text-align: left;">El<strong> Museo del Foro</strong> se encuentra en la planta baja del <strong>Claustro de Santa Maria Nova</strong>, con un recorrido expositivo que reunifica y valoriza en particular los contextos del <strong>Foro Romano</strong> excavados por el arqueólogo/arquitecto <strong>Giacomo Boni</strong> a principios del siglo XX.</p>
<p style="text-align: justify;">El primer <strong><em>Antiquarium</em></strong> del Foro fue instituido por Boni en 1908 en los locales del Convento de Santa Francesca Romana/Santa Maria Nova, construcción ordenada por Alejandro VI entre 1492 y 1503 con el objetivo de presentar al público los resultados de las investigaciones realizadas en esos años en el área del Foro romano. El <em>Antiquarium</em>, constituido por nueve salas expositivas, se convertiría en centro cultural de investigación y estudios. La presentación de los materiales arqueológicos expuestos respeta la integridad de los complejos que han sido sacados a relucir, en virtud de la convicción de que los restos conservan su valor histórico-arqueológico solamente si se exponen dentro de su contexto de origen. A lo largo del tiempo la colección del <em>Antiquarium</em> se fue ampliando con la exposición de materiales recuperados de las investigaciones de Dante Vaglieri, Alfonso Bartoli, Pietro Romanelli y Gian Filippo Carettoni.</p>
<p style="text-align: justify;">Superada la entrada, el recorrido expositivo del nuevo Museo del Foro se articula en dos salas dedicadas a la necrópolis investigada por Giacomo Boni en los años 1902-1905 en el área del <a href="https://colosseo.it/es/mirabilia/templo-de-antonino-y-faustina/">Templo de Antonino y Faustina</a>. Durante las investigaciones se excavaron en total cuarenta y una tumbas: cuatro pertenecientes a niños, relativas a las viviendas arcaicas (finales del siglo VI &#8211; siglo V a.C.), doce de niños asociadas a cabañas de entre finales del siglo VIII y el siglo VII a.C., y veinticinco en pozo y fosa referibles a la primera edad de Hierro (aprox. siglo X a.C.) y relativas al núcleo de sepulturas que se extendía en esta área antes de su utilización como zona de vivienda. En el Museo, en particular, se pueden observar, junto a una galería de cuadros con dibujos realizados por los dibujantes que trabajaban con Giacomo Boni, algunas tumbas expuestas en vitrinas, diseñadas expresamente por el arqueólogo veneciano y restablecidas en sus colores originales. En el nuevo recorrido, estas “tumbas en vitrina” han sido colocadas dentro de nuevos escaparates diseñados expresamente en el ámbito de un <strong>sistema expositivo integrado</strong> que evoca el momento de los hallazgos, cristalizando las sepulturas dentro de grandes cámaras de vidrio luminosas que dialogan con los pavimentos polícromos, ya restaurados por Boni. Se trata de tumbas de incineración pertenecientes aprox. al siglo X a.C. (fase lacial IIA) con dotación de urna con forma de cabaña, vasijas miniaturizadas hechas a mano u objetos de tamaño normal, sepulturas de inhumación en fosa pertenecientes al siglo X a.C. y tumbas relativas al poblado con dotación constituida por vasijas realizadas con torno.</p>
<p style="text-align: justify;">Para facilitar la comprensión de esta necrópolis, se ha dedicado una sala a la gran maqueta, encargada por Giacomo Boni, que reproduce el área donde se excavaron las tumbas expuestas en las primeras dos salas. Están reproducidas fielmente todas las evidencias arqueológicas sacadas a relucir en este sector del Foro. La maqueta da fe del rigor científico de Boni, que también en esta área adoptó el método estratigráfico para la búsqueda en el terreno, y prestó particular atención a la recogida de todos los materiales y a la documentación, acompañando cada fase de la exploración con plantas, secciones y fotografías. La exposición prosigue en las salas que dan a la celda del <a href="https://colosseo.it/es/mirabilia/el-templo-de-venus-y-roma/">Templo de Venus y Roma</a>, dedicadas a los orígenes de Roma en una interacción dialógica entre grupos esculturales y elementos arquitectónicos, representados respectivamente por el complejo de la Fuente de Juturna y el friso de la Basílica Emilia.</p>
<p style="text-align: justify;">En la sala 2 del Museo están expuestos con sus caballos las estatuas de mármol de los dos gemelos divinos Castor y Pólux (los Dioscuros), que, según la tradición, en esta fuente anunciarían a Roma la victoria contra los Latinos en la batalla del Lago Regilo (499 o 496 a.C.). El complejo monumental, descubierto por Boni en 1900, presenta una continuidad de vida desde la época arcaica hasta la medieval. En el siglo II a.C. la fuente se cerró en una cuenca rectangular y fue ornada por estatuas de divinidades como Apolo y Esculapio, expuestas en las salas del Museo junto al pozal con inscripción de época augusta. De la Basílica Emilia, fundada en 179 a.C. por los censores M. Emilio Lepido y M. Fulvio Nobiliore, se exponen una serie de relieves que representan los momentos salientes de la historia de Roma (Rómulo y Remo que parten para fundar la nueva ciudad; la construcción de las murallas de una ciudad, quizás Roma o Lavinio; el rapto de las Sabinas; la fiesta en honor al dios del trigo Consus; una escena de batalla, el castigo de Tarpeya; las <em>Parentalia</em>).</p>
<p style="text-align: justify;">La sala 3 del Museo se ha dedicado a las áreas sagradas o sacralizadas del Foro Romano, con escaparates de grandes dimensiones diseñados <em>ad hoc</em> para marcar un recorrido que restituye la imagen de algunos importantes hallazgos provenientes principalmente de las investigaciones de Giacomo Boni: el <strong><em>Lapis Niger</em></strong>, el<strong><em> Equus Domitiani/Doliola</em></strong> y la <strong>Regia</strong>. Un escaparate circular ubicado en el centro de la sala apunta a evocar, ya a partir de su forma, los rasgos del <em><a href="https://colosseo.it/es/mirabilia/templo-de-las-vestales-y-casa-de-las-vestales-atrium-vestae/"><strong>aedes Vestae</strong></a>. </em>El escaparate conserva en su interior restos provenientes de excavaciones de Boni del <strong>Santuario de Vesta</strong> y de la <strong>casa de las Vestales</strong>, a los que se añadieron hallazgos efectuados por Alfonso Bartoli durante las investigaciones de dos pozos situados en el patio del Santuario. Por último, la Sala contiene los importantes restos pertenecientes al depósito votivo de la Colina Capitolina, excavado entre los años ochenta y noventa por la Superintendencia arqueológica de Roma.</p>
<p>El proyecto expositivo y la dirección de las obras son de COR arquitectos (Cremascoli, Okumura, Rodrigues) con Flavia Chiavaroli.</p>
