	
    {"id":7514,"date":"2019-10-04T10:55:57","date_gmt":"2019-10-04T08:55:57","guid":{"rendered":"https:\/\/colosseo.it\/area\/palatino\/"},"modified":"2025-04-15T13:28:42","modified_gmt":"2025-04-15T11:28:42","slug":"palatino","status":"publish","type":"monumento","link":"https:\/\/colosseo.it\/es\/area\/palatino\/","title":{"rendered":"Palatino"},"content":{"rendered":"<p class=\"p1\" style=\"text-align: justify;\"><span class=\"s1\">En el Monte Palatino se conservan los restos de los asentamientos de la Edad de Hierro referidos al n\u00facleo m\u00e1s antiguo de la ciudad de Roma. La colina alberg\u00f3 importantes cultos c\u00edvicos, entre ellos el de la <\/span><a href=\"http:\/\/parcocolosseo.it\/sito\/capolavori\/statua-della-magna-mater-in-trono\/\"><span class=\"s2\"><i>Magna Mater<\/i><\/span><\/a><span class=\"s1\"> (Cibeles) y, entre los siglos II y I a.C., se convirti\u00f3 en el barrio residencial de la aristocracia romana, con elegantes casas caracterizadas por excepcionales decoraciones pict\u00f3ricas y pavimentales, como las que se conservan en la Casa de los Grifos. Augusto eligi\u00f3 simb\u00f3licamente la colina como un lugar de su propia casa, la cual estaba conformada por varios edificios, entre ellos la Casa de Livia. Posteriormente la colina se convirti\u00f3 en la sede de los palacios imperiales: la <\/span><span class=\"s2\"><i>Domus Tiberiana<\/i><\/span><span class=\"s1\">, la <\/span><span class=\"s2\"><i>Domus Transitoria<\/i><\/span><span class=\"s1\">, la <\/span><a href=\"\/sito?p=160\"><span class=\"s2\"><i>Domus Aurea<\/i><\/span><\/a><span class=\"s1\"> y finalmente la <\/span><span class=\"s2\"><i>Domus Flavia<\/i><\/span><span class=\"s1\">, compuesta por una estructura p\u00fablica y una privada, conocida como <\/span><span class=\"s2\"><i>Domus Augustana. <\/i><\/span><span class=\"s1\">A partir de la compleja planimetr\u00eda, parcialmente superpuesta, se pueden observar los corredores subterr\u00e1neos que conectaban las distintas residencias, a menudo ricamente decorados, de los que el <a href=\"\/sito?p=474\">Criptop\u00f3rtico de Ner\u00f3n<\/a> sigue siendo uno de los ejemplos mejor conservados. La presencia de palacios imperiales en la colina dio lugar a un proceso de identificaci\u00f3n, de modo que el top\u00f3nimo<\/span> <span class=\"s2\"><i>Palatium<\/i><\/span> <span class=\"s1\">se convirti\u00f3, en los idiomas modernos, en un sin\u00f3nimo de edificio residencial.<\/span><!--more--><\/p>\n<p class=\"p1\" style=\"text-align: justify;\"><span class=\"s1\">Durante el Renacimiento, el Palatino pas\u00f3 a ser propiedad de familias aristocr\u00e1ticas que plantaron all\u00ed villas, vi\u00f1edos y jardines: todav\u00eda hoy se conserva parte de los sugestivos Horti Farnesio, en la parte alta de la colina, y de la <a href=\"\/sito?p=477\">Loggia Stati-Mattei<\/a> con sus decoraciones pict\u00f3ricas. Algunos de los artefactos m\u00e1s significativos encontrados en las excavaciones, que afectaron al yacimiento desde el siglo XVI, se encuentran expuestos en el <a href=\"http:\/\/parcocolosseo.it\/sito\/area\/musei-del-parco\/museo-palatino\/\">Museo Palatino<\/a>.<\/span><\/p>\n","protected":false},"excerpt":{"rendered":"<p>En el Monte Palatino se conservan los restos de los asentamientos de la Edad de Hierro referidos al n&uacute;cleo m&aacute;s antiguo de la ciudad de Roma. Augusto eligi&oacute; simb&oacute;licamente el monte como lugar para su residencia particular y, m&aacute;s tarde, el monte se convirti&oacute; en sede de los palacios imperiales<\/p>\n","protected":false},"featured_media":5847,"parent":0,"menu_order":24,"template":"","acf":[],"_links":{"self":[{"href":"https:\/\/colosseo.it\/es\/wp-json\/wp\/v2\/monumento\/7514"}],"collection":[{"href":"https:\/\/colosseo.it\/es\/wp-json\/wp\/v2\/monumento"}],"about":[{"href":"https:\/\/colosseo.it\/es\/wp-json\/wp\/v2\/types\/monumento"}],"version-history":[{"count":26,"href":"https:\/\/colosseo.it\/es\/wp-json\/wp\/v2\/monumento\/7514\/revisions"}],"predecessor-version":[{"id":51117,"href":"https:\/\/colosseo.it\/es\/wp-json\/wp\/v2\/monumento\/7514\/revisions\/51117"}],"wp:featuredmedia":[{"embeddable":true,"href":"https:\/\/colosseo.it\/es\/wp-json\/wp\/v2\/media\/5847"}],"wp:attachment":[{"href":"https:\/\/colosseo.it\/es\/wp-json\/wp\/v2\/media?parent=7514"}],"curies":[{"name":"wp","href":"https:\/\/api.w.org\/{rel}","templated":true}]}}

<p class="p1" style="text-align: justify;"><span class="s1">En el Monte Palatino se conservan los restos de los asentamientos de la Edad de Hierro referidos al núcleo más antiguo de la ciudad de Roma. La colina albergó importantes cultos cívicos, entre ellos el de la </span><a href="http://parcocolosseo.it/sito/capolavori/statua-della-magna-mater-in-trono/"><span class="s2"><i>Magna Mater</i></span></a><span class="s1"> (Cibeles) y, entre los siglos II y I a.C., se convirtió en el barrio residencial de la aristocracia romana, con elegantes casas caracterizadas por excepcionales decoraciones pictóricas y pavimentales, como las que se conservan en la Casa de los Grifos. Augusto eligió simbólicamente la colina como un lugar de su propia casa, la cual estaba conformada por varios edificios, entre ellos la Casa de Livia. Posteriormente la colina se convirtió en la sede de los palacios imperiales: la </span><span class="s2"><i>Domus Tiberiana</i></span><span class="s1">, la </span><span class="s2"><i>Domus Transitoria</i></span><span class="s1">, la </span><a href="/sito?p=160"><span class="s2"><i>Domus Aurea</i></span></a><span class="s1"> y finalmente la </span><span class="s2"><i>Domus Flavia</i></span><span class="s1">, compuesta por una estructura pública y una privada, conocida como </span><span class="s2"><i>Domus Augustana. </i></span><span class="s1">A partir de la compleja planimetría, parcialmente superpuesta, se pueden observar los corredores subterráneos que conectaban las distintas residencias, a menudo ricamente decorados, de los que el <a href="/sito?p=474">Criptopórtico de Nerón</a> sigue siendo uno de los ejemplos mejor conservados. La presencia de palacios imperiales en la colina dio lugar a un proceso de identificación, de modo que el topónimo</span> <span class="s2"><i>Palatium</i></span> <span class="s1">se convirtió, en los idiomas modernos, en un sinónimo de edificio residencial.</span><!--more--></p>
<p class="p1" style="text-align: justify;"><span class="s1">Durante el Renacimiento, el Palatino pasó a ser propiedad de familias aristocráticas que plantaron allí villas, viñedos y jardines: todavía hoy se conserva parte de los sugestivos Horti Farnesio, en la parte alta de la colina, y de la <a href="/sito?p=477">Loggia Stati-Mattei</a> con sus decoraciones pictóricas. Algunos de los artefactos más significativos encontrados en las excavaciones, que afectaron al yacimiento desde el siglo XVI, se encuentran expuestos en el <a href="http://parcocolosseo.it/sito/area/musei-del-parco/museo-palatino/">Museo Palatino</a>.</span></p>
