	
    {"id":13223,"date":"2020-03-27T10:02:23","date_gmt":"2020-03-27T09:02:23","guid":{"rendered":"https:\/\/colosseo.it\/opere\/fresco-con-apolo-que-suena-la-ctara\/"},"modified":"2020-09-03T12:47:31","modified_gmt":"2020-09-03T10:47:31","slug":"fresco-con-apolo-que-suena-la-ctara","status":"publish","type":"opere","link":"https:\/\/colosseo.it\/es\/opere\/fresco-con-apolo-que-suena-la-ctara\/","title":{"rendered":"Fresco con Apolo tocando la c&iacute;tara"},"content":{"rendered":"<p>Este fragmento de fresco fue hallado en 1950 cera de la \u201cscalae Caci\u201d, la escalera que desde el Cermal, una de las cimas del monte Palatino, conduc\u00eda al Foro Boario. Apolo, reconocible por la corona de laurel sobre la cabeza, est\u00e1 representado semidesnudo, con el carcaj en bandolera y la c\u00edtara en la mano izquierda. Sentado en el trono y de tres cuartos, la figura se recorta sobre un fondo azul cielo compacto. A la derecha del trono, cubierto por una capa p\u00farpura, est\u00e1 representado el \u00f3nfalo (ombligo) de Delfos, ciudad en la que se encuentra el templo de Apolo y que, seg\u00fan la mitolog\u00eda, representaba el centro del mundo. El dios est\u00e1 representado como garante del orden y el equilibrio. Fue elegido como <strong>divinidad protectora por Augusto<\/strong>, quien hizo construir el templo de Apolo Palatino cerca de su residencia.<\/p>\n","protected":false},"featured_media":12021,"template":"","collezioni":[106],"acf":[],"_links":{"self":[{"href":"https:\/\/colosseo.it\/es\/wp-json\/wp\/v2\/opere\/13223"}],"collection":[{"href":"https:\/\/colosseo.it\/es\/wp-json\/wp\/v2\/opere"}],"about":[{"href":"https:\/\/colosseo.it\/es\/wp-json\/wp\/v2\/types\/opere"}],"version-history":[{"count":4,"href":"https:\/\/colosseo.it\/es\/wp-json\/wp\/v2\/opere\/13223\/revisions"}],"predecessor-version":[{"id":16863,"href":"https:\/\/colosseo.it\/es\/wp-json\/wp\/v2\/opere\/13223\/revisions\/16863"}],"wp:featuredmedia":[{"embeddable":true,"href":"https:\/\/colosseo.it\/es\/wp-json\/wp\/v2\/media\/12021"}],"wp:attachment":[{"href":"https:\/\/colosseo.it\/es\/wp-json\/wp\/v2\/media?parent=13223"}],"wp:term":[{"taxonomy":"collezioni","embeddable":true,"href":"https:\/\/colosseo.it\/es\/wp-json\/wp\/v2\/collezioni?post=13223"}],"curies":[{"name":"wp","href":"https:\/\/api.w.org\/{rel}","templated":true}]}}

<p>Este fragmento de fresco fue hallado en 1950 cera de la “scalae Caci”, la escalera que desde el Cermal, una de las cimas del monte Palatino, conducía al Foro Boario. Apolo, reconocible por la corona de laurel sobre la cabeza, está representado semidesnudo, con el carcaj en bandolera y la cítara en la mano izquierda. Sentado en el trono y de tres cuartos, la figura se recorta sobre un fondo azul cielo compacto. A la derecha del trono, cubierto por una capa púrpura, está representado el ónfalo (ombligo) de Delfos, ciudad en la que se encuentra el templo de Apolo y que, según la mitología, representaba el centro del mundo. El dios está representado como garante del orden y el equilibrio. Fue elegido como <strong>divinidad protectora por Augusto</strong>, quien hizo construir el templo de Apolo Palatino cerca de su residencia.</p>
