	
    {"id":7615,"date":"2019-10-04T10:56:53","date_gmt":"2019-10-04T08:56:53","guid":{"rendered":"https:\/\/colosseo.it\/percorsi\/senderos-naturales-por-las-laderas-del-palatino\/"},"modified":"2019-11-22T12:50:14","modified_gmt":"2019-11-22T11:50:14","slug":"senderos-naturales-por-las-laderas-del-palatino","status":"publish","type":"percorsi","link":"https:\/\/colosseo.it\/es\/percorsi\/senderos-naturales-por-las-laderas-del-palatino\/","title":{"rendered":"Senderos naturales por las laderas del Palatino"},"content":{"rendered":"<h2><strong>A partir del 5 de marzo de 2019<\/strong><\/h2>\n<p>Un viaje a trav\u00e9s del tiempo y el espacio. Este es el esp\u00edritu con el que el visitante puede recorrer el camino que serpentea por la vertiente meridional y occidental del Palatino. Partiendo de las llamadas Arcadas Severianas hacia el este, caminando bajo el palacio de los emperadores flavianos y sobre el Circo M\u00e1ximo, se llega a la vertiente sudoeste de la colina, donde R\u00f3mulo fund\u00f3 la Ciudad Eterna y donde vivi\u00f3 Augusto, primer emperador de Roma. Desde aqu\u00ed, continuando por la ladera oeste de la colina, retrocedemos en el tiempo con el santuario de la <em>Magna Mater<\/em> Cibeles y de <em>Victoria<\/em>, desde la <em>Domus Tiberiana<\/em> hasta la iglesia medieval de San Teodoro. Finalmente, atravesando los <em>Horrea Agrippiana<\/em> (graneros), la ruta concluye con la entrada al Foro Romano no sin antes haber recorrido el \u00faltimo tramo de la <em>Vicus Tuscus<\/em>.<\/p>\n<p>Pero el viaje no es solo de inter\u00e9s arqueol\u00f3gico: el itinerario se sit\u00faa en uno de los lugares m\u00e1s bellos y v\u00edrgenes del centro de Roma, tan cerca de la ciudad, tan presente y viva, y aun as\u00ed lejos del ruidoso tr\u00e1fico urbano. Un sendero inmerso, a veces, en completo silencio, en un ambiente casi on\u00edrico, donde los racimos de flores y hierbas, los densos arbustos y la exuberante y espontanea vegetaci\u00f3n forman un escenario rico en vistas y aromas que realzan los poderosos restos de un sitio arqueol\u00f3gico \u00fanico en el mundo.<\/p>\n<p>Reabierto a partir del 5 de marzo de 2019, de 9:00 a 17:00 horas (\u00faltimo pase) con salida del p\u00fablico a las 17:30 horas.<\/p>\n<div style=\"width: 1034px\" class=\"wp-caption alignnone\"><img decoding=\"async\" loading=\"lazy\" class=\"wp-image-4148 size-large\" src=\"https:\/\/colosseo.it\/sito\/wp-content\/uploads\/2019\/02\/percorsi-nel-verde_pianta_Electa-1024x743.jpg\" alt=\"\" width=\"1024\" height=\"743\" srcset=\"https:\/\/colosseo.it\/sito\/wp-content\/uploads\/2019\/02\/percorsi-nel-verde_pianta_Electa-1024x743.jpg 1024w, https:\/\/colosseo.it\/sito\/wp-content\/uploads\/2019\/02\/percorsi-nel-verde_pianta_Electa-300x218.jpg 300w, https:\/\/colosseo.it\/sito\/wp-content\/uploads\/2019\/02\/percorsi-nel-verde_pianta_Electa-768x557.jpg 768w, https:\/\/colosseo.it\/sito\/wp-content\/uploads\/2019\/02\/percorsi-nel-verde_pianta_Electa-1378x1000.jpg 1378w\" sizes=\"(max-width: 1024px) 100vw, 1024px\" \/><p class=\"wp-caption-text\">Mapa de los senderos.<\/p><\/div>\n<p>&nbsp;<\/p>\n<div style=\"width: 220px\" class=\"wp-caption alignnone\"><a href=\"https:\/\/www.electa.it\/en\/product\/pendici-del-palatino\/\"><img decoding=\"async\" loading=\"lazy\" class=\"wp-image-4150 size-medium\" src=\"https:\/\/colosseo.it\/sito\/wp-content\/uploads\/2019\/02\/percorso_sud_cover_guida_WEB-1-210x300.jpg\" alt=\"\" width=\"210\" height=\"300\" srcset=\"https:\/\/colosseo.it\/sito\/wp-content\/uploads\/2019\/02\/percorso_sud_cover_guida_WEB-1-210x300.jpg 210w, https:\/\/colosseo.it\/sito\/wp-content\/uploads\/2019\/02\/percorso_sud_cover_guida_WEB-1-768x1098.jpg 768w, https:\/\/colosseo.it\/sito\/wp-content\/uploads\/2019\/02\/percorso_sud_cover_guida_WEB-1-716x1024.jpg 716w, https:\/\/colosseo.it\/sito\/wp-content\/uploads\/2019\/02\/percorso_sud_cover_guida_WEB-1-700x1000.jpg 700w, https:\/\/colosseo.it\/sito\/wp-content\/uploads\/2019\/02\/percorso_sud_cover_guida_WEB-1.jpg 1472w\" sizes=\"(max-width: 210px) 100vw, 210px\" \/><\/a><p class=\"wp-caption-text\">La gu\u00eda, editada por Electa, se encuentra a la venta en las librer\u00edas del Parque.<\/p><\/div>\n<p>&nbsp;<\/p>\n<p>&nbsp;<\/p>\n<p>&nbsp;<\/p>\n<p>&nbsp;<\/p>\n<p>&nbsp;<\/p>\n<p>&nbsp;<\/p>\n<p>&nbsp;<\/p>\n<p>&nbsp;<\/p>\n<p>&nbsp;<\/p>\n<p>&nbsp;<\/p>\n<div style=\"width: 1034px\" class=\"wp-caption alignnone\"><img decoding=\"async\" loading=\"lazy\" class=\"wp-image-4057 size-large\" src=\"https:\/\/colosseo.it\/sito\/wp-content\/uploads\/2019\/02\/pendici_sud_pino_WEB-1024x539.jpg\" alt=\"\" width=\"1024\" height=\"539\" srcset=\"https:\/\/colosseo.it\/sito\/wp-content\/uploads\/2019\/02\/pendici_sud_pino_WEB-1024x539.jpg 1024w, https:\/\/colosseo.it\/sito\/wp-content\/uploads\/2019\/02\/pendici_sud_pino_WEB-300x158.jpg 300w, https:\/\/colosseo.it\/sito\/wp-content\/uploads\/2019\/02\/pendici_sud_pino_WEB-768x404.jpg 768w, https:\/\/colosseo.it\/sito\/wp-content\/uploads\/2019\/02\/pendici_sud_pino_WEB.jpg 1500w\" sizes=\"(max-width: 1024px) 100vw, 1024px\" \/><p class=\"wp-caption-text\">Palatino, ladera sur antes de una tormenta de verano.<\/p><\/div>\n<p>&nbsp;<\/p>\n<div style=\"width: 1034px\" class=\"wp-caption alignnone\"><img decoding=\"async\" loading=\"lazy\" class=\"wp-image-4045 size-large\" src=\"https:\/\/colosseo.it\/sito\/wp-content\/uploads\/2019\/02\/pendici_SW_web-1024x539.jpg\" alt=\"\" width=\"1024\" height=\"539\" srcset=\"https:\/\/colosseo.it\/sito\/wp-content\/uploads\/2019\/02\/pendici_SW_web-1024x539.jpg 1024w, https:\/\/colosseo.it\/sito\/wp-content\/uploads\/2019\/02\/pendici_SW_web-300x158.jpg 300w, https:\/\/colosseo.it\/sito\/wp-content\/uploads\/2019\/02\/pendici_SW_web-768x404.jpg 768w, https:\/\/colosseo.it\/sito\/wp-content\/uploads\/2019\/02\/pendici_SW_web.jpg 1500w\" sizes=\"(max-width: 1024px) 100vw, 1024px\" \/><p class=\"wp-caption-text\">Palatino, ladera sudoeste.<\/p><\/div>\n<p>&nbsp;<\/p>\n<div style=\"width: 1034px\" class=\"wp-caption alignnone\"><img decoding=\"async\" loading=\"lazy\" class=\"wp-image-4047 size-large\" src=\"https:\/\/colosseo.it\/sito\/wp-content\/uploads\/2019\/02\/Pedagogium_web-1024x539.jpg\" alt=\"\" width=\"1024\" height=\"539\" srcset=\"https:\/\/colosseo.it\/sito\/wp-content\/uploads\/2019\/02\/Pedagogium_web-1024x539.jpg 1024w, https:\/\/colosseo.it\/sito\/wp-content\/uploads\/2019\/02\/Pedagogium_web-300x158.jpg 300w, https:\/\/colosseo.it\/sito\/wp-content\/uploads\/2019\/02\/Pedagogium_web-768x404.jpg 768w, https:\/\/colosseo.it\/sito\/wp-content\/uploads\/2019\/02\/Pedagogium_web.jpg 1500w\" sizes=\"(max-width: 1024px) 100vw, 1024px\" \/><p class=\"wp-caption-text\">Palatino, ladera sur: el Pedagogium.<\/p><\/div>\n<p>&nbsp;<\/p>\n<div style=\"width: 1034px\" class=\"wp-caption alignnone\"><img decoding=\"async\" loading=\"lazy\" class=\"wp-image-4051 size-large\" src=\"https:\/\/colosseo.it\/sito\/wp-content\/uploads\/2019\/02\/arcate_severiane_neve_web-1024x539.jpg\" alt=\"\" width=\"1024\" height=\"539\" srcset=\"https:\/\/colosseo.it\/sito\/wp-content\/uploads\/2019\/02\/arcate_severiane_neve_web-1024x539.jpg 1024w, https:\/\/colosseo.it\/sito\/wp-content\/uploads\/2019\/02\/arcate_severiane_neve_web-300x158.jpg 300w, https:\/\/colosseo.it\/sito\/wp-content\/uploads\/2019\/02\/arcate_severiane_neve_web-768x404.jpg 768w, https:\/\/colosseo.it\/sito\/wp-content\/uploads\/2019\/02\/arcate_severiane_neve_web.jpg 1500w\" sizes=\"(max-width: 1024px) 100vw, 1024px\" \/><p class=\"wp-caption-text\">El Circo M\u00e1ximo y, a la derecha, los Arcadas Severianas (ladera meridional del Palatino) tras la gran nevada del 26 de febrero de 2018.<\/p><\/div>\n","protected":false},"excerpt":{"rendered":"<p>A partir del 5 de marzo de 2019 Un viaje a trav\u00e9s del tiempo y el espacio. Este es el esp\u00edritu con el que el visitante puede recorrer el camino que serpentea por la vertiente meridional y occidental del Palatino. Partiendo de las llamadas Arcadas Severianas hacia el este, caminando bajo el palacio de los<a class=\"excerpt-read-more\" href=\"https:\/\/colosseo.it\/es\/percorsi\/senderos-naturales-por-las-laderas-del-palatino\/\" title=\"ReadSenderos naturales por las laderas del Palatino\">&#8230; Read more &raquo;<\/a><\/p>\n","protected":false},"featured_media":7382,"parent":0,"template":"","acf":[],"_links":{"self":[{"href":"https:\/\/colosseo.it\/es\/wp-json\/wp\/v2\/percorsi\/7615"}],"collection":[{"href":"https:\/\/colosseo.it\/es\/wp-json\/wp\/v2\/percorsi"}],"about":[{"href":"https:\/\/colosseo.it\/es\/wp-json\/wp\/v2\/types\/percorsi"}],"version-history":[{"count":0,"href":"https:\/\/colosseo.it\/es\/wp-json\/wp\/v2\/percorsi\/7615\/revisions"}],"wp:featuredmedia":[{"embeddable":true,"href":"https:\/\/colosseo.it\/es\/wp-json\/wp\/v2\/media\/7382"}],"wp:attachment":[{"href":"https:\/\/colosseo.it\/es\/wp-json\/wp\/v2\/media?parent=7615"}],"curies":[{"name":"wp","href":"https:\/\/api.w.org\/{rel}","templated":true}]}}

<h2><strong>A partir del 5 de marzo de 2019</strong></h2>
<p>Un viaje a través del tiempo y el espacio. Este es el espíritu con el que el visitante puede recorrer el camino que serpentea por la vertiente meridional y occidental del Palatino. Partiendo de las llamadas Arcadas Severianas hacia el este, caminando bajo el palacio de los emperadores flavianos y sobre el Circo Máximo, se llega a la vertiente sudoeste de la colina, donde Rómulo fundó la Ciudad Eterna y donde vivió Augusto, primer emperador de Roma. Desde aquí, continuando por la ladera oeste de la colina, retrocedemos en el tiempo con el santuario de la <em>Magna Mater</em> Cibeles y de <em>Victoria</em>, desde la <em>Domus Tiberiana</em> hasta la iglesia medieval de San Teodoro. Finalmente, atravesando los <em>Horrea Agrippiana</em> (graneros), la ruta concluye con la entrada al Foro Romano no sin antes haber recorrido el último tramo de la <em>Vicus Tuscus</em>.</p>
<p>Pero el viaje no es solo de interés arqueológico: el itinerario se sitúa en uno de los lugares más bellos y vírgenes del centro de Roma, tan cerca de la ciudad, tan presente y viva, y aun así lejos del ruidoso tráfico urbano. Un sendero inmerso, a veces, en completo silencio, en un ambiente casi onírico, donde los racimos de flores y hierbas, los densos arbustos y la exuberante y espontanea vegetación forman un escenario rico en vistas y aromas que realzan los poderosos restos de un sitio arqueológico único en el mundo.</p>
<p>Reabierto a partir del 5 de marzo de 2019, de 9:00 a 17:00 horas (último pase) con salida del público a las 17:30 horas.</p>
<div style="width: 1034px" class="wp-caption alignnone"><img decoding="async" loading="lazy" class="wp-image-4148 size-large" src="https://colosseo.it/sito/wp-content/uploads/2019/02/percorsi-nel-verde_pianta_Electa-1024x743.jpg" alt="" width="1024" height="743" srcset="https://colosseo.it/sito/wp-content/uploads/2019/02/percorsi-nel-verde_pianta_Electa-1024x743.jpg 1024w, https://colosseo.it/sito/wp-content/uploads/2019/02/percorsi-nel-verde_pianta_Electa-300x218.jpg 300w, https://colosseo.it/sito/wp-content/uploads/2019/02/percorsi-nel-verde_pianta_Electa-768x557.jpg 768w, https://colosseo.it/sito/wp-content/uploads/2019/02/percorsi-nel-verde_pianta_Electa-1378x1000.jpg 1378w" sizes="(max-width: 1024px) 100vw, 1024px" /><p class="wp-caption-text">Mapa de los senderos.</p></div>
<p>&nbsp;</p>
<div style="width: 220px" class="wp-caption alignnone"><a href="https://www.electa.it/en/product/pendici-del-palatino/"><img decoding="async" loading="lazy" class="wp-image-4150 size-medium" src="https://colosseo.it/sito/wp-content/uploads/2019/02/percorso_sud_cover_guida_WEB-1-210x300.jpg" alt="" width="210" height="300" srcset="https://colosseo.it/sito/wp-content/uploads/2019/02/percorso_sud_cover_guida_WEB-1-210x300.jpg 210w, https://colosseo.it/sito/wp-content/uploads/2019/02/percorso_sud_cover_guida_WEB-1-768x1098.jpg 768w, https://colosseo.it/sito/wp-content/uploads/2019/02/percorso_sud_cover_guida_WEB-1-716x1024.jpg 716w, https://colosseo.it/sito/wp-content/uploads/2019/02/percorso_sud_cover_guida_WEB-1-700x1000.jpg 700w, https://colosseo.it/sito/wp-content/uploads/2019/02/percorso_sud_cover_guida_WEB-1.jpg 1472w" sizes="(max-width: 210px) 100vw, 210px" /></a><p class="wp-caption-text">La guía, editada por Electa, se encuentra a la venta en las librerías del Parque.</p></div>
<p>&nbsp;</p>
<p>&nbsp;</p>
<p>&nbsp;</p>
<p>&nbsp;</p>
<p>&nbsp;</p>
<p>&nbsp;</p>
<p>&nbsp;</p>
<p>&nbsp;</p>
<p>&nbsp;</p>
<p>&nbsp;</p>
<div style="width: 1034px" class="wp-caption alignnone"><img decoding="async" loading="lazy" class="wp-image-4057 size-large" src="https://colosseo.it/sito/wp-content/uploads/2019/02/pendici_sud_pino_WEB-1024x539.jpg" alt="" width="1024" height="539" srcset="https://colosseo.it/sito/wp-content/uploads/2019/02/pendici_sud_pino_WEB-1024x539.jpg 1024w, https://colosseo.it/sito/wp-content/uploads/2019/02/pendici_sud_pino_WEB-300x158.jpg 300w, https://colosseo.it/sito/wp-content/uploads/2019/02/pendici_sud_pino_WEB-768x404.jpg 768w, https://colosseo.it/sito/wp-content/uploads/2019/02/pendici_sud_pino_WEB.jpg 1500w" sizes="(max-width: 1024px) 100vw, 1024px" /><p class="wp-caption-text">Palatino, ladera sur antes de una tormenta de verano.</p></div>
<p>&nbsp;</p>
<div style="width: 1034px" class="wp-caption alignnone"><img decoding="async" loading="lazy" class="wp-image-4045 size-large" src="https://colosseo.it/sito/wp-content/uploads/2019/02/pendici_SW_web-1024x539.jpg" alt="" width="1024" height="539" srcset="https://colosseo.it/sito/wp-content/uploads/2019/02/pendici_SW_web-1024x539.jpg 1024w, https://colosseo.it/sito/wp-content/uploads/2019/02/pendici_SW_web-300x158.jpg 300w, https://colosseo.it/sito/wp-content/uploads/2019/02/pendici_SW_web-768x404.jpg 768w, https://colosseo.it/sito/wp-content/uploads/2019/02/pendici_SW_web.jpg 1500w" sizes="(max-width: 1024px) 100vw, 1024px" /><p class="wp-caption-text">Palatino, ladera sudoeste.</p></div>
<p>&nbsp;</p>
<div style="width: 1034px" class="wp-caption alignnone"><img decoding="async" loading="lazy" class="wp-image-4047 size-large" src="https://colosseo.it/sito/wp-content/uploads/2019/02/Pedagogium_web-1024x539.jpg" alt="" width="1024" height="539" srcset="https://colosseo.it/sito/wp-content/uploads/2019/02/Pedagogium_web-1024x539.jpg 1024w, https://colosseo.it/sito/wp-content/uploads/2019/02/Pedagogium_web-300x158.jpg 300w, https://colosseo.it/sito/wp-content/uploads/2019/02/Pedagogium_web-768x404.jpg 768w, https://colosseo.it/sito/wp-content/uploads/2019/02/Pedagogium_web.jpg 1500w" sizes="(max-width: 1024px) 100vw, 1024px" /><p class="wp-caption-text">Palatino, ladera sur: el Pedagogium.</p></div>
<p>&nbsp;</p>
<div style="width: 1034px" class="wp-caption alignnone"><img decoding="async" loading="lazy" class="wp-image-4051 size-large" src="https://colosseo.it/sito/wp-content/uploads/2019/02/arcate_severiane_neve_web-1024x539.jpg" alt="" width="1024" height="539" srcset="https://colosseo.it/sito/wp-content/uploads/2019/02/arcate_severiane_neve_web-1024x539.jpg 1024w, https://colosseo.it/sito/wp-content/uploads/2019/02/arcate_severiane_neve_web-300x158.jpg 300w, https://colosseo.it/sito/wp-content/uploads/2019/02/arcate_severiane_neve_web-768x404.jpg 768w, https://colosseo.it/sito/wp-content/uploads/2019/02/arcate_severiane_neve_web.jpg 1500w" sizes="(max-width: 1024px) 100vw, 1024px" /><p class="wp-caption-text">El Circo Máximo y, a la derecha, los Arcadas Severianas (ladera meridional del Palatino) tras la gran nevada del 26 de febrero de 2018.</p></div>

<p>A partir del 5 de marzo de 2019 Un viaje a través del tiempo y el espacio. Este es el espíritu con el que el visitante puede recorrer el camino que serpentea por la vertiente meridional y occidental del Palatino. Partiendo de las llamadas Arcadas Severianas hacia el este, caminando bajo el palacio de los<a class="excerpt-read-more" href="https://colosseo.it/es/percorsi/senderos-naturales-por-las-laderas-del-palatino/" title="ReadSenderos naturales por las laderas del Palatino">&#8230; Read more &raquo;</a></p>
