	
    {"id":7616,"date":"2019-10-04T10:56:55","date_gmt":"2019-10-04T08:56:55","guid":{"rendered":"https:\/\/colosseo.it\/percorsi\/las-vistas-del-grand-tour\/"},"modified":"2019-11-22T12:49:23","modified_gmt":"2019-11-22T11:49:23","slug":"las-vistas-del-grand-tour","status":"publish","type":"percorsi","link":"https:\/\/colosseo.it\/es\/percorsi\/las-vistas-del-grand-tour\/","title":{"rendered":"Las vistas del Grand Tour"},"content":{"rendered":"<h2>Desde enero de 2019<\/h2>\n<p class=\"p1\"><span class=\"s1\">\u00bfC\u00f3mo se mostraron el Coliseo, el Arco de Tito o el Valle del Foro a ojos de un antiguo viajero? De esta fascinante pregunta nace la ruta Gran Tour en el Parque, que permitir\u00e1 al visitante comparar el paisaje actual con el que pudieron admirar los viajeros que, entre finales del siglo XVI y el XIX, recorrieron Italia, deteni\u00e9ndose especialmente en Roma, para perfeccionar su formaci\u00f3n cultural.<\/span><\/p>\n<p class=\"p1\"><span class=\"s1\">El Coliseo, el Arco de Tito, el Valle del Foro (o, como se llamaba en aquel tiempo, el Campo Vaccino), se revelan ahora al visitante gracias a las obras de algunos de los principales artistas europeos del pasado, como Van Wittel, Canaletto, Piranesi, Turner y Corot. Estos artistas se inspiraron en las antig\u00fcedades para crear obras del m\u00e1s alto nivel, pensadas como recuerdos para los viajeros cultos y acomodados de la \u00e9poca.<\/span><\/p>\n<p class=\"p1\"><span class=\"s1\">El recorrido se divide en diferentes puntos de inter\u00e9s que muestran las mismas vistas de los viajeros del Gran Tour con ilustraciones acompa\u00f1adas de breves textos informativos. La selecci\u00f3n de obras que se presentan en este itinerario parte de finales del Cinquecento y se extiende hasta la segunda mitad del Ottocento, lo que evidencia la nueva afluencia de viajeros del Gran Tour incluso en el siglo XIX, procedentes, especialmente, de los Estados Unidos.<\/span><\/p>\n<p class=\"p1\"><span class=\"s1\">La mayor parte de las vistas, dise\u00f1adas con un inter\u00e9s paisaj\u00edstico y, m\u00e1s detalladamente, para ilustrar las antig\u00fcedades, se concentran en el valle del Foro. Pero evidentemente no podemos ignorar el inter\u00e9s de los artistas por el icono romano por antonomasia, que en el imaginario colectivo puede superponerse a la idea misma de Roma: el Coliseo.<\/span><\/p>\n<div style=\"width: 1034px\" class=\"wp-caption alignnone\"><img decoding=\"async\" loading=\"lazy\" class=\"wp-image-4125 size-large\" src=\"https:\/\/colosseo.it\/sito\/wp-content\/uploads\/2019\/02\/Parco_carta_Grand_Tour_2019_web-1024x831.jpg\" alt=\"\" width=\"1024\" height=\"831\" srcset=\"https:\/\/colosseo.it\/sito\/wp-content\/uploads\/2019\/02\/Parco_carta_Grand_Tour_2019_web-1024x831.jpg 1024w, https:\/\/colosseo.it\/sito\/wp-content\/uploads\/2019\/02\/Parco_carta_Grand_Tour_2019_web-300x243.jpg 300w, https:\/\/colosseo.it\/sito\/wp-content\/uploads\/2019\/02\/Parco_carta_Grand_Tour_2019_web-768x623.jpg 768w, https:\/\/colosseo.it\/sito\/wp-content\/uploads\/2019\/02\/Parco_carta_Grand_Tour_2019_web-1232x1000.jpg 1232w\" sizes=\"(max-width: 1024px) 100vw, 1024px\" \/><p class=\"wp-caption-text\">Mapa esquem\u00e1tico con los puntos de inter\u00e9s<\/p><\/div>\n<p>&nbsp;<\/p>\n<div style=\"width: 223px\" class=\"wp-caption alignnone\"><a href=\"https:\/\/www.electa.it\/prodotto\/colosseo-foro-romano-palatino\/\"><img decoding=\"async\" loading=\"lazy\" class=\"wp-image-4069 size-medium\" src=\"https:\/\/colosseo.it\/sito\/wp-content\/uploads\/2019\/02\/GrandTour_cover_WEB-213x300.jpg\" alt=\"\" width=\"213\" height=\"300\" srcset=\"https:\/\/colosseo.it\/sito\/wp-content\/uploads\/2019\/02\/GrandTour_cover_WEB-213x300.jpg 213w, https:\/\/colosseo.it\/sito\/wp-content\/uploads\/2019\/02\/GrandTour_cover_WEB.jpg 560w\" sizes=\"(max-width: 213px) 100vw, 213px\" \/><\/a><p class=\"wp-caption-text\">La gu\u00eda, editada por Electa, se encuentra a la venta en las librer\u00edas del Parque.<\/p><\/div>\n<p>&nbsp;<\/p>\n<p>&nbsp;<\/p>\n<p>&nbsp;<\/p>\n<p>&nbsp;<\/p>\n<p>&nbsp;<\/p>\n<p>&nbsp;<\/p>\n<p>&nbsp;<\/p>\n<p>&nbsp;<\/p>\n<p>&nbsp;<\/p>\n<p>&nbsp;<\/p>\n<div style=\"width: 1034px\" class=\"wp-caption alignnone\"><img decoding=\"async\" loading=\"lazy\" class=\"wp-image-4067 size-large\" src=\"https:\/\/colosseo.it\/sito\/wp-content\/uploads\/2019\/02\/joli_appaiato_WEB-1024x367.jpg\" alt=\"\" width=\"1024\" height=\"367\" srcset=\"https:\/\/colosseo.it\/sito\/wp-content\/uploads\/2019\/02\/joli_appaiato_WEB-1024x367.jpg 1024w, https:\/\/colosseo.it\/sito\/wp-content\/uploads\/2019\/02\/joli_appaiato_WEB-300x108.jpg 300w, https:\/\/colosseo.it\/sito\/wp-content\/uploads\/2019\/02\/joli_appaiato_WEB-768x275.jpg 768w, https:\/\/colosseo.it\/sito\/wp-content\/uploads\/2019\/02\/joli_appaiato_WEB.jpg 1500w\" sizes=\"(max-width: 1024px) 100vw, 1024px\" \/><p class=\"wp-caption-text\">Foro Romano: comparaci\u00f3n entre el cuadro de Antonio Joli (1745) y la visi\u00f3n actual.<\/p><\/div>\n<p>&nbsp;<\/p>\n<p>&nbsp;<\/p>\n<p>&nbsp;<\/p>\n<p>&nbsp;<\/p>\n<p>&nbsp;<\/p>\n<p>&nbsp;<\/p>\n<p>&nbsp;<\/p>\n<p>&nbsp;<\/p>\n<p>&nbsp;<\/p>\n","protected":false},"excerpt":{"rendered":"<p>Desde enero de 2019 \u00bfC\u00f3mo se mostraron el Coliseo, el Arco de Tito o el Valle del Foro a ojos de un antiguo viajero? De esta fascinante pregunta nace la ruta Gran Tour en el Parque, que permitir\u00e1 al visitante comparar el paisaje actual con el que pudieron admirar los viajeros que, entre finales del<a class=\"excerpt-read-more\" href=\"https:\/\/colosseo.it\/es\/percorsi\/las-vistas-del-grand-tour\/\" title=\"ReadLas vistas del Grand Tour\">&#8230; Read more &raquo;<\/a><\/p>\n","protected":false},"featured_media":7386,"parent":0,"template":"","acf":[],"_links":{"self":[{"href":"https:\/\/colosseo.it\/es\/wp-json\/wp\/v2\/percorsi\/7616"}],"collection":[{"href":"https:\/\/colosseo.it\/es\/wp-json\/wp\/v2\/percorsi"}],"about":[{"href":"https:\/\/colosseo.it\/es\/wp-json\/wp\/v2\/types\/percorsi"}],"version-history":[{"count":1,"href":"https:\/\/colosseo.it\/es\/wp-json\/wp\/v2\/percorsi\/7616\/revisions"}],"predecessor-version":[{"id":10948,"href":"https:\/\/colosseo.it\/es\/wp-json\/wp\/v2\/percorsi\/7616\/revisions\/10948"}],"wp:featuredmedia":[{"embeddable":true,"href":"https:\/\/colosseo.it\/es\/wp-json\/wp\/v2\/media\/7386"}],"wp:attachment":[{"href":"https:\/\/colosseo.it\/es\/wp-json\/wp\/v2\/media?parent=7616"}],"curies":[{"name":"wp","href":"https:\/\/api.w.org\/{rel}","templated":true}]}}

<h2>Desde enero de 2019</h2>
<p class="p1"><span class="s1">¿Cómo se mostraron el Coliseo, el Arco de Tito o el Valle del Foro a ojos de un antiguo viajero? De esta fascinante pregunta nace la ruta Gran Tour en el Parque, que permitirá al visitante comparar el paisaje actual con el que pudieron admirar los viajeros que, entre finales del siglo XVI y el XIX, recorrieron Italia, deteniéndose especialmente en Roma, para perfeccionar su formación cultural.</span></p>
<p class="p1"><span class="s1">El Coliseo, el Arco de Tito, el Valle del Foro (o, como se llamaba en aquel tiempo, el Campo Vaccino), se revelan ahora al visitante gracias a las obras de algunos de los principales artistas europeos del pasado, como Van Wittel, Canaletto, Piranesi, Turner y Corot. Estos artistas se inspiraron en las antigüedades para crear obras del más alto nivel, pensadas como recuerdos para los viajeros cultos y acomodados de la época.</span></p>
<p class="p1"><span class="s1">El recorrido se divide en diferentes puntos de interés que muestran las mismas vistas de los viajeros del Gran Tour con ilustraciones acompañadas de breves textos informativos. La selección de obras que se presentan en este itinerario parte de finales del Cinquecento y se extiende hasta la segunda mitad del Ottocento, lo que evidencia la nueva afluencia de viajeros del Gran Tour incluso en el siglo XIX, procedentes, especialmente, de los Estados Unidos.</span></p>
<p class="p1"><span class="s1">La mayor parte de las vistas, diseñadas con un interés paisajístico y, más detalladamente, para ilustrar las antigüedades, se concentran en el valle del Foro. Pero evidentemente no podemos ignorar el interés de los artistas por el icono romano por antonomasia, que en el imaginario colectivo puede superponerse a la idea misma de Roma: el Coliseo.</span></p>
<div style="width: 1034px" class="wp-caption alignnone"><img decoding="async" loading="lazy" class="wp-image-4125 size-large" src="https://colosseo.it/sito/wp-content/uploads/2019/02/Parco_carta_Grand_Tour_2019_web-1024x831.jpg" alt="" width="1024" height="831" srcset="https://colosseo.it/sito/wp-content/uploads/2019/02/Parco_carta_Grand_Tour_2019_web-1024x831.jpg 1024w, https://colosseo.it/sito/wp-content/uploads/2019/02/Parco_carta_Grand_Tour_2019_web-300x243.jpg 300w, https://colosseo.it/sito/wp-content/uploads/2019/02/Parco_carta_Grand_Tour_2019_web-768x623.jpg 768w, https://colosseo.it/sito/wp-content/uploads/2019/02/Parco_carta_Grand_Tour_2019_web-1232x1000.jpg 1232w" sizes="(max-width: 1024px) 100vw, 1024px" /><p class="wp-caption-text">Mapa esquemático con los puntos de interés</p></div>
<p>&nbsp;</p>
<div style="width: 223px" class="wp-caption alignnone"><a href="https://www.electa.it/prodotto/colosseo-foro-romano-palatino/"><img decoding="async" loading="lazy" class="wp-image-4069 size-medium" src="https://colosseo.it/sito/wp-content/uploads/2019/02/GrandTour_cover_WEB-213x300.jpg" alt="" width="213" height="300" srcset="https://colosseo.it/sito/wp-content/uploads/2019/02/GrandTour_cover_WEB-213x300.jpg 213w, https://colosseo.it/sito/wp-content/uploads/2019/02/GrandTour_cover_WEB.jpg 560w" sizes="(max-width: 213px) 100vw, 213px" /></a><p class="wp-caption-text">La guía, editada por Electa, se encuentra a la venta en las librerías del Parque.</p></div>
<p>&nbsp;</p>
<p>&nbsp;</p>
<p>&nbsp;</p>
<p>&nbsp;</p>
<p>&nbsp;</p>
<p>&nbsp;</p>
<p>&nbsp;</p>
<p>&nbsp;</p>
<p>&nbsp;</p>
<p>&nbsp;</p>
<div style="width: 1034px" class="wp-caption alignnone"><img decoding="async" loading="lazy" class="wp-image-4067 size-large" src="https://colosseo.it/sito/wp-content/uploads/2019/02/joli_appaiato_WEB-1024x367.jpg" alt="" width="1024" height="367" srcset="https://colosseo.it/sito/wp-content/uploads/2019/02/joli_appaiato_WEB-1024x367.jpg 1024w, https://colosseo.it/sito/wp-content/uploads/2019/02/joli_appaiato_WEB-300x108.jpg 300w, https://colosseo.it/sito/wp-content/uploads/2019/02/joli_appaiato_WEB-768x275.jpg 768w, https://colosseo.it/sito/wp-content/uploads/2019/02/joli_appaiato_WEB.jpg 1500w" sizes="(max-width: 1024px) 100vw, 1024px" /><p class="wp-caption-text">Foro Romano: comparación entre el cuadro de Antonio Joli (1745) y la visión actual.</p></div>
<p>&nbsp;</p>
<p>&nbsp;</p>
<p>&nbsp;</p>
<p>&nbsp;</p>
<p>&nbsp;</p>
<p>&nbsp;</p>
<p>&nbsp;</p>
<p>&nbsp;</p>
<p>&nbsp;</p>

<p>Desde enero de 2019 ¿Cómo se mostraron el Coliseo, el Arco de Tito o el Valle del Foro a ojos de un antiguo viajero? De esta fascinante pregunta nace la ruta Gran Tour en el Parque, que permitirá al visitante comparar el paisaje actual con el que pudieron admirar los viajeros que, entre finales del<a class="excerpt-read-more" href="https://colosseo.it/es/percorsi/las-vistas-del-grand-tour/" title="ReadLas vistas del Grand Tour">&#8230; Read more &raquo;</a></p>
