	
    {"id":32717,"date":"2022-07-13T14:26:14","date_gmt":"2022-07-13T12:26:14","guid":{"rendered":"https:\/\/colosseo.it\/?post_type=pubblicazioni&#038;p=32717"},"modified":"2022-07-13T14:26:14","modified_gmt":"2022-07-13T12:26:14","slug":"colonna-traiana-atlante-fotografico-trajans-column-a-photographic-atlas","status":"publish","type":"pubblicazioni","link":"https:\/\/colosseo.it\/es\/pubblicazioni\/colonna-traiana-atlante-fotografico-trajans-column-a-photographic-atlas\/","title":{"rendered":"Colonna Traiana. Atlante fotografico (Trajan&#8217;s Column. A Photographic Atlas)"},"content":{"rendered":"<p style=\"text-align: justify;\">La Colonna Traiana, inaugurata il 12 maggio del 113 d.C. allo scopo di celebrare le campagne militari di Traiano in Dacia (101-106), per la complessit\u00e0 delle scene e lo straordinario valore artistico dei bassorilievi che raccontano quegli avvenimenti lungo un fregio spiraliforme di circa 200 metri, rappresenta uno dei monumenti pi\u00f9 significativi dell&#8217;arte di et\u00e0 romana imperiale, oltre a costituire, da secoli, un \u201csegno\u201d iconico, in grado di polarizzare l&#8217;attenzione dei cittadini romani e dei turisti che frequentano l&#8217;area archeologica centrale di Roma. La Colonna, anche dopo la rovina degli altri edifici del Foro traianeo, rimase intatta e la sua funzione simbolica non si \u00e8 interrotta nel tempo, tanto che nel 1162 fu emanato un editto da parte del Senato Romano che ne vietava il danneggiamento, pena la morte, mentre, tra gli avvenimenti pi\u00f9 significativi che hanno riguardato il monumento, una menzione particolare spetta a Papa Sisto V per aver fatto collocare, nel 1587, sulla sua sommit\u00e0 la statua in bronzo di San Pietro e costruire un muro di recinzione per proteggerne il basamento. Tra gli interventi di restauro susseguitisi nel corso dei secoli, particolarmente importante \u00e8 stato quello realizzato negli anni Ottanta del secolo scorso, documentato da un meticoloso lavoro di ricognizione fotografica, confluito nei fondi fotografici dell&#8217;<a href=\"http:\/\/www.iccd.beniculturali.it\/\">Istituto Centrale per il Catalogo e la Documentazione<\/a>, che, con grande merito, ne ha curato ora l&#8217;edizione in questo Atlante fotografico della Colonna Traiana. E il volume si presenta di straordinaria importanza per il Parco archeologico del Colosseo quale fondamentale strumento di lavoro per orientare le attivit\u00e0 di tutela e valorizzazione della Colonna Traiana (di cui \u00e8 responsabile), in quanto raccoglie dati particolarmente significativi sullo stato di conservazione del monumento nel corso di questi ultimi quarant&#8217;anni e rappresenta una base di confronto con le risultanze di un&#8217;ulteriore campagna di documentazione video e fotografica, realizzata dallo stesso Parco archeologico nel 2020 ed eseguita con l&#8217;ausilio di droni e Laser scanner 3D. In un&#8217;ottica pi\u00f9 complessiva, si deve all&#8217;ICCD aver realizzato, attraverso questo Atlante fotografico, uno strumento prezioso per promuovere la conoscenza e rinnovare l&#8217;attenzione sulla Colonna Traiana, la cui fortuna resta inalterata senza soluzione di continuit\u00e0 sino all&#8217;et\u00e0 contemporanea ed \u00e8 testimoniata dai numerosi monumenti celebrativi ispirati da questo straordinario capolavoro dell&#8217;arte antica.<\/p>\n","protected":false},"excerpt":{"rendered":"<p>La Colonna Traiana, inaugurata il 12 maggio del 113 d.C. allo scopo di celebrare le campagne militari di Traiano in Dacia (101-106), per la complessit\u00e0 delle scene e lo straordinario valore artistico dei bassorilievi che raccontano quegli avvenimenti lungo un fregio spiraliforme di circa 200 metri, rappresenta uno dei monumenti pi\u00f9 significativi dell&#8217;arte di et\u00e0<a class=\"excerpt-read-more\" href=\"https:\/\/colosseo.it\/es\/pubblicazioni\/colonna-traiana-atlante-fotografico-trajans-column-a-photographic-atlas\/\" title=\"ReadColonna Traiana. Atlante fotografico (Trajan&#8217;s Column. A Photographic Atlas)\">&#8230; Read more &raquo;<\/a><\/p>\n","protected":false},"featured_media":32718,"template":"","casa_editrice":[234],"anno_pubblicazione":[265],"luogo_pubblicazione":[231],"categoria_pubblicazioni":[238],"acf":[],"_links":{"self":[{"href":"https:\/\/colosseo.it\/es\/wp-json\/wp\/v2\/pubblicazioni\/32717"}],"collection":[{"href":"https:\/\/colosseo.it\/es\/wp-json\/wp\/v2\/pubblicazioni"}],"about":[{"href":"https:\/\/colosseo.it\/es\/wp-json\/wp\/v2\/types\/pubblicazioni"}],"wp:featuredmedia":[{"embeddable":true,"href":"https:\/\/colosseo.it\/es\/wp-json\/wp\/v2\/media\/32718"}],"wp:attachment":[{"href":"https:\/\/colosseo.it\/es\/wp-json\/wp\/v2\/media?parent=32717"}],"wp:term":[{"taxonomy":"casa_editrice","embeddable":true,"href":"https:\/\/colosseo.it\/es\/wp-json\/wp\/v2\/casa_editrice?post=32717"},{"taxonomy":"anno_pubblicazione","embeddable":true,"href":"https:\/\/colosseo.it\/es\/wp-json\/wp\/v2\/anno_pubblicazione?post=32717"},{"taxonomy":"luogo_pubblicazione","embeddable":true,"href":"https:\/\/colosseo.it\/es\/wp-json\/wp\/v2\/luogo_pubblicazione?post=32717"},{"taxonomy":"categoria_pubblicazioni","embeddable":true,"href":"https:\/\/colosseo.it\/es\/wp-json\/wp\/v2\/categoria_pubblicazioni?post=32717"}],"curies":[{"name":"wp","href":"https:\/\/api.w.org\/{rel}","templated":true}]}}

<p style="text-align: justify;">La Colonna Traiana, inaugurata il 12 maggio del 113 d.C. allo scopo di celebrare le campagne militari di Traiano in Dacia (101-106), per la complessità delle scene e lo straordinario valore artistico dei bassorilievi che raccontano quegli avvenimenti lungo un fregio spiraliforme di circa 200 metri, rappresenta uno dei monumenti più significativi dell&#8217;arte di età romana imperiale, oltre a costituire, da secoli, un “segno” iconico, in grado di polarizzare l&#8217;attenzione dei cittadini romani e dei turisti che frequentano l&#8217;area archeologica centrale di Roma. La Colonna, anche dopo la rovina degli altri edifici del Foro traianeo, rimase intatta e la sua funzione simbolica non si è interrotta nel tempo, tanto che nel 1162 fu emanato un editto da parte del Senato Romano che ne vietava il danneggiamento, pena la morte, mentre, tra gli avvenimenti più significativi che hanno riguardato il monumento, una menzione particolare spetta a Papa Sisto V per aver fatto collocare, nel 1587, sulla sua sommità la statua in bronzo di San Pietro e costruire un muro di recinzione per proteggerne il basamento. Tra gli interventi di restauro susseguitisi nel corso dei secoli, particolarmente importante è stato quello realizzato negli anni Ottanta del secolo scorso, documentato da un meticoloso lavoro di ricognizione fotografica, confluito nei fondi fotografici dell&#8217;<a href="http://www.iccd.beniculturali.it/">Istituto Centrale per il Catalogo e la Documentazione</a>, che, con grande merito, ne ha curato ora l&#8217;edizione in questo Atlante fotografico della Colonna Traiana. E il volume si presenta di straordinaria importanza per il Parco archeologico del Colosseo quale fondamentale strumento di lavoro per orientare le attività di tutela e valorizzazione della Colonna Traiana (di cui è responsabile), in quanto raccoglie dati particolarmente significativi sullo stato di conservazione del monumento nel corso di questi ultimi quarant&#8217;anni e rappresenta una base di confronto con le risultanze di un&#8217;ulteriore campagna di documentazione video e fotografica, realizzata dallo stesso Parco archeologico nel 2020 ed eseguita con l&#8217;ausilio di droni e Laser scanner 3D. In un&#8217;ottica più complessiva, si deve all&#8217;ICCD aver realizzato, attraverso questo Atlante fotografico, uno strumento prezioso per promuovere la conoscenza e rinnovare l&#8217;attenzione sulla Colonna Traiana, la cui fortuna resta inalterata senza soluzione di continuità sino all&#8217;età contemporanea ed è testimoniata dai numerosi monumenti celebrativi ispirati da questo straordinario capolavoro dell&#8217;arte antica.</p>

<p>La Colonna Traiana, inaugurata il 12 maggio del 113 d.C. allo scopo di celebrare le campagne militari di Traiano in Dacia (101-106), per la complessità delle scene e lo straordinario valore artistico dei bassorilievi che raccontano quegli avvenimenti lungo un fregio spiraliforme di circa 200 metri, rappresenta uno dei monumenti più significativi dell&#8217;arte di età<a class="excerpt-read-more" href="https://colosseo.it/es/pubblicazioni/colonna-traiana-atlante-fotografico-trajans-column-a-photographic-atlas/" title="ReadColonna Traiana. Atlante fotografico (Trajan&#8217;s Column. A Photographic Atlas)">&#8230; Read more &raquo;</a></p>
