	
    {"id":10761,"date":"2019-11-21T10:01:45","date_gmt":"2019-11-21T09:01:45","guid":{"rendered":"https:\/\/colosseo.it\/evento\/cartago-el-mito-inmortal-del-27-de-septiembre-al-29-de-marzo-de-2020-en-los-espacios-del-coliseo-templo-de-rmulo-y-rampa-imperial\/"},"modified":"2020-02-26T11:03:18","modified_gmt":"2020-02-26T10:03:18","slug":"cartago-el-mito-inmortal-del-27-de-septiembre-al-29-de-marzo-de-2020-en-los-espacios-del-coliseo-templo-de-rmulo-y-rampa-imperial","status":"publish","type":"tribe_events","link":"https:\/\/colosseo.it\/es\/evento\/cartago-el-mito-inmortal-del-27-de-septiembre-al-29-de-marzo-de-2020-en-los-espacios-del-coliseo-templo-de-rmulo-y-rampa-imperial\/","title":{"rendered":"Cartago. El mito inmortal. Del 27 de septiembre al 29 de marzo de 2020 en los espacios del Coliseo, Templo de R&oacute;mulo y Rampa Imperial"},"content":{"rendered":"<p><strong>El 27 de septiembre de 2019 abre sus puertas\u00a0<em>Cartago. El mito inmortal<\/em>, <\/strong>la primera gran exposici\u00f3n dedicada en exclusiva a la historia y la civilizaci\u00f3n de una de las ciudades m\u00e1s potentes y fascinantes del mundo antiguo, dirigida por <strong>Alfonsina Russo<\/strong>, directora del Parque Arqueol\u00f3gico del Coliseo, <strong>Francesca Guarneri, Paolo Xella y Jos\u00e9 \u00c1ngel Zamora L\u00f3pez, con Martina Almonte y Federica Rinaldi<\/strong>.<\/p>\n<p><strong>La exposici\u00f3n, promovida por el Parque Arqueol\u00f3gico del Coliseo, con la organizaci\u00f3n de Electa,\u00a0ser\u00e1 visitable <\/strong><strong>hasta el 29 de marzo de 2020\u00a0<\/strong><strong>en los espacios monumentales del Coliseo y del Foro Romano, dentro del Templo de R\u00f3mulo y de la Rampa Imperial<\/strong>,<strong> con m\u00e1s de cuatrocientos hallazgos arqueol\u00f3gicos, provenientes de los museos italianos y extranjeros m\u00e1s famosos<\/strong>, gracias a los extraordinarios pr\u00e9stamos fruto de un trabajo continuo de cooperaci\u00f3n internacional.<\/p>\n<p>La exposici\u00f3n destaca por su amplitud cronol\u00f3gica y riqueza documental, y adquiere a\u00fan m\u00e1s valor gracias a las <strong>reconstrucciones in\u00e9ditas y las instalaciones multimedia<\/strong>.<\/p>\n<p><strong>La exposici\u00f3n se enriquece con dos publicaciones de Electa: <\/strong><strong>el volumen de estudios<\/strong>, con un gran n\u00famero de contribuciones, y la \u00e1gil <strong>gu\u00eda biling\u00fce, italiano e ingl\u00e9s<\/strong>, que acompa\u00f1a al p\u00fablico a trav\u00e9s de las distintas secciones de esta exposici\u00f3n y a lo largo del recorrido por el Foro Romano.<\/p>\n<p><iframe loading=\"lazy\" width=\"1200\" height=\"675\" src=\"https:\/\/www.youtube.com\/embed\/alt6yRwqHxI?feature=oembed\" frameborder=\"0\" allow=\"accelerometer; autoplay; encrypted-media; gyroscope; picture-in-picture\" allowfullscreen><\/iframe><\/p>\n","protected":false},"excerpt":{"rendered":"<p>El 27 de septiembre de 2019&nbsp;abre sus puertas Cartago. El mito inmortal, la primera gran exposici&oacute;n dedicada en exclusiva a la historia y la civilizaci&oacute;n de una de las ciudades m&aacute;s potentes y fascinantes del mundo antiguo<\/p>\n","protected":false},"author":4,"featured_media":12985,"template":"","meta":[],"tags":[],"location_evento":[63,113,114],"tribe_events_cat":[],"acf":[],"_links":{"self":[{"href":"https:\/\/colosseo.it\/es\/wp-json\/wp\/v2\/tribe_events\/10761"}],"collection":[{"href":"https:\/\/colosseo.it\/es\/wp-json\/wp\/v2\/tribe_events"}],"about":[{"href":"https:\/\/colosseo.it\/es\/wp-json\/wp\/v2\/types\/tribe_events"}],"author":[{"embeddable":true,"href":"https:\/\/colosseo.it\/es\/wp-json\/wp\/v2\/users\/4"}],"version-history":[{"count":4,"href":"https:\/\/colosseo.it\/es\/wp-json\/wp\/v2\/tribe_events\/10761\/revisions"}],"predecessor-version":[{"id":12730,"href":"https:\/\/colosseo.it\/es\/wp-json\/wp\/v2\/tribe_events\/10761\/revisions\/12730"}],"wp:featuredmedia":[{"embeddable":true,"href":"https:\/\/colosseo.it\/es\/wp-json\/wp\/v2\/media\/12985"}],"wp:attachment":[{"href":"https:\/\/colosseo.it\/es\/wp-json\/wp\/v2\/media?parent=10761"}],"wp:term":[{"taxonomy":"post_tag","embeddable":true,"href":"https:\/\/colosseo.it\/es\/wp-json\/wp\/v2\/tags?post=10761"},{"taxonomy":"location_evento","embeddable":true,"href":"https:\/\/colosseo.it\/es\/wp-json\/wp\/v2\/location_evento?post=10761"},{"taxonomy":"tribe_events_cat","embeddable":true,"href":"https:\/\/colosseo.it\/es\/wp-json\/wp\/v2\/tribe_events_cat?post=10761"}],"curies":[{"name":"wp","href":"https:\/\/api.w.org\/{rel}","templated":true}]}}

<p><strong>El 27 de septiembre de 2019 abre sus puertas <em>Cartago. El mito inmortal</em>, </strong>la primera gran exposición dedicada en exclusiva a la historia y la civilización de una de las ciudades más potentes y fascinantes del mundo antiguo, dirigida por <strong>Alfonsina Russo</strong>, directora del Parque Arqueológico del Coliseo, <strong>Francesca Guarneri, Paolo Xella y José Ángel Zamora López, con Martina Almonte y Federica Rinaldi</strong>.</p>
<p><strong>La exposición, promovida por el Parque Arqueológico del Coliseo, con la organización de Electa, será visitable </strong><strong>hasta el 29 de marzo de 2020 </strong><strong>en los espacios monumentales del Coliseo y del Foro Romano, dentro del Templo de Rómulo y de la Rampa Imperial</strong>,<strong> con más de cuatrocientos hallazgos arqueológicos, provenientes de los museos italianos y extranjeros más famosos</strong>, gracias a los extraordinarios préstamos fruto de un trabajo continuo de cooperación internacional.</p>
<p>La exposición destaca por su amplitud cronológica y riqueza documental, y adquiere aún más valor gracias a las <strong>reconstrucciones inéditas y las instalaciones multimedia</strong>.</p>
<p><strong>La exposición se enriquece con dos publicaciones de Electa: </strong><strong>el volumen de estudios</strong>, con un gran número de contribuciones, y la ágil <strong>guía bilingüe, italiano e inglés</strong>, que acompaña al público a través de las distintas secciones de esta exposición y a lo largo del recorrido por el Foro Romano.</p>
<p><iframe loading="lazy" width="1200" height="675" src="https://www.youtube.com/embed/alt6yRwqHxI?feature=oembed" frameborder="0" allow="accelerometer; autoplay; encrypted-media; gyroscope; picture-in-picture" allowfullscreen></iframe></p>
