	
    {"id":11751,"date":"2020-01-08T18:00:15","date_gmt":"2020-01-08T17:00:15","guid":{"rendered":"https:\/\/colosseo.it\/evento\/los-martes-de-cartago-el-1-de-octubre-en-curia-julia-se-abre-el-nuevo-ciclo-de-encuentros-bajo-el-lema-cartago-el-mito-inmortal\/"},"modified":"2020-02-26T10:07:27","modified_gmt":"2020-02-26T09:07:27","slug":"los-martes-de-cartago-el-1-de-octubre-en-curia-julia-se-abre-el-nuevo-ciclo-de-encuentros-bajo-el-lema-cartago-el-mito-inmortal","status":"publish","type":"tribe_events","link":"https:\/\/colosseo.it\/es\/evento\/los-martes-de-cartago-el-1-de-octubre-en-curia-julia-se-abre-el-nuevo-ciclo-de-encuentros-bajo-el-lema-cartago-el-mito-inmortal\/","title":{"rendered":"Los martes de Cartago. El 1 de octubre en la Curia Julia se abre el nuevo ciclo de encuentros bajo el lema &quot;Cartago. El mito inmortal&quot;"},"content":{"rendered":"<p>Con<strong> la apertura de la exposici\u00f3n <em>Cartago. El mito inmortal<\/em>, el Parque Arqueol\u00f3gico del Coliseo inicia un estructurado ciclo de encuentros<\/strong> que permitir\u00e1 conocer a fondo no solo los temas de la exposici\u00f3n instalada en el Coliseo, el Foro Romano, el Templo de R\u00f3mulo y la Rampa Imperial, sino tambi\u00e9n la realidad art\u00edstica contempor\u00e1nea de T\u00fanez. M\u00fasicos, bailarines y expertos de cine y teatro se alternar\u00e1n en la <strong>Curia Julia del Foro Romano<\/strong> durante un amplio programa de eventos. No faltar\u00e1n tampoco los d\u00edas de estudio y las mesas redondas de car\u00e1cter m\u00e1s especializado.<\/p>\n<p>La <strong><a href=\"https:\/\/colosseo.it\/sito\/wp-content\/uploads\/2019\/09\/LOCANDINA-INCONTRI_N4.pdf\">Programaci\u00f3n<\/a><\/strong>, que se enriquecer\u00e1 con nuevas fechas, prev\u00e9 las siguientes citas:<\/p>\n<p><strong>1 de octubre de 2019 a las 16:30 h<\/strong><\/p>\n<p><em><a href=\"https:\/\/colosseo.it\/sito\/wp-content\/uploads\/2019\/09\/invito-01_10-marted\u00ec-CARTHAGO.pdf\">Puente sur sur<\/a>\u00a0<\/em>concierto de Riadh Fehri con ud<\/p>\n<p>acompa\u00f1ado por Mehdi Trabelsi al piano<\/p>\n<p>&nbsp;<\/p>\n<p><strong>15 de octubre de 2019 a las 16:30 h<\/strong><\/p>\n<p><a href=\"https:\/\/colosseo.it\/sito\/wp-content\/uploads\/2019\/10\/INVITO-INCONTRI-04.pdf\"><em>Zoufri<\/em><\/a>\u00a0coreograf\u00eda del bailar\u00edn<\/p>\n<p>Rochdi Belgasmi<\/p>\n<p>&nbsp;<\/p>\n<p><strong>5 de noviembre de 2019 a las 16:30 h<\/strong><\/p>\n<p><em><a href=\"https:\/\/colosseo.it\/sito\/wp-content\/uploads\/2019\/09\/INVITO-5-nov.pdf\">Signos<\/a><\/em> encuentro con el artista<\/p>\n<p>de la caligraf\u00eda, Nja Mahdaoui<\/p>\n<p>&nbsp;<\/p>\n<p><strong>26 de noviembre de 2019 a las 9:00 h<\/strong><\/p>\n<p><a href=\"https:\/\/colosseo.it\/es\/carthago_giornata_di_studio_26novembre_programma\/\">D\u00eda de estudio<\/a><\/p>\n<p><em>Fenicios y Cartagineses: patrimonio<\/em><\/p>\n<p><em>e investigaci\u00f3n arqueol\u00f3gica en Cerde\u00f1a<\/em><\/p>\n<p>&nbsp;<\/p>\n<p><strong>10 de diciembre de 2019 a las 9:30 h<\/strong><\/p>\n<p><a href=\"https:\/\/colosseo.it\/sito\/wp-content\/uploads\/2019\/09\/carthago-LOCANDINA-10-dic-2019-LOW-3.pdf\">D\u00eda de estudio<\/a><\/p>\n<p><em>Fenicios y Cartagineses: patrimonio<\/em><\/p>\n<p><em>e investigaci\u00f3n arqueol\u00f3gica en Sicilia<\/em><\/p>\n<p>&nbsp;<\/p>\n<p><strong>28 de enero de 2020 a las 9:30 h<\/strong><\/p>\n<p>Mesa redonda<\/p>\n<p><em>El Tofet<\/em><\/p>\n<p>&nbsp;<\/p>\n<p><strong>S\u00e1bado 18 de enero de 2020<\/strong><\/p>\n<p><em>\u00bfDel Mediterr\u00e1neo de Roma al Mediterr\u00e1neo de qui\u00e9n?<\/em><\/p>\n<p>encuentro con <strong>Lucio Caracciolo<\/strong> &#8211; director de Limes, Revista italiana de geopol\u00edtica<\/p>\n<p>&nbsp;<\/p>\n<p><strong>10 de marzo de 2020 a las 9:30 h<\/strong><\/p>\n<p>D\u00eda de estudio<\/p>\n<p><em>Cartago en el imaginario<\/em><\/p>\n<p><em>moderno y contempor\u00e1neo<\/em><\/p>\n","protected":false},"excerpt":{"rendered":"<p>Con la apertura de la exposici\u00f3n Cartago. El mito inmortal, el Parque Arqueol\u00f3gico del Coliseo inicia un estructurado ciclo de encuentros que permitir\u00e1 conocer a fondo no solo los temas de la exposici\u00f3n instalada en el Coliseo, el Foro Romano, el Templo de R\u00f3mulo y la Rampa Imperial, sino tambi\u00e9n la realidad art\u00edstica contempor\u00e1nea de<a class=\"excerpt-read-more\" href=\"https:\/\/colosseo.it\/es\/evento\/los-martes-de-cartago-el-1-de-octubre-en-curia-julia-se-abre-el-nuevo-ciclo-de-encuentros-bajo-el-lema-cartago-el-mito-inmortal\/\" title=\"ReadLos martes de Cartago. El 1 de octubre en la Curia Julia se abre el nuevo ciclo de encuentros bajo el lema &quot;Cartago. El mito inmortal&quot;\">&#8230; Read more &raquo;<\/a><\/p>\n","protected":false},"author":4,"featured_media":10344,"template":"","meta":[],"tags":[],"location_evento":[68],"tribe_events_cat":[64],"acf":[],"_links":{"self":[{"href":"https:\/\/colosseo.it\/es\/wp-json\/wp\/v2\/tribe_events\/11751"}],"collection":[{"href":"https:\/\/colosseo.it\/es\/wp-json\/wp\/v2\/tribe_events"}],"about":[{"href":"https:\/\/colosseo.it\/es\/wp-json\/wp\/v2\/types\/tribe_events"}],"author":[{"embeddable":true,"href":"https:\/\/colosseo.it\/es\/wp-json\/wp\/v2\/users\/4"}],"version-history":[{"count":2,"href":"https:\/\/colosseo.it\/es\/wp-json\/wp\/v2\/tribe_events\/11751\/revisions"}],"predecessor-version":[{"id":12715,"href":"https:\/\/colosseo.it\/es\/wp-json\/wp\/v2\/tribe_events\/11751\/revisions\/12715"}],"wp:featuredmedia":[{"embeddable":true,"href":"https:\/\/colosseo.it\/es\/wp-json\/wp\/v2\/media\/10344"}],"wp:attachment":[{"href":"https:\/\/colosseo.it\/es\/wp-json\/wp\/v2\/media?parent=11751"}],"wp:term":[{"taxonomy":"post_tag","embeddable":true,"href":"https:\/\/colosseo.it\/es\/wp-json\/wp\/v2\/tags?post=11751"},{"taxonomy":"location_evento","embeddable":true,"href":"https:\/\/colosseo.it\/es\/wp-json\/wp\/v2\/location_evento?post=11751"},{"taxonomy":"tribe_events_cat","embeddable":true,"href":"https:\/\/colosseo.it\/es\/wp-json\/wp\/v2\/tribe_events_cat?post=11751"}],"curies":[{"name":"wp","href":"https:\/\/api.w.org\/{rel}","templated":true}]}}

<p>Con<strong> la apertura de la exposición <em>Cartago. El mito inmortal</em>, el Parque Arqueológico del Coliseo inicia un estructurado ciclo de encuentros</strong> que permitirá conocer a fondo no solo los temas de la exposición instalada en el Coliseo, el Foro Romano, el Templo de Rómulo y la Rampa Imperial, sino también la realidad artística contemporánea de Túnez. Músicos, bailarines y expertos de cine y teatro se alternarán en la <strong>Curia Julia del Foro Romano</strong> durante un amplio programa de eventos. No faltarán tampoco los días de estudio y las mesas redondas de carácter más especializado.</p>
<p>La <strong><a href="https://colosseo.it/sito/wp-content/uploads/2019/09/LOCANDINA-INCONTRI_N4.pdf">Programación</a></strong>, que se enriquecerá con nuevas fechas, prevé las siguientes citas:</p>
<p><strong>1 de octubre de 2019 a las 16:30 h</strong></p>
<p><em><a href="https://colosseo.it/sito/wp-content/uploads/2019/09/invito-01_10-martedì-CARTHAGO.pdf">Puente sur sur</a> </em>concierto de Riadh Fehri con ud</p>
<p>acompañado por Mehdi Trabelsi al piano</p>
<p>&nbsp;</p>
<p><strong>15 de octubre de 2019 a las 16:30 h</strong></p>
<p><a href="https://colosseo.it/sito/wp-content/uploads/2019/10/INVITO-INCONTRI-04.pdf"><em>Zoufri</em></a> coreografía del bailarín</p>
<p>Rochdi Belgasmi</p>
<p>&nbsp;</p>
<p><strong>5 de noviembre de 2019 a las 16:30 h</strong></p>
<p><em><a href="https://colosseo.it/sito/wp-content/uploads/2019/09/INVITO-5-nov.pdf">Signos</a></em> encuentro con el artista</p>
<p>de la caligrafía, Nja Mahdaoui</p>
<p>&nbsp;</p>
<p><strong>26 de noviembre de 2019 a las 9:00 h</strong></p>
<p><a href="https://colosseo.it/es/carthago_giornata_di_studio_26novembre_programma/">Día de estudio</a></p>
<p><em>Fenicios y Cartagineses: patrimonio</em></p>
<p><em>e investigación arqueológica en Cerdeña</em></p>
<p>&nbsp;</p>
<p><strong>10 de diciembre de 2019 a las 9:30 h</strong></p>
<p><a href="https://colosseo.it/sito/wp-content/uploads/2019/09/carthago-LOCANDINA-10-dic-2019-LOW-3.pdf">Día de estudio</a></p>
<p><em>Fenicios y Cartagineses: patrimonio</em></p>
<p><em>e investigación arqueológica en Sicilia</em></p>
<p>&nbsp;</p>
<p><strong>28 de enero de 2020 a las 9:30 h</strong></p>
<p>Mesa redonda</p>
<p><em>El Tofet</em></p>
<p>&nbsp;</p>
<p><strong>Sábado 18 de enero de 2020</strong></p>
<p><em>¿Del Mediterráneo de Roma al Mediterráneo de quién?</em></p>
<p>encuentro con <strong>Lucio Caracciolo</strong> &#8211; director de Limes, Revista italiana de geopolítica</p>
<p>&nbsp;</p>
<p><strong>10 de marzo de 2020 a las 9:30 h</strong></p>
<p>Día de estudio</p>
<p><em>Cartago en el imaginario</em></p>
<p><em>moderno y contemporáneo</em></p>

<p>Con la apertura de la exposición Cartago. El mito inmortal, el Parque Arqueológico del Coliseo inicia un estructurado ciclo de encuentros que permitirá conocer a fondo no solo los temas de la exposición instalada en el Coliseo, el Foro Romano, el Templo de Rómulo y la Rampa Imperial, sino también la realidad artística contemporánea de<a class="excerpt-read-more" href="https://colosseo.it/es/evento/los-martes-de-cartago-el-1-de-octubre-en-curia-julia-se-abre-el-nuevo-ciclo-de-encuentros-bajo-el-lema-cartago-el-mito-inmortal/" title="ReadLos martes de Cartago. El 1 de octubre en la Curia Julia se abre el nuevo ciclo de encuentros bajo el lema &quot;Cartago. El mito inmortal&quot;">&#8230; Read more &raquo;</a></p>
