	
    {"id":11758,"date":"2020-01-08T18:00:21","date_gmt":"2020-01-08T17:00:21","guid":{"rendered":"https:\/\/colosseo.it\/evento\/ephimera-dilogos-sobre-la-moda-encuentros-dirigidos-por-sofia-gnoli\/"},"modified":"2020-02-26T10:09:46","modified_gmt":"2020-02-26T09:09:46","slug":"ephimera-dilogos-sobre-la-moda-encuentros-dirigidos-por-sofia-gnoli","status":"publish","type":"tribe_events","link":"https:\/\/colosseo.it\/es\/evento\/ephimera-dilogos-sobre-la-moda-encuentros-dirigidos-por-sofia-gnoli\/","title":{"rendered":"Ephimera. Di&aacute;logos sobre la moda &#8211; Encuentros dirigidos por Sofia Gnoli"},"content":{"rendered":"<p>La moda con sus infinitos matices es la protagonista de\u00a0<strong><em>Ephimera. Di\u00e1logos sobre la moda, <\/em><\/strong>un ciclo de <strong>diez encuentros<\/strong> dedicados a <strong>distintos aspectos de la moda contempor\u00e1nea, <\/strong>en los que participar\u00e1n algunos de los directores creativos, artistas, ensayistas, estudiosos y periodistas m\u00e1s famosos del sector. Las citas <strong>\u2013los s\u00e1bados por la ma\u00f1ana del 26 de octubre de 2019 al 21 de marzo de 2020\u2013<\/strong> tendr\u00e1n lugar en la monumental <strong>Curia Julia del Foro Romano<\/strong>.<\/p>\n<p>La iniciativa \u2013<strong>promovida por el Parque Arqueol\u00f3gico del Coliseo<\/strong>\u2013 confirma la vocaci\u00f3n de la Curia Julia, sede del senado de la Antigua Roma, como espacio cultural vivo y destinado al debate. Estos encuentros se convierten en una ocasi\u00f3n m\u00e1s para reforzar la uni\u00f3n entre la ciudad y el \u00e1rea arqueol\u00f3gica central y reafirmar la estrategia que el PArCo aplica con constancia. Fruto de este esp\u00edritu, la entrada a las distintas sesiones es libre hasta agotar las plazas.<\/p>\n<p><strong>El proyecto \u2013dirigido por Sofia Gnoli<\/strong>, estudiosa de moda, docente y periodista, <strong>organizado y promovido por Electa\u2013<\/strong> enfatiza la lectura de la moda como un conjunto de c\u00f3digos que manifiestan y comunican gustos y tendencias, a trav\u00e9s de una dial\u00e9ctica entre individualismo (expresi\u00f3n del \u00abyo\u00bb) y conformismo (adhesi\u00f3n a tendencias colectivas). Pero tambi\u00e9n muestra la moda entendida como lenguaje de signos, como expresi\u00f3n art\u00edstica, sin renunciar a los argumentos cl\u00e1sicos como la androginia o el dandismo y su relaci\u00f3n con el cine, la literatura y la fotograf\u00eda.<\/p>\n<p><strong><a href=\"https:\/\/colosseo.it\/sito\/wp-content\/uploads\/2019\/10\/EPHIMERA-DIALOGHI-SULLA-MODA_programma_15-novembre.pdf\">Calendario 2019-2020<\/a><\/strong><\/p>\n<p><strong>26 de octubre,<\/strong><\/p>\n<p>11:00 h<\/p>\n<p><strong>Introducci\u00f3n al ciclo de encuentros EPHIMERA. DI\u00c1LOGOS SOBRE LA MODA<\/strong><\/p>\n<p><strong>Alfonsina Russo, <\/strong>directora del Parque Arqueol\u00f3gico del Coliseo<\/p>\n<p><strong>Sofia Gnoli, <\/strong>estudiosa de moda, docente y periodista<\/p>\n<p>11:30 h<\/p>\n<p><strong>\u00abEl futuro es una puerta, el pasado es la clave\u00bb (Victor Hugo)<\/strong><\/p>\n<p><strong>Silvia Venturini Fendi<\/strong><\/p>\n<p><strong>Antonio Mancinelli<\/strong><\/p>\n<p><strong>\u00a0<\/strong><\/p>\n<p><strong>9 de noviembre,<\/strong><\/p>\n<p>11:30 h<\/p>\n<p><strong>La sexualidad indistinta de la moda<\/strong><\/p>\n<p><strong>Lorenza Foschini<\/strong><\/p>\n<p><strong>Quirino Conti<\/strong><\/p>\n<p>&nbsp;<\/p>\n<p><strong>23 de noviembre,<\/strong><\/p>\n<p>11:30 h<\/p>\n<p><strong>D.P. Dobles p\u00e1ginas: Anna Piaggi<\/strong><\/p>\n<p><strong>Paolo Castaldi<\/strong><\/p>\n<p><strong>Luca Stoppini<\/strong><\/p>\n<p>&nbsp;<\/p>\n<p><strong>14 de diciembre,<\/strong><\/p>\n<p>11:30 h<\/p>\n<p><strong>Arque\u00f3logo de las cosas futuras: Alessandro Michele<\/strong><\/p>\n<p><strong>Alessandro Michele<\/strong><\/p>\n<p><strong>Maria Luisa Frisa<\/strong><\/p>\n<p>&nbsp;<\/p>\n<p><strong>11 de enero,<\/strong><\/p>\n<p>11:30 h<\/p>\n<p><strong>Moda: herramienta de conciencia, arte del posible<\/strong><\/p>\n<p><strong>Maria Grazia Chiuri<\/strong><\/p>\n<p><strong>Valeria Palermi<\/strong><\/p>\n<p>&nbsp;<\/p>\n<p><strong>25 de enero,<\/strong><\/p>\n<p>11:30 h<\/p>\n<p><strong>Fenomenolog\u00eda del dandy<\/strong><\/p>\n<p><strong>Luigi Ontani<\/strong><\/p>\n<p><strong>Mariuccia Casadio<\/strong><\/p>\n<p><strong>Giuseppe Scaraffia<\/strong><\/p>\n<p><strong>\u00a0<\/strong><\/p>\n<p><strong>8 de febrero,<\/strong><\/p>\n<p>11:30 h<\/p>\n<p><strong>\u00d3scar a los disfraces<\/strong><\/p>\n<p><strong>Gabriella Pescucci<\/strong><\/p>\n<p><strong>Enrico Magrelli<\/strong><\/p>\n<p>&nbsp;<\/p>\n<p><strong>22 de febrero,<\/strong><\/p>\n<p>11:30 h<\/p>\n<p><strong>El guardarropa del eros: literatura, moda y seducci\u00f3n<\/strong><\/p>\n<p><strong>Daniela Baroncini<\/strong><\/p>\n<p><strong>Giacomo Ferrara<\/strong><\/p>\n<p><strong>\u00a0<\/strong><\/p>\n<p><strong>7 de marzo,<\/strong><\/p>\n<p>11:30 h<\/p>\n<p><strong>Consideraciones sobre el kitsch<\/strong><\/p>\n<p><strong>Roberto D\u2019Agostino<\/strong><\/p>\n<p><strong>Andrea Mecacci<\/strong><\/p>\n<p>&nbsp;<\/p>\n<p><strong>21 de marzo,<\/strong><\/p>\n<p>11:30 h<\/p>\n<p><strong>Miradas italianas<\/strong><\/p>\n<p><strong>Giovanni Gastel<\/strong><\/p>\n<p><strong>Cristina Lucchini<\/strong><\/p>\n<p>&nbsp;<\/p>\n","protected":false},"excerpt":{"rendered":"<p>Ephimera. La moda contempor&aacute;nea es el nuevo tema de debate en los espacios monumentales de la Curia Julia en el Foro Romano.<\/p>\n","protected":false},"author":4,"featured_media":10527,"template":"","meta":[],"tags":[],"location_evento":[67,68],"tribe_events_cat":[62],"acf":[],"_links":{"self":[{"href":"https:\/\/colosseo.it\/es\/wp-json\/wp\/v2\/tribe_events\/11758"}],"collection":[{"href":"https:\/\/colosseo.it\/es\/wp-json\/wp\/v2\/tribe_events"}],"about":[{"href":"https:\/\/colosseo.it\/es\/wp-json\/wp\/v2\/types\/tribe_events"}],"author":[{"embeddable":true,"href":"https:\/\/colosseo.it\/es\/wp-json\/wp\/v2\/users\/4"}],"version-history":[{"count":3,"href":"https:\/\/colosseo.it\/es\/wp-json\/wp\/v2\/tribe_events\/11758\/revisions"}],"predecessor-version":[{"id":12716,"href":"https:\/\/colosseo.it\/es\/wp-json\/wp\/v2\/tribe_events\/11758\/revisions\/12716"}],"wp:featuredmedia":[{"embeddable":true,"href":"https:\/\/colosseo.it\/es\/wp-json\/wp\/v2\/media\/10527"}],"wp:attachment":[{"href":"https:\/\/colosseo.it\/es\/wp-json\/wp\/v2\/media?parent=11758"}],"wp:term":[{"taxonomy":"post_tag","embeddable":true,"href":"https:\/\/colosseo.it\/es\/wp-json\/wp\/v2\/tags?post=11758"},{"taxonomy":"location_evento","embeddable":true,"href":"https:\/\/colosseo.it\/es\/wp-json\/wp\/v2\/location_evento?post=11758"},{"taxonomy":"tribe_events_cat","embeddable":true,"href":"https:\/\/colosseo.it\/es\/wp-json\/wp\/v2\/tribe_events_cat?post=11758"}],"curies":[{"name":"wp","href":"https:\/\/api.w.org\/{rel}","templated":true}]}}

<p>La moda con sus infinitos matices es la protagonista de <strong><em>Ephimera. Diálogos sobre la moda, </em></strong>un ciclo de <strong>diez encuentros</strong> dedicados a <strong>distintos aspectos de la moda contemporánea, </strong>en los que participarán algunos de los directores creativos, artistas, ensayistas, estudiosos y periodistas más famosos del sector. Las citas <strong>–los sábados por la mañana del 26 de octubre de 2019 al 21 de marzo de 2020–</strong> tendrán lugar en la monumental <strong>Curia Julia del Foro Romano</strong>.</p>
<p>La iniciativa –<strong>promovida por el Parque Arqueológico del Coliseo</strong>– confirma la vocación de la Curia Julia, sede del senado de la Antigua Roma, como espacio cultural vivo y destinado al debate. Estos encuentros se convierten en una ocasión más para reforzar la unión entre la ciudad y el área arqueológica central y reafirmar la estrategia que el PArCo aplica con constancia. Fruto de este espíritu, la entrada a las distintas sesiones es libre hasta agotar las plazas.</p>
<p><strong>El proyecto –dirigido por Sofia Gnoli</strong>, estudiosa de moda, docente y periodista, <strong>organizado y promovido por Electa–</strong> enfatiza la lectura de la moda como un conjunto de códigos que manifiestan y comunican gustos y tendencias, a través de una dialéctica entre individualismo (expresión del «yo») y conformismo (adhesión a tendencias colectivas). Pero también muestra la moda entendida como lenguaje de signos, como expresión artística, sin renunciar a los argumentos clásicos como la androginia o el dandismo y su relación con el cine, la literatura y la fotografía.</p>
<p><strong><a href="https://colosseo.it/sito/wp-content/uploads/2019/10/EPHIMERA-DIALOGHI-SULLA-MODA_programma_15-novembre.pdf">Calendario 2019-2020</a></strong></p>
<p><strong>26 de octubre,</strong></p>
<p>11:00 h</p>
<p><strong>Introducción al ciclo de encuentros EPHIMERA. DIÁLOGOS SOBRE LA MODA</strong></p>
<p><strong>Alfonsina Russo, </strong>directora del Parque Arqueológico del Coliseo</p>
<p><strong>Sofia Gnoli, </strong>estudiosa de moda, docente y periodista</p>
<p>11:30 h</p>
<p><strong>«El futuro es una puerta, el pasado es la clave» (Victor Hugo)</strong></p>
<p><strong>Silvia Venturini Fendi</strong></p>
<p><strong>Antonio Mancinelli</strong></p>
<p><strong> </strong></p>
<p><strong>9 de noviembre,</strong></p>
<p>11:30 h</p>
<p><strong>La sexualidad indistinta de la moda</strong></p>
<p><strong>Lorenza Foschini</strong></p>
<p><strong>Quirino Conti</strong></p>
<p>&nbsp;</p>
<p><strong>23 de noviembre,</strong></p>
<p>11:30 h</p>
<p><strong>D.P. Dobles páginas: Anna Piaggi</strong></p>
<p><strong>Paolo Castaldi</strong></p>
<p><strong>Luca Stoppini</strong></p>
<p>&nbsp;</p>
<p><strong>14 de diciembre,</strong></p>
<p>11:30 h</p>
<p><strong>Arqueólogo de las cosas futuras: Alessandro Michele</strong></p>
<p><strong>Alessandro Michele</strong></p>
<p><strong>Maria Luisa Frisa</strong></p>
<p>&nbsp;</p>
<p><strong>11 de enero,</strong></p>
<p>11:30 h</p>
<p><strong>Moda: herramienta de conciencia, arte del posible</strong></p>
<p><strong>Maria Grazia Chiuri</strong></p>
<p><strong>Valeria Palermi</strong></p>
<p>&nbsp;</p>
<p><strong>25 de enero,</strong></p>
<p>11:30 h</p>
<p><strong>Fenomenología del dandy</strong></p>
<p><strong>Luigi Ontani</strong></p>
<p><strong>Mariuccia Casadio</strong></p>
<p><strong>Giuseppe Scaraffia</strong></p>
<p><strong> </strong></p>
<p><strong>8 de febrero,</strong></p>
<p>11:30 h</p>
<p><strong>Óscar a los disfraces</strong></p>
<p><strong>Gabriella Pescucci</strong></p>
<p><strong>Enrico Magrelli</strong></p>
<p>&nbsp;</p>
<p><strong>22 de febrero,</strong></p>
<p>11:30 h</p>
<p><strong>El guardarropa del eros: literatura, moda y seducción</strong></p>
<p><strong>Daniela Baroncini</strong></p>
<p><strong>Giacomo Ferrara</strong></p>
<p><strong> </strong></p>
<p><strong>7 de marzo,</strong></p>
<p>11:30 h</p>
<p><strong>Consideraciones sobre el kitsch</strong></p>
<p><strong>Roberto D’Agostino</strong></p>
<p><strong>Andrea Mecacci</strong></p>
<p>&nbsp;</p>
<p><strong>21 de marzo,</strong></p>
<p>11:30 h</p>
<p><strong>Miradas italianas</strong></p>
<p><strong>Giovanni Gastel</strong></p>
<p><strong>Cristina Lucchini</strong></p>
<p>&nbsp;</p>
