	
    {"id":51193,"date":"2025-04-23T11:54:34","date_gmt":"2025-04-23T09:54:34","guid":{"rendered":"https:\/\/colosseo.it\/?post_type=tribe_events&#038;p=51193"},"modified":"2025-04-23T11:54:36","modified_gmt":"2025-04-23T09:54:36","slug":"entrada-gratuita-viernes-25-de-abril-de-2025-dia-de-la-liberacion","status":"publish","type":"tribe_events","link":"https:\/\/colosseo.it\/es\/evento\/entrada-gratuita-viernes-25-de-abril-de-2025-dia-de-la-liberacion\/","title":{"rendered":"Entrada gratuita Viernes 25 de abril de 2025 | D\u00eda de la Liberaci\u00f3n"},"content":{"rendered":"<p>Con motivo del aniversario de la Liberaci\u00f3n de Italia del nazi-fascismo, el <strong>VIERNES 25 de abril de 2025<\/strong> la <strong>entrada<\/strong> al <strong>Parque Arqueol\u00f3gico del Coliseo<\/strong> ser\u00e1 <strong>gratuita<\/strong> con las siguientes opciones de visita<\/p>\n<ul>\n<li>Itinerario Coliseo, Foro Romano, Palatino para visitar en un solo recorrido el Coliseo, el Foro Romano y el Palatino<\/li>\n<li>Itinerario Forum Pass para visitar en una sola visita los Foros Imperiales, el Foro Romano y el Palatino<\/li>\n<\/ul>\n<p><strong>Las entradas no se pueden reservar y se pueden recoger<\/strong>, por orden de llegada, <strong>en la taquilla de la Plaza del Coliseo, situada cerca del Templo de Venus y de Roma, y en la taquilla del Largo della Salara Vecchia<\/strong>.<br \/>\nDurante los domingos gratuitos, los titulares de la tarjeta de socio y del Roma Pass tambi\u00e9n podr\u00e1n recoger sus entradas gratuitas en las taquillas, por orden de llegada.<\/p>\n<p><strong>Las entradas ser\u00e1n v\u00e1lidas el viernes 25 de abril de 2025<\/strong><\/p>\n<p>La secci\u00f3n permanente de la exposici\u00f3n-evento \u00abGiacomo Boni. Los albores de la modernidad&#8217; en el complejo de Santa Maria Nova estar\u00e1 abierta.<\/p>\n<p>&nbsp;<\/p>\n<h3>QU\u00c9 SE PUEDE VISITAR:<\/h3>\n<ul>\n<li>Coliseo, Foro Romano, Palatino<\/li>\n<li>la secci\u00f3n permanente de la exposici\u00f3n-evento \u00abGiacomo Boni. Los albores de la modernidad&#8217;<\/li>\n<\/ul>\n<p>Tambi\u00e9n ser\u00e1 posible acceder a la Bas\u00edlica de Santa Francesca Romana directamente desde el portal situado en el interior del PArCo, cerca del Arco de Tito.<\/p>\n<h3><\/h3>\n<h3>QUE PERMANECER\u00c1 CERRADO:<\/h3>\n<p>Por motivos de protecci\u00f3n y, por tanto, en cumplimiento de la cuota de domingos gratuitos, <strong>no se podr\u00e1 acceder<\/strong> al ascensor panor\u00e1mico y a los niveles superiores, a los sectores de la arena y a los hipogeos del Coliseo.<\/p>\n<p><strong>No se podr\u00e1 acceder<\/strong> a las Uccelliere Farnesiane, el Ninfeo de la Lluvia, el Templo de R\u00f3mulo, la Curia Iulia, los <em>Horrea Piperataria<\/em>, los SUPER sitios del Foro Romano-Palatino (Casa de Augusto, Casa de Livia, Santa Maria Antiqua, Aula Isiaca con Loggia Mattei, Museo Palatino).<\/p>\n<p><strong>La Domus Aurea no est\u00e1 incluida en la iniciativa.<\/strong><\/p>\n<p><strong>LA DOMUS TIBERIANA ESTAR\u00c1 ABIERTA Y SER\u00c1 TOTALMENTE ACCESIBLE. LAS SALAS DE EXPOSICI\u00d3N PERMANECER\u00c1N CERRADAS.<\/strong><\/p>\n<p>&nbsp;<\/p>\n<p><img decoding=\"async\" loading=\"lazy\" class=\"aligncenter size-large wp-image-43018\" src=\"https:\/\/colosseo.it\/sito\/wp-content\/uploads\/2023\/11\/Biglietteria_Ticket-Office_Colosseum-1024x724.jpg\" alt=\"\" width=\"1024\" height=\"724\" srcset=\"https:\/\/colosseo.it\/sito\/wp-content\/uploads\/2023\/11\/Biglietteria_Ticket-Office_Colosseum-1024x724.jpg 1024w, https:\/\/colosseo.it\/sito\/wp-content\/uploads\/2023\/11\/Biglietteria_Ticket-Office_Colosseum-300x212.jpg 300w, https:\/\/colosseo.it\/sito\/wp-content\/uploads\/2023\/11\/Biglietteria_Ticket-Office_Colosseum-768x543.jpg 768w, https:\/\/colosseo.it\/sito\/wp-content\/uploads\/2023\/11\/Biglietteria_Ticket-Office_Colosseum-1536x1086.jpg 1536w, https:\/\/colosseo.it\/sito\/wp-content\/uploads\/2023\/11\/Biglietteria_Ticket-Office_Colosseum-2048x1448.jpg 2048w, https:\/\/colosseo.it\/sito\/wp-content\/uploads\/2023\/11\/Biglietteria_Ticket-Office_Colosseum-1414x1000.jpg 1414w, https:\/\/colosseo.it\/sito\/wp-content\/uploads\/2023\/11\/Biglietteria_Ticket-Office_Colosseum-1920x1358.jpg 1920w\" sizes=\"(max-width: 1024px) 100vw, 1024px\" \/><\/p>\n","protected":false},"excerpt":{"rendered":"<p>Con motivo del aniversario de la Liberaci\u00f3n de Italia del nazi-fascismo, el VIERNES 25 de abril de 2025 la entrada al Parque Arqueol\u00f3gico del Coliseo ser\u00e1 gratuita con las siguientes opciones de visita Itinerario Coliseo, Foro Romano, Palatino para visitar en un solo recorrido el Coliseo, el Foro Romano y el Palatino Itinerario Forum Pass<a class=\"excerpt-read-more\" href=\"https:\/\/colosseo.it\/es\/evento\/entrada-gratuita-viernes-25-de-abril-de-2025-dia-de-la-liberacion\/\" title=\"ReadEntrada gratuita Viernes 25 de abril de 2025 | D\u00eda de la Liberaci\u00f3n\">&#8230; Read more &raquo;<\/a><\/p>\n","protected":false},"author":19,"featured_media":51176,"template":"","meta":[],"tags":[],"location_evento":[],"tribe_events_cat":[70],"acf":[],"_links":{"self":[{"href":"https:\/\/colosseo.it\/es\/wp-json\/wp\/v2\/tribe_events\/51193"}],"collection":[{"href":"https:\/\/colosseo.it\/es\/wp-json\/wp\/v2\/tribe_events"}],"about":[{"href":"https:\/\/colosseo.it\/es\/wp-json\/wp\/v2\/types\/tribe_events"}],"author":[{"embeddable":true,"href":"https:\/\/colosseo.it\/es\/wp-json\/wp\/v2\/users\/19"}],"version-history":[{"count":1,"href":"https:\/\/colosseo.it\/es\/wp-json\/wp\/v2\/tribe_events\/51193\/revisions"}],"predecessor-version":[{"id":51194,"href":"https:\/\/colosseo.it\/es\/wp-json\/wp\/v2\/tribe_events\/51193\/revisions\/51194"}],"wp:featuredmedia":[{"embeddable":true,"href":"https:\/\/colosseo.it\/es\/wp-json\/wp\/v2\/media\/51176"}],"wp:attachment":[{"href":"https:\/\/colosseo.it\/es\/wp-json\/wp\/v2\/media?parent=51193"}],"wp:term":[{"taxonomy":"post_tag","embeddable":true,"href":"https:\/\/colosseo.it\/es\/wp-json\/wp\/v2\/tags?post=51193"},{"taxonomy":"location_evento","embeddable":true,"href":"https:\/\/colosseo.it\/es\/wp-json\/wp\/v2\/location_evento?post=51193"},{"taxonomy":"tribe_events_cat","embeddable":true,"href":"https:\/\/colosseo.it\/es\/wp-json\/wp\/v2\/tribe_events_cat?post=51193"}],"curies":[{"name":"wp","href":"https:\/\/api.w.org\/{rel}","templated":true}]}}

Entrada gratuita Viernes 25 de abril de 2025 | Día de la Liberación

<p>Con motivo del aniversario de la Liberación de Italia del nazi-fascismo, el <strong>VIERNES 25 de abril de 2025</strong> la <strong>entrada</strong> al <strong>Parque Arqueológico del Coliseo</strong> será <strong>gratuita</strong> con las siguientes opciones de visita</p>
<ul>
<li>Itinerario Coliseo, Foro Romano, Palatino para visitar en un solo recorrido el Coliseo, el Foro Romano y el Palatino</li>
<li>Itinerario Forum Pass para visitar en una sola visita los Foros Imperiales, el Foro Romano y el Palatino</li>
</ul>
<p><strong>Las entradas no se pueden reservar y se pueden recoger</strong>, por orden de llegada, <strong>en la taquilla de la Plaza del Coliseo, situada cerca del Templo de Venus y de Roma, y en la taquilla del Largo della Salara Vecchia</strong>.<br />
Durante los domingos gratuitos, los titulares de la tarjeta de socio y del Roma Pass también podrán recoger sus entradas gratuitas en las taquillas, por orden de llegada.</p>
<p><strong>Las entradas serán válidas el viernes 25 de abril de 2025</strong></p>
<p>La sección permanente de la exposición-evento «Giacomo Boni. Los albores de la modernidad&#8217; en el complejo de Santa Maria Nova estará abierta.</p>
<p>&nbsp;</p>
<h3>QUÉ SE PUEDE VISITAR:</h3>
<ul>
<li>Coliseo, Foro Romano, Palatino</li>
<li>la sección permanente de la exposición-evento «Giacomo Boni. Los albores de la modernidad&#8217;</li>
</ul>
<p>También será posible acceder a la Basílica de Santa Francesca Romana directamente desde el portal situado en el interior del PArCo, cerca del Arco de Tito.</p>
<h3></h3>
<h3>QUE PERMANECERÁ CERRADO:</h3>
<p>Por motivos de protección y, por tanto, en cumplimiento de la cuota de domingos gratuitos, <strong>no se podrá acceder</strong> al ascensor panorámico y a los niveles superiores, a los sectores de la arena y a los hipogeos del Coliseo.</p>
<p><strong>No se podrá acceder</strong> a las Uccelliere Farnesiane, el Ninfeo de la Lluvia, el Templo de Rómulo, la Curia Iulia, los <em>Horrea Piperataria</em>, los SUPER sitios del Foro Romano-Palatino (Casa de Augusto, Casa de Livia, Santa Maria Antiqua, Aula Isiaca con Loggia Mattei, Museo Palatino).</p>
<p><strong>La Domus Aurea no está incluida en la iniciativa.</strong></p>
<p><strong>LA DOMUS TIBERIANA ESTARÁ ABIERTA Y SERÁ TOTALMENTE ACCESIBLE. LAS SALAS DE EXPOSICIÓN PERMANECERÁN CERRADAS.</strong></p>
<p>&nbsp;</p>
<p><img decoding="async" loading="lazy" class="aligncenter size-large wp-image-43018" src="https://colosseo.it/sito/wp-content/uploads/2023/11/Biglietteria_Ticket-Office_Colosseum-1024x724.jpg" alt="" width="1024" height="724" srcset="https://colosseo.it/sito/wp-content/uploads/2023/11/Biglietteria_Ticket-Office_Colosseum-1024x724.jpg 1024w, https://colosseo.it/sito/wp-content/uploads/2023/11/Biglietteria_Ticket-Office_Colosseum-300x212.jpg 300w, https://colosseo.it/sito/wp-content/uploads/2023/11/Biglietteria_Ticket-Office_Colosseum-768x543.jpg 768w, https://colosseo.it/sito/wp-content/uploads/2023/11/Biglietteria_Ticket-Office_Colosseum-1536x1086.jpg 1536w, https://colosseo.it/sito/wp-content/uploads/2023/11/Biglietteria_Ticket-Office_Colosseum-2048x1448.jpg 2048w, https://colosseo.it/sito/wp-content/uploads/2023/11/Biglietteria_Ticket-Office_Colosseum-1414x1000.jpg 1414w, https://colosseo.it/sito/wp-content/uploads/2023/11/Biglietteria_Ticket-Office_Colosseum-1920x1358.jpg 1920w" sizes="(max-width: 1024px) 100vw, 1024px" /></p>

<p>Con motivo del aniversario de la Liberación de Italia del nazi-fascismo, el VIERNES 25 de abril de 2025 la entrada al Parque Arqueológico del Coliseo será gratuita con las siguientes opciones de visita Itinerario Coliseo, Foro Romano, Palatino para visitar en un solo recorrido el Coliseo, el Foro Romano y el Palatino Itinerario Forum Pass<a class="excerpt-read-more" href="https://colosseo.it/es/evento/entrada-gratuita-viernes-25-de-abril-de-2025-dia-de-la-liberacion/" title="ReadEntrada gratuita Viernes 25 de abril de 2025 | Día de la Liberación">&#8230; Read more &raquo;</a></p>
