	
    {"id":6375,"date":"2019-09-17T11:30:05","date_gmt":"2019-09-17T09:30:05","guid":{"rendered":"https:\/\/colosseo.it\/evento\/iovadoalmuseo-las-jornadas-de-entrada-gratuita-al-parque-arqueolgico-del-coliseo\/"},"modified":"2019-11-22T12:31:01","modified_gmt":"2019-11-22T11:31:01","slug":"iovadoalmuseo-las-jornadas-de-entrada-gratuita-al-parque-arqueolgico-del-coliseo","status":"publish","type":"tribe_events","link":"https:\/\/colosseo.it\/es\/evento\/iovadoalmuseo-las-jornadas-de-entrada-gratuita-al-parque-arqueolgico-del-coliseo\/","title":{"rendered":"#iovadoalmuseo &#8211; Las jornadas de entrada gratuita al Parque Arqueol&oacute;gico del Coliseo"},"content":{"rendered":"<p>En la web <a href=\"http:\/\/www.iovadoalmuseo.it\">www.iovadoalmuseo.it<\/a>\u00a0est\u00e1 disponible el <strong>calendario de las 8 jornadas de entrada gratuita al Parque Arqueol\u00f3gico del Coliseo<\/strong>: la primera est\u00e1 prevista para el jueves 9 de mayo, el D\u00eda de la memoria para las v\u00edctimas del terrorismo interno e internacional y de las masacres.<\/p>\n<p><a href=\"https:\/\/colosseo.it\/sito\/wp-content\/uploads\/2019\/04\/Giornate-gratuite-2019-1.pdf\">Jornadas gratuitas 2019<\/a><\/p>\n<p><strong>Calendario de d\u00edas con entrada gratuita 2019<\/strong><\/p>\n<p><strong>Jueves 9 de mayo<\/strong> D\u00eda de la memoria para las v\u00edctimas del terrorismo interno e internacional y de las masacres de dicha matriz;<\/p>\n<p><strong>Mi\u00e9rcoles 5 de junio<\/strong> D\u00eda mundial del medio ambiente, establecido por las Naciones Unidas;<\/p>\n<p><strong>S\u00e1bado 29 de junio<\/strong> San Pedro y San Pablo;<\/p>\n<p><strong>Lunes 23 de septiembre<\/strong> Dies natalis Augusti;<\/p>\n<p><strong>Viernes 4 de octubre<\/strong> D\u00eda de la paz, de la fraternidad y del di\u00e1logo entre quienes pertenecen a culturas y religiones distintas;<\/p>\n<p><strong>Lunes 4 de noviembre<\/strong> Fiesta de la Unidad nacional;<\/p>\n<p><strong>Jueves 21 de noviembre<\/strong> D\u00eda mundial de la filosof\u00eda;<\/p>\n<p><strong>Mi\u00e9rcoles 18 de diciembre<\/strong> D\u00eda internacional de los migrantes.<\/p>\n<p><strong>Recordamos que en los d\u00edas con entrada gratuita, los sitios incluidos en la ruta SUPER del Foro Romano-Palatino (Museo Palatino, Cryptoporticus Neroniano, Casa de Augusto, Casa de Livia, Loggia Mattei, Domus Transitoria, Santa Mar\u00eda Antigua con Oratorio de los Cuarenta M\u00e1rtires y Rampa Domizianea, Templo de R\u00f3mulo), el \u00c1tico y el Belvedere del Coliseo, as\u00ed como la exposici\u00f3n \u00abRoma Universalis\u00bb y la exposici\u00f3n permanente \u00abEl Coliseo se confiesa\u00bb permanecer\u00e1n cerrados al p\u00fablico.<\/strong><\/p>\n","protected":false},"excerpt":{"rendered":"<p>En la web www.iovadoalmuseo.it\u00a0est\u00e1 disponible el calendario de las 8 jornadas de entrada gratuita al Parque Arqueol\u00f3gico del Coliseo: la primera est\u00e1 prevista para el jueves 9 de mayo, el D\u00eda de la memoria para las v\u00edctimas del terrorismo interno e internacional y de las masacres. Jornadas gratuitas 2019 Calendario de d\u00edas con entrada gratuita<a class=\"excerpt-read-more\" href=\"https:\/\/colosseo.it\/es\/evento\/iovadoalmuseo-las-jornadas-de-entrada-gratuita-al-parque-arqueolgico-del-coliseo\/\" title=\"Read#iovadoalmuseo &#8211; Las jornadas de entrada gratuita al Parque Arqueol&oacute;gico del Coliseo\">&#8230; Read more &raquo;<\/a><\/p>\n","protected":false},"author":4,"featured_media":6381,"template":"","meta":[],"tags":[],"location_evento":[63,65,67],"tribe_events_cat":[70],"acf":[],"_links":{"self":[{"href":"https:\/\/colosseo.it\/es\/wp-json\/wp\/v2\/tribe_events\/6375"}],"collection":[{"href":"https:\/\/colosseo.it\/es\/wp-json\/wp\/v2\/tribe_events"}],"about":[{"href":"https:\/\/colosseo.it\/es\/wp-json\/wp\/v2\/types\/tribe_events"}],"author":[{"embeddable":true,"href":"https:\/\/colosseo.it\/es\/wp-json\/wp\/v2\/users\/4"}],"version-history":[{"count":3,"href":"https:\/\/colosseo.it\/es\/wp-json\/wp\/v2\/tribe_events\/6375\/revisions"}],"predecessor-version":[{"id":10930,"href":"https:\/\/colosseo.it\/es\/wp-json\/wp\/v2\/tribe_events\/6375\/revisions\/10930"}],"wp:featuredmedia":[{"embeddable":true,"href":"https:\/\/colosseo.it\/es\/wp-json\/wp\/v2\/media\/6381"}],"wp:attachment":[{"href":"https:\/\/colosseo.it\/es\/wp-json\/wp\/v2\/media?parent=6375"}],"wp:term":[{"taxonomy":"post_tag","embeddable":true,"href":"https:\/\/colosseo.it\/es\/wp-json\/wp\/v2\/tags?post=6375"},{"taxonomy":"location_evento","embeddable":true,"href":"https:\/\/colosseo.it\/es\/wp-json\/wp\/v2\/location_evento?post=6375"},{"taxonomy":"tribe_events_cat","embeddable":true,"href":"https:\/\/colosseo.it\/es\/wp-json\/wp\/v2\/tribe_events_cat?post=6375"}],"curies":[{"name":"wp","href":"https:\/\/api.w.org\/{rel}","templated":true}]}}

<p>En la web <a href="http://www.iovadoalmuseo.it">www.iovadoalmuseo.it</a> está disponible el <strong>calendario de las 8 jornadas de entrada gratuita al Parque Arqueológico del Coliseo</strong>: la primera está prevista para el jueves 9 de mayo, el Día de la memoria para las víctimas del terrorismo interno e internacional y de las masacres.</p>
<p><a href="https://colosseo.it/sito/wp-content/uploads/2019/04/Giornate-gratuite-2019-1.pdf">Jornadas gratuitas 2019</a></p>
<p><strong>Calendario de días con entrada gratuita 2019</strong></p>
<p><strong>Jueves 9 de mayo</strong> Día de la memoria para las víctimas del terrorismo interno e internacional y de las masacres de dicha matriz;</p>
<p><strong>Miércoles 5 de junio</strong> Día mundial del medio ambiente, establecido por las Naciones Unidas;</p>
<p><strong>Sábado 29 de junio</strong> San Pedro y San Pablo;</p>
<p><strong>Lunes 23 de septiembre</strong> Dies natalis Augusti;</p>
<p><strong>Viernes 4 de octubre</strong> Día de la paz, de la fraternidad y del diálogo entre quienes pertenecen a culturas y religiones distintas;</p>
<p><strong>Lunes 4 de noviembre</strong> Fiesta de la Unidad nacional;</p>
<p><strong>Jueves 21 de noviembre</strong> Día mundial de la filosofía;</p>
<p><strong>Miércoles 18 de diciembre</strong> Día internacional de los migrantes.</p>
<p><strong>Recordamos que en los días con entrada gratuita, los sitios incluidos en la ruta SUPER del Foro Romano-Palatino (Museo Palatino, Cryptoporticus Neroniano, Casa de Augusto, Casa de Livia, Loggia Mattei, Domus Transitoria, Santa María Antigua con Oratorio de los Cuarenta Mártires y Rampa Domizianea, Templo de Rómulo), el Ático y el Belvedere del Coliseo, así como la exposición «Roma Universalis» y la exposición permanente «El Coliseo se confiesa» permanecerán cerrados al público.</strong></p>

<p>En la web www.iovadoalmuseo.it está disponible el calendario de las 8 jornadas de entrada gratuita al Parque Arqueológico del Coliseo: la primera está prevista para el jueves 9 de mayo, el Día de la memoria para las víctimas del terrorismo interno e internacional y de las masacres. Jornadas gratuitas 2019 Calendario de días con entrada gratuita<a class="excerpt-read-more" href="https://colosseo.it/es/evento/iovadoalmuseo-las-jornadas-de-entrada-gratuita-al-parque-arqueolgico-del-coliseo/" title="Read#iovadoalmuseo &#8211; Las jornadas de entrada gratuita al Parque Arqueol&oacute;gico del Coliseo">&#8230; Read more &raquo;</a></p>
