	
    {"id":6411,"date":"2019-09-17T11:30:14","date_gmt":"2019-09-17T09:30:14","guid":{"rendered":"https:\/\/colosseo.it\/evento\/jornadas-de-arqueologa-en-europa-2019\/"},"modified":"2019-11-22T12:39:17","modified_gmt":"2019-11-22T11:39:17","slug":"jornadas-de-arqueologa-en-europa-2019","status":"publish","type":"tribe_events","link":"https:\/\/colosseo.it\/es\/evento\/jornadas-de-arqueologa-en-europa-2019\/","title":{"rendered":"Jornadas de Arqueolog&iacute;a en Europa 2019"},"content":{"rendered":"<p><strong>Del 14 al 16 de junio<\/strong> la<strong>Arqueolog\u00eda<\/strong> se convertir\u00e1 en protagonista de un evento a escala europea: con ocasi\u00f3n de su d\u00e9cima edici\u00f3n, las\u00a0<strong>Jornadas Nacionales de Arqueolog\u00eda<\/strong>, coordinadas por el <strong>INRAP<\/strong> (Instituto Nacional de Investigaciones Arqueol\u00f3gicas Preventivas) en <strong>Francia<\/strong>, se abren a <strong>Europa<\/strong> y el <strong>Parque Arqueol\u00f3gico del Coliseo<\/strong> ha contestado a la llamada.<\/p>\n<p>Tres d\u00edas de eventos extendidos por toda la zona arqueol\u00f3gica transformar\u00e1n el Parque en un gran taller de <strong>actividades did\u00e1cticas y experimentales<\/strong>, <strong>reconstrucciones hist\u00f3ricas<\/strong>, <strong>b\u00fasquedas del tesoro<\/strong>, <strong>visitas guiadas<\/strong> <strong>extraordinarias<\/strong>, acogiendo a adultos y ni\u00f1os en un emocionante viaje en el tiempo.\u00a0<strong>\u00a1Una cita imprescindible con la historia!<\/strong><\/p>\n<p>Los puestos, distribuidos entre el <strong>Foro Romano<\/strong>, a lo largo de las <em>tabernae<\/em> de la <strong>via Nova<\/strong>, en la <strong>Casa de Augusto<\/strong> y en el interior de los palacios imperiales del <strong>Palatino<\/strong>, nos permitir\u00e1n conocer de cerca la vida cotidiana de los antiguos romanos, en un itinerario que abarca desde la prehistoria hasta la \u00e9poca imperial.<\/p>\n<p><u>Para adultos y ni\u00f1os<\/u>: las demostraciones de arqueolog\u00eda experimental (con realizaci\u00f3n en vivo de manufacturas de la \u00e9poca prehist\u00f3rica, protohist\u00f3rica y romana), las reconstrucciones hist\u00f3ricas de la acu\u00f1aci\u00f3n de monedas y del ej\u00e9rcito romano, profundizaciones sobre la comida y los comercios en el Mediterr\u00e1neo antiguo, adem\u00e1s de las visitas guiadas extraordinarias en la Casa de Scauro en el Arco de Tito y el rosal en los Jardines Farnese, son gratuitas, no necesitan reserva y est\u00e1n incluidas en la <a href=\"http:\/\/bit.ly\/AcquistoBigliettoPArCo\">entrada normal al PArCo<\/a><\/p>\n<p><u>Para ni\u00f1os de 6 a 12 a\u00f1os<\/u>: los <a href=\"http:\/\/bit.ly\/PArCo_Lab\">talleres did\u00e1cticos<\/a> (<em>Construimos una lucerna romana<\/em> y <em>El fresco romano<\/em>) y las <a href=\"http:\/\/bit.ly\/PArCo_Caccia\">b\u00fasquedas del tesoro<\/a>\u00a0son gratis para el participante m\u00e1s un acompa\u00f1ante; se requieren reservas, hasta completar todas las plazas disponibles (m\u00e1ximo 15 ni\u00f1os; es posible registrarse para un solo taller).<\/p>\n<p>\u00a1Consulta el\u00a0<a href=\"https:\/\/colosseo.it\/sito\/wp-content\/uploads\/2019\/05\/Programma-Giornate-archeologia-2019-3.pdf\">Programa de las Jornadas de arqueolog\u00eda 2019<\/a> y disfruta de una cita con la historia!<\/p>\n<p>El evento se realiza en colaboraci\u00f3n con el Museo de Arqueolog\u00eda para Roma &#8211; APR; Cerealia &#8211; La fiesta de los cereales y Legio II Parthica Severiana Albana; Asociaci\u00f3n Paleoes &#8211; EXTAD y Luca Bedini<\/p>\n","protected":false},"excerpt":{"rendered":"<p>Las Jornadas europeas de Arqueolog&iacute;a del 14 al 16 de junio de 2019 en el Parque Arqueol&oacute;gico del Coliseo est&aacute;n abiertas a adultos y ni&ntilde;os y te esperan con visitas guiadas extraordinarias, reconstrucciones hist&oacute;ricas, b&uacute;squedas del tesoro y talleres educativos.<\/p>\n","protected":false},"author":10,"featured_media":6413,"template":"","meta":[],"tags":[],"location_evento":[65,67],"tribe_events_cat":[64],"acf":[],"_links":{"self":[{"href":"https:\/\/colosseo.it\/es\/wp-json\/wp\/v2\/tribe_events\/6411"}],"collection":[{"href":"https:\/\/colosseo.it\/es\/wp-json\/wp\/v2\/tribe_events"}],"about":[{"href":"https:\/\/colosseo.it\/es\/wp-json\/wp\/v2\/types\/tribe_events"}],"author":[{"embeddable":true,"href":"https:\/\/colosseo.it\/es\/wp-json\/wp\/v2\/users\/10"}],"version-history":[{"count":3,"href":"https:\/\/colosseo.it\/es\/wp-json\/wp\/v2\/tribe_events\/6411\/revisions"}],"predecessor-version":[{"id":10941,"href":"https:\/\/colosseo.it\/es\/wp-json\/wp\/v2\/tribe_events\/6411\/revisions\/10941"}],"wp:featuredmedia":[{"embeddable":true,"href":"https:\/\/colosseo.it\/es\/wp-json\/wp\/v2\/media\/6413"}],"wp:attachment":[{"href":"https:\/\/colosseo.it\/es\/wp-json\/wp\/v2\/media?parent=6411"}],"wp:term":[{"taxonomy":"post_tag","embeddable":true,"href":"https:\/\/colosseo.it\/es\/wp-json\/wp\/v2\/tags?post=6411"},{"taxonomy":"location_evento","embeddable":true,"href":"https:\/\/colosseo.it\/es\/wp-json\/wp\/v2\/location_evento?post=6411"},{"taxonomy":"tribe_events_cat","embeddable":true,"href":"https:\/\/colosseo.it\/es\/wp-json\/wp\/v2\/tribe_events_cat?post=6411"}],"curies":[{"name":"wp","href":"https:\/\/api.w.org\/{rel}","templated":true}]}}

<p><strong>Del 14 al 16 de junio</strong> la<strong>Arqueología</strong> se convertirá en protagonista de un evento a escala europea: con ocasión de su décima edición, las <strong>Jornadas Nacionales de Arqueología</strong>, coordinadas por el <strong>INRAP</strong> (Instituto Nacional de Investigaciones Arqueológicas Preventivas) en <strong>Francia</strong>, se abren a <strong>Europa</strong> y el <strong>Parque Arqueológico del Coliseo</strong> ha contestado a la llamada.</p>
<p>Tres días de eventos extendidos por toda la zona arqueológica transformarán el Parque en un gran taller de <strong>actividades didácticas y experimentales</strong>, <strong>reconstrucciones históricas</strong>, <strong>búsquedas del tesoro</strong>, <strong>visitas guiadas</strong> <strong>extraordinarias</strong>, acogiendo a adultos y niños en un emocionante viaje en el tiempo. <strong>¡Una cita imprescindible con la historia!</strong></p>
<p>Los puestos, distribuidos entre el <strong>Foro Romano</strong>, a lo largo de las <em>tabernae</em> de la <strong>via Nova</strong>, en la <strong>Casa de Augusto</strong> y en el interior de los palacios imperiales del <strong>Palatino</strong>, nos permitirán conocer de cerca la vida cotidiana de los antiguos romanos, en un itinerario que abarca desde la prehistoria hasta la época imperial.</p>
<p><u>Para adultos y niños</u>: las demostraciones de arqueología experimental (con realización en vivo de manufacturas de la época prehistórica, protohistórica y romana), las reconstrucciones históricas de la acuñación de monedas y del ejército romano, profundizaciones sobre la comida y los comercios en el Mediterráneo antiguo, además de las visitas guiadas extraordinarias en la Casa de Scauro en el Arco de Tito y el rosal en los Jardines Farnese, son gratuitas, no necesitan reserva y están incluidas en la <a href="http://bit.ly/AcquistoBigliettoPArCo">entrada normal al PArCo</a></p>
<p><u>Para niños de 6 a 12 años</u>: los <a href="http://bit.ly/PArCo_Lab">talleres didácticos</a> (<em>Construimos una lucerna romana</em> y <em>El fresco romano</em>) y las <a href="http://bit.ly/PArCo_Caccia">búsquedas del tesoro</a> son gratis para el participante más un acompañante; se requieren reservas, hasta completar todas las plazas disponibles (máximo 15 niños; es posible registrarse para un solo taller).</p>
<p>¡Consulta el <a href="https://colosseo.it/sito/wp-content/uploads/2019/05/Programma-Giornate-archeologia-2019-3.pdf">Programa de las Jornadas de arqueología 2019</a> y disfruta de una cita con la historia!</p>
<p>El evento se realiza en colaboración con el Museo de Arqueología para Roma &#8211; APR; Cerealia &#8211; La fiesta de los cereales y Legio II Parthica Severiana Albana; Asociación Paleoes &#8211; EXTAD y Luca Bedini</p>
