	
    {"id":6425,"date":"2019-09-17T11:30:20","date_gmt":"2019-09-17T09:30:20","guid":{"rendered":"https:\/\/colosseo.it\/evento\/la-25a-fiesta-de-la-msica-msica-fuera-del-centro-21-de-junio-de-2019\/"},"modified":"2019-11-22T12:38:08","modified_gmt":"2019-11-22T11:38:08","slug":"la-25a-fiesta-de-la-msica-msica-fuera-del-centro-21-de-junio-de-2019","status":"publish","type":"tribe_events","link":"https:\/\/colosseo.it\/es\/evento\/la-25a-fiesta-de-la-msica-msica-fuera-del-centro-21-de-junio-de-2019\/","title":{"rendered":"La 25\u00aa Fiesta de la M&uacute;sica &#8211; M&uacute;sica fuera del centro &#8211; 21 de junio de 2019"},"content":{"rendered":"<p>Con ocasi\u00f3n de la 25\u00aa Fiesta de la M\u00fasica &#8211; M\u00fasica fuera del centro, la Lydian Sound Orchestra, elegido grupo italiano del a\u00f1o por los cr\u00edticos del Top Jazz, presenta en primicia absoluta el proyecto \u00abMar 1519\u00bb, una experiencia sonora que nos lleva al primer viaje alrededor del mundo de Magallanes.<\/p>\n<p>El concierto se celebrar\u00e1 en la Bas\u00edlica de Majencio, a partir de las 21:00.<\/p>\n<p>La entrada, gratuita, ser\u00e1 desde el Clivo de Venere Felice (Via de los Foros Imperiales) previa recogida del billete entre las 20:15 y las 21:00 en las taquillas de la Plaza del Coliseo.<\/p>\n<p>El acceso est\u00e1 garantizado hasta las 21:30 horas.<\/p>\n<div align=\"left\"><a href=\"https:\/\/colosseo.it\/sito\/wp-content\/uploads\/2019\/06\/invito-Festa-Musica-2019.pdf\">invitaci\u00f3n Fiesta de la M\u00fasica 2019<\/a><\/div>\n","protected":false},"excerpt":{"rendered":"<p>La Fiesta de la M&uacute;sica en Majencio el 21 de junio de 2019 a las 21:00 horas.<\/p>\n","protected":false},"author":4,"featured_media":6427,"template":"","meta":[],"tags":[],"location_evento":[67,115],"tribe_events_cat":[64],"acf":[],"_links":{"self":[{"href":"https:\/\/colosseo.it\/es\/wp-json\/wp\/v2\/tribe_events\/6425"}],"collection":[{"href":"https:\/\/colosseo.it\/es\/wp-json\/wp\/v2\/tribe_events"}],"about":[{"href":"https:\/\/colosseo.it\/es\/wp-json\/wp\/v2\/types\/tribe_events"}],"author":[{"embeddable":true,"href":"https:\/\/colosseo.it\/es\/wp-json\/wp\/v2\/users\/4"}],"version-history":[{"count":3,"href":"https:\/\/colosseo.it\/es\/wp-json\/wp\/v2\/tribe_events\/6425\/revisions"}],"predecessor-version":[{"id":10939,"href":"https:\/\/colosseo.it\/es\/wp-json\/wp\/v2\/tribe_events\/6425\/revisions\/10939"}],"wp:featuredmedia":[{"embeddable":true,"href":"https:\/\/colosseo.it\/es\/wp-json\/wp\/v2\/media\/6427"}],"wp:attachment":[{"href":"https:\/\/colosseo.it\/es\/wp-json\/wp\/v2\/media?parent=6425"}],"wp:term":[{"taxonomy":"post_tag","embeddable":true,"href":"https:\/\/colosseo.it\/es\/wp-json\/wp\/v2\/tags?post=6425"},{"taxonomy":"location_evento","embeddable":true,"href":"https:\/\/colosseo.it\/es\/wp-json\/wp\/v2\/location_evento?post=6425"},{"taxonomy":"tribe_events_cat","embeddable":true,"href":"https:\/\/colosseo.it\/es\/wp-json\/wp\/v2\/tribe_events_cat?post=6425"}],"curies":[{"name":"wp","href":"https:\/\/api.w.org\/{rel}","templated":true}]}}

La 25ª Fiesta de la M&uacute;sica &#8211; M&uacute;sica fuera del centro &#8211; 21 de junio de 2019

<p>Con ocasión de la 25ª Fiesta de la Música &#8211; Música fuera del centro, la Lydian Sound Orchestra, elegido grupo italiano del año por los críticos del Top Jazz, presenta en primicia absoluta el proyecto «Mar 1519», una experiencia sonora que nos lleva al primer viaje alrededor del mundo de Magallanes.</p>
<p>El concierto se celebrará en la Basílica de Majencio, a partir de las 21:00.</p>
<p>La entrada, gratuita, será desde el Clivo de Venere Felice (Via de los Foros Imperiales) previa recogida del billete entre las 20:15 y las 21:00 en las taquillas de la Plaza del Coliseo.</p>
<p>El acceso está garantizado hasta las 21:30 horas.</p>
<div align="left"><a href="https://colosseo.it/sito/wp-content/uploads/2019/06/invito-Festa-Musica-2019.pdf">invitación Fiesta de la Música 2019</a></div>
