	
    {"id":6440,"date":"2019-09-17T11:30:26","date_gmt":"2019-09-17T09:30:26","guid":{"rendered":"https:\/\/colosseo.it\/evento\/kronos-y-kairos-los-tiempos-del-arte-contemporneo-en-el-palatino-del-19-de-julio-al-3-de-noviembre\/"},"modified":"2019-11-22T12:36:05","modified_gmt":"2019-11-22T11:36:05","slug":"kronos-y-kairos-los-tiempos-del-arte-contemporneo-en-el-palatino-del-19-de-julio-al-3-de-noviembre","status":"publish","type":"tribe_events","link":"https:\/\/colosseo.it\/es\/evento\/kronos-y-kairos-los-tiempos-del-arte-contemporneo-en-el-palatino-del-19-de-julio-al-3-de-noviembre\/","title":{"rendered":"KRONOS Y KAIROS &#8211; Los tiempos del arte contempor&aacute;neo &#8211; en el Palatino del 19 de julio al 3 de noviembre"},"content":{"rendered":"<p>Comienza el 19 de julio <strong>Kronos y Kairos<\/strong>, la exposici\u00f3n que renueva la cita con el arte contempor\u00e1neo en los espacios monumentales del Palatino, hasta el 3 de noviembre.<br \/>\nSi Kronos es el tiempo que pasa, Kairos es el momento oportuno, en el que algo en particular sucede. Esta doble definici\u00f3n crea un v\u00ednculo, pero tambi\u00e9n un contraste, entre el tiempo como cantidad, Kronos, y el tiempo como calidad, Kairos, a lo largo de una dimensi\u00f3n hist\u00f3rica, narrada en el Palatino, a trav\u00e9s de las 15 obras de los artistas italianos e internacionales invitados a participar.<br \/>\nLa exposici\u00f3n sugiere una visi\u00f3n de lo contempor\u00e1neo que dialoga con el patrimonio hist\u00f3rico, mostrando la continuidad y la estratificaci\u00f3n que caracterizan la riqueza y singularidad del Parque Arqueol\u00f3gico del Coliseo.<br \/>\nLas obras seleccionadas, que incluyen audiovisuales e instalaciones, se combinan con los escenarios de los palacios imperiales; lo antiguo y lo contempor\u00e1neo se apoyan y se acogen mutuamente, abriendo la puerta a una relaci\u00f3n continua entre el mundo de ayer y el de hoy.<br \/>\nEl equilibrio, la relaci\u00f3n entre la historia y la naturaleza, la memoria y la sedimentaci\u00f3n, as\u00ed como el envejecimiento y la conservaci\u00f3n son los temas que unen a los 15 artistas en la exposici\u00f3n: Nina Beier &#8211; Catherine Biocca &#8211; Fabrizio Cotognini &#8211; Dario D\u2019Aronco &#8211; R\u00e4 di Martino &#8211; Jimmie Durham &#8211; Kasia Fudakowski &#8211; Giuseppe Gabellone &#8211; Hans Josephsohn &#8211; Oliver Laric &#8211; Cristina Lucas &#8211; Matt Mullican &#8211; Hans Op De Beeck &#8211; Giovanni Ozzola &#8211; Fernando S\u00e1nchez Castillo<\/p>\n<p>A cargo de Lorenzo Benedetti<\/p>\n<p>Promovido por<br \/>\nel Parque Arqueol\u00f3gico del Coliseo, con la organizaci\u00f3n de Electa.<\/p>\n<p>Realizada con la coordinaci\u00f3n cient\u00edfica de la Direcci\u00f3n General de Arte y Arquitectura contempor\u00e1neos y Suburbios urbanos.<\/p>\n","protected":false},"excerpt":{"rendered":"<p>Comienza el 19 de julio Kronos y Kairos, la exposici\u00f3n que renueva la cita con el arte contempor\u00e1neo en los espacios monumentales del Palatino, hasta el 3 de noviembre. Si Kronos es el tiempo que pasa, Kairos es el momento oportuno, en el que algo en particular sucede. Esta doble definici\u00f3n crea un v\u00ednculo, pero<a class=\"excerpt-read-more\" href=\"https:\/\/colosseo.it\/es\/evento\/kronos-y-kairos-los-tiempos-del-arte-contemporneo-en-el-palatino-del-19-de-julio-al-3-de-noviembre\/\" title=\"ReadKRONOS Y KAIROS &#8211; Los tiempos del arte contempor&aacute;neo &#8211; en el Palatino del 19 de julio al 3 de noviembre\">&#8230; Read more &raquo;<\/a><\/p>\n","protected":false},"author":4,"featured_media":0,"template":"","meta":[],"tags":[],"location_evento":[65],"tribe_events_cat":[66],"acf":[],"_links":{"self":[{"href":"https:\/\/colosseo.it\/es\/wp-json\/wp\/v2\/tribe_events\/6440"}],"collection":[{"href":"https:\/\/colosseo.it\/es\/wp-json\/wp\/v2\/tribe_events"}],"about":[{"href":"https:\/\/colosseo.it\/es\/wp-json\/wp\/v2\/types\/tribe_events"}],"author":[{"embeddable":true,"href":"https:\/\/colosseo.it\/es\/wp-json\/wp\/v2\/users\/4"}],"version-history":[{"count":4,"href":"https:\/\/colosseo.it\/es\/wp-json\/wp\/v2\/tribe_events\/6440\/revisions"}],"predecessor-version":[{"id":10935,"href":"https:\/\/colosseo.it\/es\/wp-json\/wp\/v2\/tribe_events\/6440\/revisions\/10935"}],"wp:attachment":[{"href":"https:\/\/colosseo.it\/es\/wp-json\/wp\/v2\/media?parent=6440"}],"wp:term":[{"taxonomy":"post_tag","embeddable":true,"href":"https:\/\/colosseo.it\/es\/wp-json\/wp\/v2\/tags?post=6440"},{"taxonomy":"location_evento","embeddable":true,"href":"https:\/\/colosseo.it\/es\/wp-json\/wp\/v2\/location_evento?post=6440"},{"taxonomy":"tribe_events_cat","embeddable":true,"href":"https:\/\/colosseo.it\/es\/wp-json\/wp\/v2\/tribe_events_cat?post=6440"}],"curies":[{"name":"wp","href":"https:\/\/api.w.org\/{rel}","templated":true}]}}

<p>Comienza el 19 de julio <strong>Kronos y Kairos</strong>, la exposición que renueva la cita con el arte contemporáneo en los espacios monumentales del Palatino, hasta el 3 de noviembre.<br />
Si Kronos es el tiempo que pasa, Kairos es el momento oportuno, en el que algo en particular sucede. Esta doble definición crea un vínculo, pero también un contraste, entre el tiempo como cantidad, Kronos, y el tiempo como calidad, Kairos, a lo largo de una dimensión histórica, narrada en el Palatino, a través de las 15 obras de los artistas italianos e internacionales invitados a participar.<br />
La exposición sugiere una visión de lo contemporáneo que dialoga con el patrimonio histórico, mostrando la continuidad y la estratificación que caracterizan la riqueza y singularidad del Parque Arqueológico del Coliseo.<br />
Las obras seleccionadas, que incluyen audiovisuales e instalaciones, se combinan con los escenarios de los palacios imperiales; lo antiguo y lo contemporáneo se apoyan y se acogen mutuamente, abriendo la puerta a una relación continua entre el mundo de ayer y el de hoy.<br />
El equilibrio, la relación entre la historia y la naturaleza, la memoria y la sedimentación, así como el envejecimiento y la conservación son los temas que unen a los 15 artistas en la exposición: Nina Beier &#8211; Catherine Biocca &#8211; Fabrizio Cotognini &#8211; Dario D’Aronco &#8211; Rä di Martino &#8211; Jimmie Durham &#8211; Kasia Fudakowski &#8211; Giuseppe Gabellone &#8211; Hans Josephsohn &#8211; Oliver Laric &#8211; Cristina Lucas &#8211; Matt Mullican &#8211; Hans Op De Beeck &#8211; Giovanni Ozzola &#8211; Fernando Sánchez Castillo</p>
<p>A cargo de Lorenzo Benedetti</p>
<p>Promovido por<br />
el Parque Arqueológico del Coliseo, con la organización de Electa.</p>
<p>Realizada con la coordinación científica de la Dirección General de Arte y Arquitectura contemporáneos y Suburbios urbanos.</p>

<p>Comienza el 19 de julio Kronos y Kairos, la exposición que renueva la cita con el arte contemporáneo en los espacios monumentales del Palatino, hasta el 3 de noviembre. Si Kronos es el tiempo que pasa, Kairos es el momento oportuno, en el que algo en particular sucede. Esta doble definición crea un vínculo, pero<a class="excerpt-read-more" href="https://colosseo.it/es/evento/kronos-y-kairos-los-tiempos-del-arte-contemporneo-en-el-palatino-del-19-de-julio-al-3-de-noviembre/" title="ReadKRONOS Y KAIROS &#8211; Los tiempos del arte contempor&aacute;neo &#8211; en el Palatino del 19 de julio al 3 de noviembre">&#8230; Read more &raquo;</a></p>
